-- https://www.phpmyadmin.net/
--

START TRANSACTION;



--
-- Database: `balyomhost_fulath`
--

-- --------------------------------------------------------

--
-- Table structure for table `articles`
--

CREATE TABLE `articles` (
  `id` bigint UNSIGNED NOT NULL,
  `image` varchar(250) DEFAULT NULL,
  `card` text CHARACTER SET utf8mb3 COLLATE utf8mb3_general_ci,
  `visit_counts` bigint DEFAULT NULL,
  `deleted_at` timestamp NULL DEFAULT NULL,
  `created_at` timestamp NULL DEFAULT NULL,
  `updated_at` timestamp NULL DEFAULT NULL
) ENGINE=InnoDB DEFAULT CHARSET=utf8mb3;

--
-- Dumping data for table `articles`
--

INSERT INTO `articles` (`id`, `image`, `card`, `visit_counts`, `deleted_at`, `created_at`, `updated_at`) VALUES
(1, 'assets/web/images/blog-2.png', NULL, 68, '2022-10-26 12:43:48', '2022-05-01 22:47:34', '2022-10-26 12:43:48'),
(2, 'assets/web/images/blog-2.png', NULL, 652, '2022-10-26 12:43:51', '2022-05-01 22:47:34', '2022-10-26 12:43:51'),
(3, 'assets/web/images/blog-1.png', '/uploads/images/PIC/6278c5b8d7200.jpg', 875, NULL, '2022-05-01 22:47:34', '2023-03-26 11:22:37'),
(4, '/uploads/images/63f35c0851c58.jpg', '/uploads/images/Events/634ea169aca21.png', 727, NULL, '2022-05-01 22:47:34', '2023-03-26 11:22:14'),
(5, '/uploads/images/641c4408eb82b.jpg', '/uploads/images/641c4408eb82b.jpg', 853, NULL, '2022-05-01 22:47:34', '2023-03-26 11:27:34');

-- --------------------------------------------------------

--
-- Table structure for table `article_descriptions`
--

CREATE TABLE `article_descriptions` (
  `id` bigint UNSIGNED NOT NULL,
  `title` varchar(191) DEFAULT NULL,
  `rating` varchar(191) DEFAULT NULL,
  `description` longtext,
  `slug` varchar(100) DEFAULT NULL,
  `meta_description` text NOT NULL,
  `keywords` varchar(400) NOT NULL,
  `article_id` bigint UNSIGNED DEFAULT NULL,
  `language_id` bigint UNSIGNED DEFAULT NULL
) ENGINE=InnoDB DEFAULT CHARSET=utf8mb3;

--
-- Dumping data for table `article_descriptions`
--

INSERT INTO `article_descriptions` (`id`, `title`, `rating`, `description`, `slug`, `meta_description`, `keywords`, `article_id`, `language_id`) VALUES
(13, 'عنوان الخبر هنا', 'تصنيف الخبر هنا', '<p>مصنع الفولاذ الحديث هو أحد المصانع المعروفة بالجودة العالية و الإعتمادية، بالإضافة إلى الكميات العالية من الإنتاجية</p>', 'الفولاذ', 'الفولاذ', 'الفولاذ', 1, 1),
(14, 'News title here', 'News rating here', '<p>Modern Steel Factory is one of the factories known for its high quality and reliability, in addition to the high amounts of productivity</p>', 'Fulath', 'Fulath', 'Fulath', 1, 2),
(21, 'عنوان الخبر هنا', 'تصنيف الخبر هنا', '<p>مصنع الفولاذ الحديث هو أحد المصانع المعروفة بالجودة العالية و الإعتمادية، بالإضافة إلى الكميات العالية من الإنتاجية</p>', 'الفولاذ 5', 'الفولاذ 5', 'الفولاذ 5', 2, 1),
(22, 'News title here', 'News rating here', '<p>Modern Steel Factory is one of the factories known for its high quality and reliability, in addition to the high amounts of productivity</p>', 'Fulath 5', 'Fulath 5', 'Fulath 5', 2, 2),
(57, 'المعرض السعودي الدولي للحديد والصلب', 'معرض الحديد والصلب', '<p>أكبر تجمع لرواد الحديد في الممكلة&nbsp;</p>', 'Steel Event', 'Steel', 'Steel', 4, 1),
(58, 'Saudi International Iron and Steel Exhibition', 'Iron and Steel', '<pre id=\"tw-target-text\" class=\"tw-data-text tw-text-large tw-ta\" dir=\"ltr\" data-placeholder=\"الترجمة\"><span class=\"Y2IQFc\" lang=\"en\">The largest in the Kingdom of Saudi Arabia &middot;</span></pre>', 'Iron and Steel', 'Iron and Steel', 'Iron and Steel', 4, 2),
(59, 'عنوان الخبر هنا', 'تصنيف الخبر هنا', '<p>مصنع الفولاذ الحديث هو أحد المصانع المعروفة بالجودة العالية و الإعتمادية، بالإضافة إلى الكميات العالية من الإنتاجية</p>', 'الفولاذ 4', 'الفولاذ 4', 'الفولاذ 4', 3, 1),
(60, 'News title here', 'News rating here', '<p>Modern Steel Factory is one of the factories known for its high quality and reliability, in addition to the high amounts of productivity</p>', 'Fulath 4', 'Fulath 4', 'Fulath 4', 3, 2),
(61, 'حضور مؤتمر ليب 23', 'تقني', '<p>مؤتمر ليب في نسخته الثانية، وذلك خلال الفترة من 6-9 فبراير لعام 2023، يتيح لك مقابلة أكثر من 100,000 مبتكر تقني وخبير من جميع انحاء العالم لاكتشاف الأفكار الخلّاقة والرائدة، وبناء شراكات جديدة، إلى جانب التواصل مع المستثمرين والملهمين في #ليب23، والتحليق نحو عوالم جديدة لبناء مستقبل أكثر ابتكارًا.&nbsp;</p>', 'https://www.onegiantleap.com/en/home.html', 'مصنع الفولاذ', 'مصنع الفولاذ', 5, 1),
(62, 'Attend a Leap 23 conference', 'Attend a Leap 23 conference', '<p>LEAP is finally here: if you&rsquo;re in tech, you need to be there.&nbsp;</p>\r\n<p>Join us on 6-9 February 2023 for #LEAP23. Get together with 100,000+ tech innovators and leading experts from around the world to discover new ideas, build new partnerships, and connect with inspiring mentors and investors. LEAP in &ndash; and tap into the limitless potential of tech to build a positive future.</p>', 'Fulath 2', 'Fulath 2', 'Fulath 2', 5, 2);

-- --------------------------------------------------------

--
-- Table structure for table `article_photos`
--

CREATE TABLE `article_photos` (
  `id` bigint UNSIGNED NOT NULL,
  `image` varchar(250) DEFAULT NULL,
  `article_id` bigint UNSIGNED DEFAULT NULL
) ENGINE=InnoDB DEFAULT CHARSET=utf8mb3;

-- --------------------------------------------------------

--
-- Table structure for table `banks`
--

CREATE TABLE `banks` (
  `id` bigint UNSIGNED NOT NULL,
  `image` varchar(200) NOT NULL,
  `url` varchar(200) DEFAULT NULL,
  `deleted_at` timestamp NULL DEFAULT NULL,
  `created_at` timestamp NULL DEFAULT NULL,
  `updated_at` timestamp NULL DEFAULT NULL
) ENGINE=InnoDB DEFAULT CHARSET=utf8mb3;

--
-- Dumping data for table `banks`
--

INSERT INTO `banks` (`id`, `image`, `url`, `deleted_at`, `created_at`, `updated_at`) VALUES
(1, '/uploads/images/63f5d4ac74d5f.jpg', 'https://fulath.b.alyomhost.org/ar', NULL, '2022-05-01 22:47:32', '2023-02-22 08:39:44'),
(2, '/uploads/images/63f5d27f9ed24.jpeg', 'https://fulath.b.alyomhost.org/ar', NULL, '2022-05-01 22:47:32', '2023-02-22 08:30:38'),
(3, '/uploads/images/63f5d233365d2.png', 'https://fulath.b.alyomhost.net/ar', NULL, '2022-05-01 22:47:32', '2023-02-22 08:28:45'),
(4, 'assets/web/images/partners-4.png', 'https:google.com', '2022-10-26 11:08:48', '2022-05-01 22:47:32', '2022-10-26 11:08:48'),
(5, 'assets/web/images/partners-2.png', 'https:google.com', '2022-10-26 11:08:53', '2022-05-01 22:47:32', '2022-10-26 11:08:53'),
(6, '/uploads/images/63f5d1fe4588d.png', 'https://fulath.b.alyomhost.net/ar', NULL, '2022-05-01 22:47:33', '2023-02-22 08:28:01'),
(7, '/uploads/images/ourprojects/633e9fba586c4.jpeg', 'https://google.com', '2022-10-26 11:08:41', '2022-05-01 22:47:33', '2022-10-26 11:08:41'),
(8, '/uploads/images/641ed9e6f05ed.jpg', 'https://fulath.b.alyomhost.org/ar', NULL, '2023-03-25 11:14:40', '2023-03-25 11:24:35');

-- --------------------------------------------------------

--
-- Table structure for table `bank_descriptions`
--

CREATE TABLE `bank_descriptions` (
  `id` bigint UNSIGNED NOT NULL,
  `name` varchar(100) NOT NULL,
  `bank_id` bigint UNSIGNED NOT NULL,
  `language_id` bigint UNSIGNED NOT NULL
) ENGINE=InnoDB DEFAULT CHARSET=utf8mb3;

-- --------------------------------------------------------

--
-- Table structure for table `countries`
--

CREATE TABLE `countries` (
  `id` bigint UNSIGNED NOT NULL,
  `call_code` varchar(6) DEFAULT NULL,
  `code` varchar(3) DEFAULT NULL,
  `iso_code` varchar(5) DEFAULT NULL,
  `status` tinyint(1) DEFAULT '0',
  `image` varchar(200) DEFAULT NULL,
  `created_at` timestamp NULL DEFAULT NULL,
  `updated_at` timestamp NULL DEFAULT NULL,
  `deleted_at` timestamp NULL DEFAULT NULL
) ENGINE=InnoDB DEFAULT CHARSET=utf8mb3;

--
-- Dumping data for table `countries`
--

INSERT INTO `countries` (`id`, `call_code`, `code`, `iso_code`, `status`, `image`, `created_at`, `updated_at`, `deleted_at`) VALUES
(1, '376', 'AD', 'AND', 0, NULL, '2022-01-09 08:48:10', '2022-01-09 08:48:10', NULL),
(2, '971', 'AE', 'ARE', 1, NULL, '2022-01-09 08:48:10', '2022-01-16 16:14:13', NULL),
(3, '93', 'AF', 'AFG', 0, NULL, '2022-01-09 08:48:10', '2022-01-09 08:48:10', NULL),
(4, '1', 'AG', 'ATG', 0, NULL, '2022-01-09 08:48:10', '2022-01-09 08:48:10', NULL),
(5, '1', 'AI', 'AIA', 0, NULL, '2022-01-09 08:48:10', '2022-01-09 08:48:10', NULL),
(6, '355', 'AL', 'ALB', 0, NULL, '2022-01-09 08:48:10', '2022-01-09 08:48:10', NULL),
(7, '374', 'AM', 'ARM', 0, NULL, '2022-01-09 08:48:10', '2022-01-09 08:48:10', NULL),
(8, '599', 'AN', 'ANT', 0, NULL, '2022-01-09 08:48:10', '2022-01-09 08:48:10', NULL),
(9, '244', 'AO', 'AGO', 0, NULL, '2022-01-09 08:48:10', '2022-01-09 08:48:10', NULL),
(10, '54', 'AR', 'ARG', 0, NULL, '2022-01-09 08:48:10', '2022-01-09 08:48:10', NULL),
(11, '1', 'AS', 'ASM', 0, NULL, '2022-01-09 08:48:11', '2022-01-09 08:48:11', NULL),
(12, '43', 'AT', 'AUT', 0, NULL, '2022-01-09 08:48:11', '2022-01-09 08:48:11', NULL),
(13, '61', 'AU', 'AUS', 0, NULL, '2022-01-09 08:48:11', '2022-01-09 08:48:11', NULL),
(14, '297', 'AW', 'ABW', 0, NULL, '2022-01-09 08:48:11', '2022-01-09 08:48:11', NULL),
(15, '994', 'AZ', 'AZE', 0, NULL, '2022-01-09 08:48:11', '2022-01-09 08:48:11', NULL),
(16, '387', 'BA', 'BIH', 0, NULL, '2022-01-09 08:48:11', '2022-01-09 08:48:11', NULL),
(17, '1', 'BB', 'BRB', 0, NULL, '2022-01-09 08:48:11', '2022-01-09 08:48:11', NULL),
(18, '880', 'BD', 'BGD', 0, NULL, '2022-01-09 08:48:11', '2022-01-09 08:48:11', NULL),
(19, '32', 'BE', 'BEL', 0, NULL, '2022-01-09 08:48:12', '2022-01-09 08:48:12', NULL),
(20, '226', 'BF', 'BFA', 0, NULL, '2022-01-09 08:48:12', '2022-01-09 08:48:12', NULL),
(21, '359', 'BG', 'BGR', 0, NULL, '2022-01-09 08:48:12', '2022-01-09 08:48:12', NULL),
(22, '973', 'BH', 'BHR', 1, NULL, '2022-01-09 08:48:12', '2022-01-16 16:14:03', NULL),
(23, '257', 'BI', 'BDI', 0, NULL, '2022-01-09 08:48:12', '2022-01-09 08:48:12', NULL),
(24, '229', 'BJ', 'BEN', 0, NULL, '2022-01-09 08:48:12', '2022-01-09 08:48:12', NULL),
(25, '1', 'BM', 'BMU', 0, NULL, '2022-01-09 08:48:12', '2022-01-09 08:48:12', NULL),
(26, '673', 'BN', 'BRN', 0, NULL, '2022-01-09 08:48:12', '2022-01-09 08:48:12', NULL),
(27, '591', 'BO', 'BOL', 0, NULL, '2022-01-09 08:48:12', '2022-01-09 08:48:12', NULL),
(28, '55', 'BR', 'BRA', 0, NULL, '2022-01-09 08:48:12', '2022-01-09 08:48:12', NULL),
(29, '1', 'BS', 'BHS', 0, NULL, '2022-01-09 08:48:13', '2022-01-09 08:48:13', NULL),
(30, '975', 'BT', 'BTN', 0, NULL, '2022-01-09 08:48:13', '2022-01-09 08:48:13', NULL),
(31, '267', 'BW', 'BWA', 0, NULL, '2022-01-09 08:48:13', '2022-01-09 08:48:13', NULL),
(32, '375', 'BY', 'BLR', 0, NULL, '2022-01-09 08:48:13', '2022-01-09 08:48:13', NULL),
(33, '501', 'BZ', 'BLZ', 0, NULL, '2022-01-09 08:48:13', '2022-01-09 08:48:13', NULL),
(34, '1', 'CA', 'CAN', 0, NULL, '2022-01-09 08:48:13', '2022-01-09 08:48:13', NULL),
(35, '61', 'CC', 'CCK', 0, NULL, '2022-01-09 08:48:13', '2022-01-09 08:48:13', NULL),
(36, '243', 'CD', 'COD', 0, NULL, '2022-01-09 08:48:13', '2022-01-09 08:48:13', NULL),
(37, '236', 'CF', 'CAF', 0, NULL, '2022-01-09 08:48:13', '2022-01-09 08:48:13', NULL),
(38, '242', 'CG', 'COG', 0, NULL, '2022-01-09 08:48:13', '2022-01-09 08:48:13', NULL),
(39, '41', 'CH', 'CHE', 0, NULL, '2022-01-09 08:48:14', '2022-01-09 08:48:14', NULL),
(40, '225', 'CI', 'CIV', 0, NULL, '2022-01-09 08:48:14', '2022-01-09 08:48:14', NULL),
(41, '682', 'CK', 'COK', 0, NULL, '2022-01-09 08:48:14', '2022-01-09 08:48:14', NULL),
(42, '56', 'CL', 'CHL', 0, NULL, '2022-01-09 08:48:14', '2022-01-09 08:48:14', NULL),
(43, '237', 'CM', 'CMR', 0, NULL, '2022-01-09 08:48:14', '2022-01-09 08:48:14', NULL),
(44, '86', 'CN', 'CHN', 0, NULL, '2022-01-09 08:48:14', '2022-01-09 08:48:14', NULL),
(45, '57', 'CO', 'COL', 0, NULL, '2022-01-09 08:48:14', '2022-01-09 08:48:14', NULL),
(46, '506', 'CR', 'CRI', 0, NULL, '2022-01-09 08:48:14', '2022-01-09 08:48:14', NULL),
(47, '53', 'CU', 'CUB', 0, NULL, '2022-01-09 08:48:14', '2022-01-09 08:48:14', NULL),
(48, '238', 'CV', 'CPV', 0, NULL, '2022-01-09 08:48:15', '2022-01-09 08:48:15', NULL),
(49, '61', 'CX', 'CXR', 0, NULL, '2022-01-09 08:48:15', '2022-01-09 08:48:15', NULL),
(50, '357', 'CY', 'CYP', 0, NULL, '2022-01-09 08:48:15', '2022-01-09 08:48:15', NULL),
(51, '420', 'CZ', 'CZE', 0, NULL, '2022-01-09 08:48:15', '2022-01-09 08:48:15', NULL),
(52, '49', 'DE', 'DEU', 0, NULL, '2022-01-09 08:48:15', '2022-01-09 08:48:15', NULL),
(53, '253', 'DJ', 'DJI', 0, NULL, '2022-01-09 08:48:15', '2022-01-09 08:48:15', NULL),
(54, '45', 'DK', 'DNK', 0, NULL, '2022-01-09 08:48:15', '2022-01-09 08:48:15', NULL),
(55, '1', 'DM', 'DMA', 0, NULL, '2022-01-09 08:48:15', '2022-01-09 08:48:15', NULL),
(56, '1', 'DO', 'DOM', 0, NULL, '2022-01-09 08:48:15', '2022-01-09 08:48:15', NULL),
(57, '213', 'DZ', 'DZA', 0, NULL, '2022-01-09 08:48:15', '2022-01-09 08:48:15', NULL),
(58, '593', 'EC', 'ECU', 0, NULL, '2022-01-09 08:48:15', '2022-01-09 08:48:15', NULL),
(59, '372', 'EE', 'EST', 0, NULL, '2022-01-09 08:48:15', '2022-01-09 08:48:15', NULL),
(60, '20', 'EG', 'EGY', 0, NULL, '2022-01-09 08:48:16', '2022-01-09 08:48:16', NULL),
(61, '212', 'EH', 'ESH', 0, NULL, '2022-01-09 08:48:16', '2022-01-09 08:48:16', NULL),
(62, '291', 'ER', 'ERI', 0, NULL, '2022-01-09 08:48:16', '2022-01-09 08:48:16', NULL),
(63, '34', 'ES', 'ESP', 0, NULL, '2022-01-09 08:48:16', '2022-01-09 08:48:16', NULL),
(64, '251', 'ET', 'ETH', 0, NULL, '2022-01-09 08:48:16', '2022-01-09 08:48:16', NULL),
(65, '358', 'FI', 'FIN', 0, NULL, '2022-01-09 08:48:16', '2022-01-09 08:48:16', NULL),
(66, '679', 'FJ', 'FJI', 0, NULL, '2022-01-09 08:48:16', '2022-01-09 08:48:16', NULL),
(67, '500', 'FK', 'FLK', 0, NULL, '2022-01-09 08:48:16', '2022-01-09 08:48:16', NULL),
(68, '691', 'FM', 'FSM', 0, NULL, '2022-01-09 08:48:17', '2022-01-09 08:48:17', NULL),
(69, '298', 'FO', 'FRO', 0, NULL, '2022-01-09 08:48:17', '2022-01-09 08:48:17', NULL),
(70, '33', 'FR', 'FRA', 0, NULL, '2022-01-09 08:48:17', '2022-01-09 08:48:17', NULL),
(71, '241', 'GA', 'GAB', 0, NULL, '2022-01-09 08:48:17', '2022-01-09 08:48:17', NULL),
(72, '44', 'GB', 'GBR', 0, NULL, '2022-01-09 08:48:17', '2022-01-09 08:48:17', NULL),
(73, '1', 'GD', 'GRD', 0, NULL, '2022-01-09 08:48:17', '2022-01-09 08:48:17', NULL),
(74, '995', 'GE', 'GEO', 0, NULL, '2022-01-09 08:48:17', '2022-01-09 08:48:17', NULL),
(75, '594', 'GF', 'GUF', 0, NULL, '2022-01-09 08:48:17', '2022-01-09 08:48:17', NULL),
(76, '233', 'GH', 'GHA', 0, NULL, '2022-01-09 08:48:17', '2022-01-09 08:48:17', NULL),
(77, '350', 'GI', 'GIB', 0, NULL, '2022-01-09 08:48:17', '2022-01-09 08:48:17', NULL),
(78, '299', 'GL', 'GRL', 0, NULL, '2022-01-09 08:48:17', '2022-01-09 08:48:17', NULL),
(79, '220', 'GM', 'GMB', 0, NULL, '2022-01-09 08:48:18', '2022-01-09 08:48:18', NULL),
(80, '224', 'GN', 'GIN', 0, NULL, '2022-01-09 08:48:18', '2022-01-09 08:48:18', NULL),
(81, '590', 'GP', 'GLP', 0, NULL, '2022-01-09 08:48:18', '2022-01-09 08:48:18', NULL),
(82, '240', 'GQ', 'GNQ', 0, NULL, '2022-01-09 08:48:18', '2022-01-09 08:48:18', NULL),
(83, '30', 'GR', 'GRC', 0, NULL, '2022-01-09 08:48:18', '2022-01-09 08:48:18', NULL),
(84, '502', 'GT', 'GTM', 0, NULL, '2022-01-09 08:48:18', '2022-01-09 08:48:18', NULL),
(85, '1', 'GU', 'GUM', 0, NULL, '2022-01-09 08:48:18', '2022-01-09 08:48:18', NULL),
(86, '245', 'GW', 'GNB', 0, NULL, '2022-01-09 08:48:18', '2022-01-09 08:48:18', NULL),
(87, '592', 'GY', 'GUY', 0, NULL, '2022-01-09 08:48:18', '2022-01-09 08:48:18', NULL),
(88, '852', 'HK', 'HKG', 0, NULL, '2022-01-09 08:48:18', '2022-01-09 08:48:18', NULL),
(89, '0', 'HM', 'HMD', 0, NULL, '2022-01-09 08:48:18', '2022-01-09 08:48:18', NULL),
(90, '504', 'HN', 'HND', 0, NULL, '2022-01-09 08:48:18', '2022-01-09 08:48:18', NULL),
(91, '385', 'HR', 'HRV', 0, NULL, '2022-01-09 08:48:19', '2022-01-09 08:48:19', NULL),
(92, '509', 'HT', 'HTI', 0, NULL, '2022-01-09 08:48:19', '2022-01-09 08:48:19', NULL),
(93, '36', 'HU', 'HUN', 0, NULL, '2022-01-09 08:48:19', '2022-01-09 08:48:19', NULL),
(94, '34', 'IC', '   ', 0, NULL, '2022-01-09 08:48:19', '2022-01-09 08:48:19', NULL),
(95, '62', 'ID', 'IDN', 0, NULL, '2022-01-09 08:48:19', '2022-01-09 08:48:19', NULL),
(96, '353', 'IE', 'IRL', 0, NULL, '2022-01-09 08:48:19', '2022-01-09 08:48:19', NULL),
(97, '972', 'IL', 'ISR', 0, NULL, '2022-01-09 08:48:19', '2022-01-09 08:48:19', NULL),
(98, '44', 'IM', 'IMN', 0, NULL, '2022-01-09 08:48:19', '2022-01-09 08:48:19', NULL),
(99, '91', 'IN', 'IND', 0, NULL, '2022-01-09 08:48:19', '2022-01-09 08:48:19', NULL),
(100, '246', 'IO', 'IOT', 0, NULL, '2022-01-09 08:48:19', '2022-01-09 08:48:19', NULL),
(101, '964', 'IQ', 'IRQ', 0, NULL, '2022-01-09 08:48:19', '2022-01-09 08:48:19', NULL),
(102, '98', 'IR', 'IRN', 0, NULL, '2022-01-09 08:48:19', '2022-01-09 08:48:19', NULL),
(103, '354', 'IS', 'ISL', 0, NULL, '2022-01-09 08:48:20', '2022-01-09 08:48:20', NULL),
(104, '39', 'IT', 'ITA', 0, NULL, '2022-01-09 08:48:20', '2022-01-09 08:48:20', NULL),
(105, '44', 'JE', 'JEY', 0, NULL, '2022-01-09 08:48:20', '2022-01-09 08:48:20', NULL),
(106, '1', 'JM', 'JAM', 0, NULL, '2022-01-09 08:48:20', '2022-01-09 08:48:20', NULL),
(107, '962', 'JO', 'JOR', 0, NULL, '2022-01-09 08:48:20', '2022-01-09 08:48:20', NULL),
(108, '81', 'JP', 'JPN', 0, NULL, '2022-01-09 08:48:20', '2022-01-09 08:48:20', NULL),
(109, '254', 'KE', 'KEN', 0, NULL, '2022-01-09 08:48:21', '2022-01-09 08:48:21', NULL),
(110, '996', 'KG', 'KGZ', 0, NULL, '2022-01-09 08:48:21', '2022-01-09 08:48:21', NULL),
(111, '855', 'KH', 'KHM', 0, NULL, '2022-01-09 08:48:21', '2022-01-09 08:48:21', NULL),
(112, '686', 'KI', 'KIR', 0, NULL, '2022-01-09 08:48:21', '2022-01-09 08:48:21', NULL),
(113, '269', 'KM', 'COM', 0, NULL, '2022-01-09 08:48:21', '2022-01-09 08:48:21', NULL),
(114, '1', 'KN', 'KNA', 0, NULL, '2022-01-09 08:48:21', '2022-01-09 08:48:21', NULL),
(115, '850', 'KP', 'PRK', 0, NULL, '2022-01-09 08:48:22', '2022-01-09 08:48:22', NULL),
(116, '82', 'KR', 'KOR', 0, NULL, '2022-01-09 08:48:22', '2022-01-09 08:48:22', NULL),
(117, '965', 'KW', 'KWT', 1, '/uploads/images/62001be94c029.png', '2022-01-09 08:48:22', '2022-02-06 16:05:21', NULL),
(118, '1', 'KY', 'CYM', 0, NULL, '2022-01-09 08:48:22', '2022-01-09 08:48:22', NULL),
(119, '7', 'KZ', 'KAZ', 0, NULL, '2022-01-09 08:48:22', '2022-01-09 08:48:22', NULL),
(120, '856', 'LA', 'LAO', 0, NULL, '2022-01-09 08:48:22', '2022-01-09 08:48:22', NULL),
(121, '961', 'LB', 'LBN', 0, NULL, '2022-01-09 08:48:22', '2022-01-09 08:48:22', NULL),
(122, '1', 'LC', 'LCA', 0, NULL, '2022-01-09 08:48:22', '2022-01-09 08:48:22', NULL),
(123, '423', 'LI', 'LIE', 0, NULL, '2022-01-09 08:48:22', '2022-01-09 08:48:22', NULL),
(124, '94', 'LK', 'LKA', 0, NULL, '2022-01-09 08:48:22', '2022-01-09 08:48:22', NULL),
(125, '231', 'LR', 'LBR', 0, NULL, '2022-01-09 08:48:22', '2022-01-09 08:48:22', NULL),
(126, '266', 'LS', 'LSO', 0, NULL, '2022-01-09 08:48:23', '2022-01-09 08:48:23', NULL),
(127, '370', 'LT', 'LTU', 0, NULL, '2022-01-09 08:48:23', '2022-01-09 08:48:23', NULL),
(128, '352', 'LU', 'LUX', 0, NULL, '2022-01-09 08:48:23', '2022-01-09 08:48:23', NULL),
(129, '371', 'LV', 'LVA', 0, NULL, '2022-01-09 08:48:23', '2022-01-09 08:48:23', NULL),
(130, '218', 'LY', 'LBY', 0, NULL, '2022-01-09 08:48:23', '2022-01-09 08:48:23', NULL),
(131, '212', 'MA', 'MAR', 0, NULL, '2022-01-09 08:48:23', '2022-01-09 08:48:23', NULL),
(132, '377', 'MC', 'MCO', 0, NULL, '2022-01-09 08:48:23', '2022-01-09 08:48:23', NULL),
(133, '373', 'MD', 'MDA', 0, NULL, '2022-01-09 08:48:23', '2022-01-09 08:48:23', NULL),
(134, '382', 'ME', 'MNE', 0, NULL, '2022-01-09 08:48:23', '2022-01-09 08:48:23', NULL),
(135, '261', 'MG', 'MDG', 0, NULL, '2022-01-09 08:48:23', '2022-01-09 08:48:23', NULL),
(136, '692', 'MH', 'MHL', 0, NULL, '2022-01-09 08:48:23', '2022-01-09 08:48:23', NULL),
(137, '389', 'MK', 'MKD', 0, NULL, '2022-01-09 08:48:23', '2022-01-09 08:48:23', NULL),
(138, '223', 'ML', 'MLI', 0, NULL, '2022-01-09 08:48:24', '2022-01-09 08:48:24', NULL),
(139, '95', 'MM', 'MMR', 0, NULL, '2022-01-09 08:48:24', '2022-01-09 08:48:24', NULL),
(140, '976', 'MN', 'MNG', 0, NULL, '2022-01-09 08:48:24', '2022-01-09 08:48:24', NULL),
(141, '853', 'MO', 'MAC', 0, NULL, '2022-01-09 08:48:24', '2022-01-09 08:48:24', NULL),
(142, '1', 'MP', 'MNP', 0, NULL, '2022-01-09 08:48:24', '2022-01-09 08:48:24', NULL),
(143, '596', 'MQ', 'MTQ', 0, NULL, '2022-01-09 08:48:24', '2022-01-09 08:48:24', NULL),
(144, '222', 'MR', 'MRT', 0, NULL, '2022-01-09 08:48:24', '2022-01-09 08:48:24', NULL),
(145, '1', 'MS', 'MSR', 0, NULL, '2022-01-09 08:48:24', '2022-01-09 08:48:24', NULL),
(146, '356', 'MT', 'MLT', 0, NULL, '2022-01-09 08:48:25', '2022-01-09 08:48:25', NULL),
(147, '230', 'MU', 'MUS', 0, NULL, '2022-01-09 08:48:25', '2022-01-09 08:48:25', NULL),
(148, '960', 'MV', 'MDV', 0, NULL, '2022-01-09 08:48:25', '2022-01-09 08:48:25', NULL),
(149, '265', 'MW', 'MWI', 0, NULL, '2022-01-09 08:48:25', '2022-01-09 08:48:25', NULL),
(150, '52', 'MX', 'MEX', 0, NULL, '2022-01-09 08:48:25', '2022-01-09 08:48:25', NULL),
(151, '60', 'MY', 'MYS', 0, NULL, '2022-01-09 08:48:25', '2022-01-09 08:48:25', NULL),
(152, '258', 'MZ', 'MOZ', 0, NULL, '2022-01-09 08:48:25', '2022-01-09 08:48:25', NULL),
(153, '264', 'NA', 'NAM', 0, NULL, '2022-01-09 08:48:25', '2022-01-09 08:48:25', NULL),
(154, '687', 'NC', 'NCL', 0, NULL, '2022-01-09 08:48:25', '2022-01-09 08:48:25', NULL),
(155, '227', 'NE', 'NER', 0, NULL, '2022-01-09 08:48:25', '2022-01-09 08:48:25', NULL),
(156, '672', 'NF', 'NFK', 0, NULL, '2022-01-09 08:48:25', '2022-01-09 08:48:25', NULL),
(157, '234', 'NG', 'NGA', 0, NULL, '2022-01-09 08:48:26', '2022-01-20 09:08:48', NULL),
(158, '505', 'NI', 'NIC', 0, NULL, '2022-01-09 08:48:26', '2022-01-09 08:48:26', NULL),
(159, '31', 'NL', 'NLD', 0, NULL, '2022-01-09 08:48:26', '2022-01-09 08:48:26', NULL),
(160, '47', 'NO', 'NOR', 0, NULL, '2022-01-09 08:48:26', '2022-01-09 08:48:26', NULL),
(161, '977', 'NP', 'NPL', 0, NULL, '2022-01-09 08:48:26', '2022-01-09 08:48:26', NULL),
(162, '674', 'NR', 'NRU', 0, NULL, '2022-01-09 08:48:26', '2022-01-09 08:48:26', NULL),
(163, '683', 'NU', 'NIU', 0, NULL, '2022-01-09 08:48:26', '2022-01-09 08:48:26', NULL),
(164, '64', 'NZ', 'NZL', 0, NULL, '2022-01-09 08:48:26', '2022-01-09 08:48:26', NULL),
(165, '968', 'OM', 'OMN', 1, NULL, '2022-01-09 08:48:26', '2022-01-16 16:14:37', NULL),
(166, '507', 'PA', 'PAN', 0, NULL, '2022-01-09 08:48:26', '2022-01-09 08:48:26', NULL),
(167, '51', 'PE', 'PER', 0, NULL, '2022-01-09 08:48:27', '2022-01-09 08:48:27', NULL),
(168, '689', 'PF', 'PYF', 0, NULL, '2022-01-09 08:48:27', '2022-01-09 08:48:27', NULL),
(169, '675', 'PG', 'PNG', 0, NULL, '2022-01-09 08:48:27', '2022-01-09 08:48:27', NULL),
(170, '63', 'PH', 'PHL', 0, NULL, '2022-01-09 08:48:27', '2022-01-09 08:48:27', NULL),
(171, '92', 'PK', 'PAK', 0, NULL, '2022-01-09 08:48:27', '2022-01-09 08:48:27', NULL),
(172, '48', 'PL', 'POL', 0, NULL, '2022-01-09 08:48:27', '2022-01-09 08:48:27', NULL),
(173, '508', 'PM', 'SPM', 0, NULL, '2022-01-09 08:48:27', '2022-01-09 08:48:27', NULL),
(174, '64', 'PN', 'PCN', 0, NULL, '2022-01-09 08:48:27', '2022-01-09 08:48:27', NULL),
(175, '1', 'PR', 'PRI', 0, NULL, '2022-01-09 08:48:27', '2022-01-09 08:48:27', NULL),
(176, '970', 'PS', 'PSE', 0, NULL, '2022-01-09 08:48:27', '2022-01-09 08:48:27', NULL),
(177, '351', 'PT', 'PRT', 0, NULL, '2022-01-09 08:48:28', '2022-01-09 08:48:28', NULL),
(178, '680', 'PW', 'PLW', 0, NULL, '2022-01-09 08:48:28', '2022-01-09 08:48:28', NULL),
(179, '595', 'PY', 'PRY', 0, NULL, '2022-01-09 08:48:28', '2022-01-09 08:48:28', NULL),
(180, '974', 'QA', 'QAT', 1, NULL, '2022-01-09 08:48:28', '2022-01-16 16:13:57', NULL),
(181, '262', 'RE', 'REU', 0, NULL, '2022-01-09 08:48:28', '2022-01-09 08:48:28', NULL),
(182, '40', 'RO', 'ROU', 0, NULL, '2022-01-09 08:48:28', '2022-01-09 08:48:28', NULL),
(183, '381', 'RS', 'SRB', 0, NULL, '2022-01-09 08:48:28', '2022-01-09 08:48:28', NULL),
(184, '7', 'RU', 'RUS', 0, NULL, '2022-01-09 08:48:28', '2022-01-09 08:48:28', NULL),
(185, '250', 'RW', 'RWA', 0, NULL, '2022-01-09 08:48:28', '2022-01-09 08:48:28', NULL),
(186, '34', 'RY', '   ', 0, NULL, '2022-01-09 08:48:28', '2022-01-09 08:48:28', NULL),
(187, '966', 'SA', 'SAU', 1, NULL, '2022-01-09 08:48:28', '2022-01-16 16:13:50', NULL),
(188, '677', 'SB', 'SLB', 0, NULL, '2022-01-09 08:48:29', '2022-01-09 08:48:29', NULL),
(189, '248', 'SC', 'SYC', 0, NULL, '2022-01-09 08:48:29', '2022-01-09 08:48:29', NULL),
(190, '249', 'SD', 'SDN', 0, NULL, '2022-01-09 08:48:29', '2022-01-09 08:48:29', NULL),
(191, '46', 'SE', 'SWE', 0, NULL, '2022-01-09 08:48:29', '2022-01-09 08:48:29', NULL),
(192, '65', 'SG', 'SGP', 0, NULL, '2022-01-09 08:48:29', '2022-01-09 08:48:29', NULL),
(193, '386', 'SI', 'SVN', 0, NULL, '2022-01-09 08:48:29', '2022-01-09 08:48:29', NULL),
(194, '47', 'SJ', 'SJM', 0, NULL, '2022-01-09 08:48:29', '2022-01-09 08:48:29', NULL),
(195, '421', 'SK', 'SVK', 0, NULL, '2022-01-09 08:48:29', '2022-01-09 08:48:29', NULL),
(196, '232', 'SL', 'SLE', 0, NULL, '2022-01-09 08:48:29', '2022-01-09 08:48:29', NULL),
(197, '378', 'SM', 'SMR', 0, NULL, '2022-01-09 08:48:29', '2022-01-09 08:48:29', NULL),
(198, '221', 'SN', 'SEN', 0, NULL, '2022-01-09 08:48:30', '2022-01-09 08:48:30', NULL),
(199, '252', 'SO', 'SOM', 0, NULL, '2022-01-09 08:48:30', '2022-01-09 08:48:30', NULL),
(200, '597', 'SR', 'SUR', 0, NULL, '2022-01-09 08:48:30', '2022-01-09 08:48:30', NULL),
(201, '211', 'SS', 'SSD', 0, NULL, '2022-01-09 08:48:30', '2022-01-09 08:48:30', NULL),
(202, '239', 'ST', 'STP', 0, NULL, '2022-01-09 08:48:30', '2022-01-09 08:48:30', NULL),
(203, '503', 'SV', 'SLV', 0, NULL, '2022-01-09 08:48:30', '2022-01-09 08:48:30', NULL),
(204, '963', 'SY', 'SYR', 0, NULL, '2022-01-09 08:48:30', '2022-01-09 08:48:30', NULL),
(205, '268', 'SZ', 'SWZ', 0, NULL, '2022-01-09 08:48:30', '2022-01-09 08:48:30', NULL),
(206, '1', 'TC', 'TCA', 0, NULL, '2022-01-09 08:48:30', '2022-01-09 08:48:30', NULL),
(207, '235', 'TD', 'TCD', 0, NULL, '2022-01-09 08:48:30', '2022-01-09 08:48:30', NULL),
(208, '228', 'TG', 'TGO', 0, NULL, '2022-01-09 08:48:30', '2022-01-09 08:48:30', NULL),
(209, '66', 'TH', 'THA', 0, NULL, '2022-01-09 08:48:30', '2022-01-09 08:48:30', NULL),
(210, '992', 'TJ', 'TJK', 0, NULL, '2022-01-09 08:48:31', '2022-01-09 08:48:31', NULL),
(211, '690', 'TK', 'TKL', 0, NULL, '2022-01-09 08:48:31', '2022-01-09 08:48:31', NULL),
(212, '670', 'TL', 'TLS', 0, NULL, '2022-01-09 08:48:31', '2022-01-09 08:48:31', NULL),
(213, '993', 'TM', 'TKM', 0, NULL, '2022-01-09 08:48:31', '2022-01-09 08:48:31', NULL),
(214, '216', 'TN', 'TUN', 0, NULL, '2022-01-09 08:48:31', '2022-01-09 08:48:31', NULL),
(215, '676', 'TO', 'TON', 0, NULL, '2022-01-09 08:48:31', '2022-01-09 08:48:31', NULL),
(216, '0', 'TP', '   ', 0, NULL, '2022-01-09 08:48:31', '2022-01-09 08:48:31', NULL),
(217, '90', 'TR', 'TUR', 0, NULL, '2022-01-09 08:48:31', '2022-01-09 08:48:31', NULL),
(218, '1', 'TT', 'TTO', 0, NULL, '2022-01-09 08:48:31', '2022-01-09 08:48:31', NULL),
(219, '688', 'TV', 'TUV', 0, NULL, '2022-01-09 08:48:31', '2022-01-09 08:48:31', NULL),
(220, '886', 'TW', 'TWN', 0, NULL, '2022-01-09 08:48:31', '2022-01-09 08:48:31', NULL),
(221, '255', 'TZ', 'TZA', 0, NULL, '2022-01-09 08:48:31', '2022-01-09 08:48:31', NULL),
(222, '380', 'UA', 'UKR', 0, NULL, '2022-01-09 08:48:31', '2022-01-09 08:48:31', NULL),
(223, '256', 'UG', 'UGA', 0, NULL, '2022-01-09 08:48:32', '2022-01-09 08:48:32', NULL),
(224, '1', 'US', 'USA', 0, NULL, '2022-01-09 08:48:32', '2022-01-09 08:48:32', NULL),
(225, '598', 'UY', 'URY', 0, NULL, '2022-01-09 08:48:32', '2022-01-09 08:48:32', NULL),
(226, '998', 'UZ', 'UZB', 0, NULL, '2022-01-09 08:48:32', '2022-01-09 08:48:32', NULL),
(227, '39', 'VA', 'VAT', 0, NULL, '2022-01-09 08:48:32', '2022-01-09 08:48:32', NULL),
(228, '1', 'VC', 'VCT', 0, NULL, '2022-01-09 08:48:32', '2022-01-09 08:48:32', NULL),
(229, '58', 'VE', 'VEN', 0, NULL, '2022-01-09 08:48:32', '2022-01-09 08:48:32', NULL),
(230, '1', 'VG', 'VGB', 0, NULL, '2022-01-09 08:48:32', '2022-01-09 08:48:32', NULL),
(231, '1', 'VI', 'VIR', 0, NULL, '2022-01-09 08:48:32', '2022-01-09 08:48:32', NULL),
(232, '84', 'VN', 'VNM', 0, NULL, '2022-01-09 08:48:33', '2022-01-09 08:48:33', NULL),
(233, '678', 'VU', 'VUT', 0, NULL, '2022-01-09 08:48:33', '2022-01-09 08:48:33', NULL),
(234, '681', 'WF', 'WLF', 0, NULL, '2022-01-09 08:48:33', '2022-01-09 08:48:33', NULL),
(235, '685', 'WS', 'WSM', 0, NULL, '2022-01-09 08:48:33', '2022-01-09 08:48:33', NULL),
(236, '381', 'XZ', '   ', 0, NULL, '2022-01-09 08:48:33', '2022-01-09 08:48:33', NULL),
(237, '967', 'YE', 'YEM', 0, NULL, '2022-01-09 08:48:33', '2022-02-22 12:53:06', NULL),
(238, '262', 'YT', 'MYT', 0, NULL, '2022-01-09 08:48:33', '2022-01-09 08:48:33', NULL),
(239, '27', 'ZA', 'ZAF', 0, NULL, '2022-01-09 08:48:33', '2022-01-09 08:48:33', NULL),
(240, '260', 'ZM', 'ZMB', 0, NULL, '2022-01-09 08:48:33', '2022-01-09 08:48:33', NULL),
(241, '263', 'ZW', 'ZWE', 0, NULL, '2022-01-09 08:48:33', '2022-01-09 08:48:33', NULL);

-- --------------------------------------------------------

--
-- Table structure for table `country_descriptions`
--

CREATE TABLE `country_descriptions` (
  `id` bigint UNSIGNED NOT NULL,
  `name` varchar(50) NOT NULL,
  `country_id` bigint UNSIGNED NOT NULL,
  `language_id` bigint UNSIGNED NOT NULL
) ENGINE=InnoDB DEFAULT CHARSET=utf8mb3;

--
-- Dumping data for table `country_descriptions`
--

INSERT INTO `country_descriptions` (`id`, `name`, `country_id`, `language_id`) VALUES
(1, 'Andorra', 1, 1),
(2, 'Andorra', 1, 2),
(3, 'United Arab Emirates', 2, 1),
(4, 'United Arab Emirates', 2, 2),
(5, 'Afghanistan', 3, 1),
(6, 'Afghanistan', 3, 2),
(7, 'Antigua and Barbuda', 4, 1),
(8, 'Antigua and Barbuda', 4, 2),
(9, 'Anguilla', 5, 1),
(10, 'Anguilla', 5, 2),
(11, 'Albania', 6, 1),
(12, 'Albania', 6, 2),
(13, 'Armenia', 7, 1),
(14, 'Armenia', 7, 2),
(15, 'Netherland Antilles', 8, 1),
(16, 'Netherland Antilles', 8, 2),
(17, 'Angola', 9, 1),
(18, 'Angola', 9, 2),
(19, 'Argentina', 10, 1),
(20, 'Argentina', 10, 2),
(21, 'American Samoa', 11, 1),
(22, 'American Samoa', 11, 2),
(23, 'Austria', 12, 1),
(24, 'Austria', 12, 2),
(25, 'Australia', 13, 1),
(26, 'Australia', 13, 2),
(27, 'Aruba', 14, 1),
(28, 'Aruba', 14, 2),
(29, 'Azerbaijan', 15, 1),
(30, 'Azerbaijan', 15, 2),
(31, 'Bosnia and Herzegovina', 16, 1),
(32, 'Bosnia and Herzegovina', 16, 2),
(33, 'Barbados', 17, 1),
(34, 'Barbados', 17, 2),
(35, 'Bangladesh', 18, 1),
(36, 'Bangladesh', 18, 2),
(37, 'Belgium', 19, 1),
(38, 'Belgium', 19, 2),
(39, 'Burkina Faso', 20, 1),
(40, 'Burkina Faso', 20, 2),
(41, 'Bulgaria', 21, 1),
(42, 'Bulgaria', 21, 2),
(43, 'Bahrain', 22, 1),
(44, 'Bahrain', 22, 2),
(45, 'Burundi', 23, 1),
(46, 'Burundi', 23, 2),
(47, 'Benin', 24, 1),
(48, 'Benin', 24, 2),
(49, 'Bermuda', 25, 1),
(50, 'Bermuda', 25, 2),
(51, 'Brunei', 26, 1),
(52, 'Brunei', 26, 2),
(53, 'Bolivia', 27, 1),
(54, 'Bolivia', 27, 2),
(55, 'Brazil', 28, 1),
(56, 'Brazil', 28, 2),
(57, 'Bahamas', 29, 1),
(58, 'Bahamas', 29, 2),
(59, 'Bhutan', 30, 1),
(60, 'Bhutan', 30, 2),
(61, 'Botswana', 31, 1),
(62, 'Botswana', 31, 2),
(63, 'Belarus', 32, 1),
(64, 'Belarus', 32, 2),
(65, 'Belize', 33, 1),
(66, 'Belize', 33, 2),
(67, 'Canada', 34, 1),
(68, 'Canada', 34, 2),
(69, 'Cocos Keeling IS', 35, 1),
(70, 'Cocos Keeling IS', 35, 2),
(71, 'Dem Republic of the Congo', 36, 1),
(72, 'Dem Republic of the Congo', 36, 2),
(73, 'Central African Republic', 37, 1),
(74, 'Central African Republic', 37, 2),
(75, 'Congo', 38, 1),
(76, 'Congo', 38, 2),
(77, 'Switzerland', 39, 1),
(78, 'Switzerland', 39, 2),
(79, 'Ivory Coast', 40, 1),
(80, 'Ivory Coast', 40, 2),
(81, 'Cook IS', 41, 1),
(82, 'Cook IS', 41, 2),
(83, 'Chile', 42, 1),
(84, 'Chile', 42, 2),
(85, 'Cameroon', 43, 1),
(86, 'Cameroon', 43, 2),
(87, 'China', 44, 1),
(88, 'China', 44, 2),
(89, 'Colombia', 45, 1),
(90, 'Colombia', 45, 2),
(91, 'Costa Rica', 46, 1),
(92, 'Costa Rica', 46, 2),
(93, 'Cuba', 47, 1),
(94, 'Cuba', 47, 2),
(95, 'Cape Verde', 48, 1),
(96, 'Cape Verde', 48, 2),
(97, 'Christmas IS', 49, 1),
(98, 'Christmas IS', 49, 2),
(99, 'Cyprus', 50, 1),
(100, 'Cyprus', 50, 2),
(101, 'Czech Republic', 51, 1),
(102, 'Czech Republic', 51, 2),
(103, 'Germany', 52, 1),
(104, 'Germany', 52, 2),
(105, 'Djibouti', 53, 1),
(106, 'Djibouti', 53, 2),
(107, 'Denmark', 54, 1),
(108, 'Denmark', 54, 2),
(109, 'Dominica', 55, 1),
(110, 'Dominica', 55, 2),
(111, 'Dominican Republic', 56, 1),
(112, 'Dominican Republic', 56, 2),
(113, 'Algeria', 57, 1),
(114, 'Algeria', 57, 2),
(115, 'Ecuador', 58, 1),
(116, 'Ecuador', 58, 2),
(117, 'Estonia', 59, 1),
(118, 'Estonia', 59, 2),
(119, 'Egypt', 60, 1),
(120, 'Egypt', 60, 2),
(121, 'Western Sahara', 61, 1),
(122, 'Western Sahara', 61, 2),
(123, 'Eritrea', 62, 1),
(124, 'Eritrea', 62, 2),
(125, 'Spain', 63, 1),
(126, 'Spain', 63, 2),
(127, 'Ethiopia', 64, 1),
(128, 'Ethiopia', 64, 2),
(129, 'Finland', 65, 1),
(130, 'Finland', 65, 2),
(131, 'Fiji', 66, 1),
(132, 'Fiji', 66, 2),
(133, 'Falkland IS', 67, 1),
(134, 'Falkland IS', 67, 2),
(135, 'Micronesia', 68, 1),
(136, 'Micronesia', 68, 2),
(137, 'Faroe IS', 69, 1),
(138, 'Faroe IS', 69, 2),
(139, 'France', 70, 1),
(140, 'France', 70, 2),
(141, 'Gabon', 71, 1),
(142, 'Gabon', 71, 2),
(143, 'United Kingdom', 72, 1),
(144, 'United Kingdom', 72, 2),
(145, 'Grenada', 73, 1),
(146, 'Grenada', 73, 2),
(147, 'Georgia', 74, 1),
(148, 'Georgia', 74, 2),
(149, 'French Guiana', 75, 1),
(150, 'French Guiana', 75, 2),
(151, 'Ghana', 76, 1),
(152, 'Ghana', 76, 2),
(153, 'Gibraltar', 77, 1),
(154, 'Gibraltar', 77, 2),
(155, 'Greenland', 78, 1),
(156, 'Greenland', 78, 2),
(157, 'Gambia', 79, 1),
(158, 'Gambia', 79, 2),
(159, 'Guinea', 80, 1),
(160, 'Guinea', 80, 2),
(161, 'Guadeloupe', 81, 1),
(162, 'Guadeloupe', 81, 2),
(163, 'Equatorial Guinea', 82, 1),
(164, 'Equatorial Guinea', 82, 2),
(165, 'Greece', 83, 1),
(166, 'Greece', 83, 2),
(167, 'Guatemala', 84, 1),
(168, 'Guatemala', 84, 2),
(169, 'Guam', 85, 1),
(170, 'Guam', 85, 2),
(171, 'Guinea Bissau', 86, 1),
(172, 'Guinea Bissau', 86, 2),
(173, 'Guyana', 87, 1),
(174, 'Guyana', 87, 2),
(175, 'Hong Kong', 88, 1),
(176, 'Hong Kong', 88, 2),
(177, 'Heard & McDonald Islands', 89, 1),
(178, 'Heard & McDonald Islands', 89, 2),
(179, 'Honduras', 90, 1),
(180, 'Honduras', 90, 2),
(181, 'Croatia', 91, 1),
(182, 'Croatia', 91, 2),
(183, 'Haiti', 92, 1),
(184, 'Haiti', 92, 2),
(185, 'Hungary', 93, 1),
(186, 'Hungary', 93, 2),
(187, 'Canary IS', 94, 1),
(188, 'Canary IS', 94, 2),
(189, 'Indonesia', 95, 1),
(190, 'Indonesia', 95, 2),
(191, 'Ireland', 96, 1),
(192, 'Ireland', 96, 2),
(193, 'Israel', 97, 1),
(194, 'Israel', 97, 2),
(195, 'Isle of Man', 98, 1),
(196, 'Isle of Man', 98, 2),
(197, 'India', 99, 1),
(198, 'India', 99, 2),
(199, '', 100, 1),
(200, '', 100, 2),
(201, 'Iraq', 101, 1),
(202, 'Iraq', 101, 2),
(203, 'Iran', 102, 1),
(204, 'Iran', 102, 2),
(205, 'Iceland', 103, 1),
(206, 'Iceland', 103, 2),
(207, 'Italy', 104, 1),
(208, 'Italy', 104, 2),
(209, 'Channel Islands', 105, 1),
(210, 'Channel Islands', 105, 2),
(211, 'Jamaica', 106, 1),
(212, 'Jamaica', 106, 2),
(213, 'Jordan', 107, 1),
(214, 'Jordan', 107, 2),
(215, 'Japan', 108, 1),
(216, 'Japan', 108, 2),
(217, 'Kenya', 109, 1),
(218, 'Kenya', 109, 2),
(219, 'Kyrgyzstan', 110, 1),
(220, 'Kyrgyzstan', 110, 2),
(221, 'Cambodia', 111, 1),
(222, 'Cambodia', 111, 2),
(223, 'Kiribati', 112, 1),
(224, 'Kiribati', 112, 2),
(225, 'Comoros', 113, 1),
(226, 'Comoros', 113, 2),
(227, 'St Kitts and Nevis', 114, 1),
(228, 'St Kitts and Nevis', 114, 2),
(229, 'Korea North', 115, 1),
(230, 'Korea North', 115, 2),
(231, 'Korea South', 116, 1),
(232, 'Korea South', 116, 2),
(235, 'Cayman IS', 118, 1),
(236, 'Cayman IS', 118, 2),
(237, 'Kazakhstan', 119, 1),
(238, 'Kazakhstan', 119, 2),
(239, 'Laos', 120, 1),
(240, 'Laos', 120, 2),
(241, 'Lebanon', 121, 1),
(242, 'Lebanon', 121, 2),
(243, 'St Lucia', 122, 1),
(244, 'St Lucia', 122, 2),
(245, 'Liechtenstein', 123, 1),
(246, 'Liechtenstein', 123, 2),
(247, 'Sri Lanka', 124, 1),
(248, 'Sri Lanka', 124, 2),
(249, 'Liberia', 125, 1),
(250, 'Liberia', 125, 2),
(251, 'Lesotho', 126, 1),
(252, 'Lesotho', 126, 2),
(253, 'Lithuania', 127, 1),
(254, 'Lithuania', 127, 2),
(255, 'Luxembourg', 128, 1),
(256, 'Luxembourg', 128, 2),
(257, 'Latvia', 129, 1),
(258, 'Latvia', 129, 2),
(259, 'Libya', 130, 1),
(260, 'Libya', 130, 2),
(261, 'Morocco', 131, 1),
(262, 'Morocco', 131, 2),
(263, 'Monaco', 132, 1),
(264, 'Monaco', 132, 2),
(265, 'Moldova', 133, 1),
(266, 'Moldova', 133, 2),
(267, 'Montenegro', 134, 1),
(268, 'Montenegro', 134, 2),
(269, 'Madagascar', 135, 1),
(270, 'Madagascar', 135, 2),
(271, 'Marshall IS', 136, 1),
(272, 'Marshall IS', 136, 2),
(273, 'Macedonia', 137, 1),
(274, 'Macedonia', 137, 2),
(275, 'Mali', 138, 1),
(276, 'Mali', 138, 2),
(277, 'Myanmar', 139, 1),
(278, 'Myanmar', 139, 2),
(279, 'Mongolia', 140, 1),
(280, 'Mongolia', 140, 2),
(281, 'Macau', 141, 1),
(282, 'Macau', 141, 2),
(283, 'Northern Mariana IS', 142, 1),
(284, 'Northern Mariana IS', 142, 2),
(285, 'Martinique', 143, 1),
(286, 'Martinique', 143, 2),
(287, 'Mauritania', 144, 1),
(288, 'Mauritania', 144, 2),
(289, 'Montserrat', 145, 1),
(290, 'Montserrat', 145, 2),
(291, 'Malta', 146, 1),
(292, 'Malta', 146, 2),
(293, 'Mauritius', 147, 1),
(294, 'Mauritius', 147, 2),
(295, 'Maldives', 148, 1),
(296, 'Maldives', 148, 2),
(297, 'Malawi', 149, 1),
(298, 'Malawi', 149, 2),
(299, 'Mexico', 150, 1),
(300, 'Mexico', 150, 2),
(301, 'Malaysia', 151, 1),
(302, 'Malaysia', 151, 2),
(303, 'Mozambique', 152, 1),
(304, 'Mozambique', 152, 2),
(305, 'Namibia', 153, 1),
(306, 'Namibia', 153, 2),
(307, 'New Caledonia', 154, 1),
(308, 'New Caledonia', 154, 2),
(309, 'Niger', 155, 1),
(310, 'Niger', 155, 2),
(311, 'Norfolk Island', 156, 1),
(312, 'Norfolk Island', 156, 2),
(313, 'Nigeria', 157, 1),
(314, 'Nigeria', 157, 2),
(315, 'Nicaragua', 158, 1),
(316, 'Nicaragua', 158, 2),
(317, 'Netherlands', 159, 1),
(318, 'Netherlands', 159, 2),
(319, 'Norway', 160, 1),
(320, 'Norway', 160, 2),
(321, 'Nepal', 161, 1),
(322, 'Nepal', 161, 2),
(323, 'Nauru', 162, 1),
(324, 'Nauru', 162, 2),
(325, 'Niue', 163, 1),
(326, 'Niue', 163, 2),
(327, 'New Zealand', 164, 1),
(328, 'New Zealand', 164, 2),
(329, 'Oman', 165, 1),
(330, 'Oman', 165, 2),
(331, 'Panama', 166, 1),
(332, 'Panama', 166, 2),
(333, 'Peru', 167, 1),
(334, 'Peru', 167, 2),
(335, 'French Polynesia', 168, 1),
(336, 'French Polynesia', 168, 2),
(337, 'Papua New Guinea', 169, 1),
(338, 'Papua New Guinea', 169, 2),
(339, 'Philippines', 170, 1),
(340, 'Philippines', 170, 2),
(341, 'Pakistan', 171, 1),
(342, 'Pakistan', 171, 2),
(343, 'Poland', 172, 1),
(344, 'Poland', 172, 2),
(345, 'St Pierre and Miquelon', 173, 1),
(346, 'St Pierre and Miquelon', 173, 2),
(347, 'Pitcairn IS', 174, 1),
(348, 'Pitcairn IS', 174, 2),
(349, 'Puerto Rico', 175, 1),
(350, 'Puerto Rico', 175, 2),
(351, 'Palestine', 176, 1),
(352, 'Palestine', 176, 2),
(353, 'Portugal', 177, 1),
(354, 'Portugal', 177, 2),
(355, 'Palau', 178, 1),
(356, 'Palau', 178, 2),
(357, 'Paraguay', 179, 1),
(358, 'Paraguay', 179, 2),
(359, 'Qatar', 180, 1),
(360, 'Qatar', 180, 2),
(361, 'Reunion IS', 181, 1),
(362, 'Reunion IS', 181, 2),
(363, 'Romania', 182, 1),
(364, 'Romania', 182, 2),
(365, 'Serbia', 183, 1),
(366, 'Serbia', 183, 2),
(367, 'Russia', 184, 1),
(368, 'Russia', 184, 2),
(369, 'Rwanda', 185, 1),
(370, 'Rwanda', 185, 2),
(371, 'Canary IS_Old', 186, 1),
(372, 'Canary IS_Old', 186, 2),
(373, 'Saudi Arabia', 187, 1),
(374, 'Saudi Arabia', 187, 2),
(375, 'Solomon IS', 188, 1),
(376, 'Solomon IS', 188, 2),
(377, 'Seychelles', 189, 1),
(378, 'Seychelles', 189, 2),
(379, 'Sudan', 190, 1),
(380, 'Sudan', 190, 2),
(381, 'Sweden', 191, 1),
(382, 'Sweden', 191, 2),
(383, 'Singapore', 192, 1),
(384, 'Singapore', 192, 2),
(385, 'Slovenia', 193, 1),
(386, 'Slovenia', 193, 2),
(387, 'Svalbard and Jan Mayen', 194, 1),
(388, 'Svalbard and Jan Mayen', 194, 2),
(389, 'Slovakia', 195, 1),
(390, 'Slovakia', 195, 2),
(391, 'Sierra Leone', 196, 1),
(392, 'Sierra Leone', 196, 2),
(393, 'San Marino', 197, 1),
(394, 'San Marino', 197, 2),
(395, 'Senegal', 198, 1),
(396, 'Senegal', 198, 2),
(397, 'Somalia', 199, 1),
(398, 'Somalia', 199, 2),
(399, 'Suriname', 200, 1),
(400, 'Suriname', 200, 2),
(401, 'South Sudan', 201, 1),
(402, 'South Sudan', 201, 2),
(403, 'Sao Tome and Principe', 202, 1),
(404, 'Sao Tome and Principe', 202, 2),
(405, 'El Salvador', 203, 1),
(406, 'El Salvador', 203, 2),
(407, 'Syria', 204, 1),
(408, 'Syria', 204, 2),
(409, 'Swaziland', 205, 1),
(410, 'Swaziland', 205, 2),
(411, 'Turks and Caicos IS', 206, 1),
(412, 'Turks and Caicos IS', 206, 2),
(413, 'Chad', 207, 1),
(414, 'Chad', 207, 2),
(415, 'Togo', 208, 1),
(416, 'Togo', 208, 2),
(417, 'Thailand', 209, 1),
(418, 'Thailand', 209, 2),
(419, 'Tajikistan', 210, 1),
(420, 'Tajikistan', 210, 2),
(421, 'Tokelau', 211, 1),
(422, 'Tokelau', 211, 2),
(423, 'Timor-Lestev', 212, 1),
(424, 'Timor-Lestev', 212, 2),
(425, 'Turkmenistan', 213, 1),
(426, 'Turkmenistan', 213, 2),
(427, 'Tunisia', 214, 1),
(428, 'Tunisia', 214, 2),
(429, 'Tonga', 215, 1),
(430, 'Tonga', 215, 2),
(431, 'East Timor', 216, 1),
(432, 'East Timor', 216, 2),
(433, 'Turkey', 217, 1),
(434, 'Turkey', 217, 2),
(435, 'Trinidad and Tobago', 218, 1),
(436, 'Trinidad and Tobago', 218, 2),
(437, 'Tuvalu', 219, 1),
(438, 'Tuvalu', 219, 2),
(439, 'Taiwan', 220, 1),
(440, 'Taiwan', 220, 2),
(441, 'Tanzania', 221, 1),
(442, 'Tanzania', 221, 2),
(443, 'Ukraine', 222, 1),
(444, 'Ukraine', 222, 2),
(445, 'Uganda', 223, 1),
(446, 'Uganda', 223, 2),
(447, 'United States', 224, 1),
(448, 'United States', 224, 2),
(449, 'Uruguay', 225, 1),
(450, 'Uruguay', 225, 2),
(451, 'Uzbekistan', 226, 1),
(452, 'Uzbekistan', 226, 2),
(453, 'Vatican City', 227, 1),
(454, 'Vatican City', 227, 2),
(455, 'St Vincent and Grenadine', 228, 1),
(456, 'St Vincent and Grenadine', 228, 2),
(457, 'Venezuela', 229, 1),
(458, 'Venezuela', 229, 2),
(459, 'Virgin IS - British', 230, 1),
(460, 'Virgin IS - British', 230, 2),
(461, 'Virgin Islands - US', 231, 1),
(462, 'Virgin Islands - US', 231, 2),
(463, 'Vietnam', 232, 1),
(464, 'Vietnam', 232, 2),
(465, 'Vanuatu', 233, 1),
(466, 'Vanuatu', 233, 2),
(467, 'Wallis and Futuna IS', 234, 1),
(468, 'Wallis and Futuna IS', 234, 2),
(469, 'Samoa', 235, 1),
(470, 'Samoa', 235, 2),
(471, 'Kosovo', 236, 1),
(472, 'Kosovo', 236, 2),
(473, 'Yemen', 237, 1),
(474, 'Yemen', 237, 2),
(475, 'Mayotte', 238, 1),
(476, 'Mayotte', 238, 2),
(477, 'South Africa', 239, 1),
(478, 'South Africa', 239, 2),
(479, 'Zambia', 240, 1),
(480, 'Zambia', 240, 2),
(481, 'Zimbabwe', 241, 1),
(482, 'Zimbabwe', 241, 2),
(483, 'Kuwait', 117, 1),
(484, 'Kuwait', 117, 2);

-- --------------------------------------------------------

--
-- Table structure for table `failed_jobs`
--

CREATE TABLE `failed_jobs` (
  `id` bigint UNSIGNED NOT NULL,
  `connection` text NOT NULL,
  `queue` text NOT NULL,
  `payload` longtext NOT NULL,
  `exception` longtext NOT NULL,
  `failed_at` timestamp NOT NULL DEFAULT CURRENT_TIMESTAMP
) ENGINE=MyISAM DEFAULT CHARSET=utf8mb3;

-- --------------------------------------------------------

--
-- Table structure for table `gucs`
--

CREATE TABLE `gucs` (
  `id` bigint UNSIGNED NOT NULL,
  `image` varchar(200) NOT NULL,
  `civil_engineers_no` varchar(10) NOT NULL,
  `architects_engineers_no` varchar(10) NOT NULL,
  `general_engineers_no` varchar(10) NOT NULL,
  `created_at` timestamp NULL DEFAULT NULL,
  `updated_at` timestamp NULL DEFAULT NULL,
  `deleted_at` timestamp NULL DEFAULT NULL
) ENGINE=InnoDB DEFAULT CHARSET=utf8mb3;

--
-- Dumping data for table `gucs`
--

INSERT INTO `gucs` (`id`, `image`, `civil_engineers_no`, `architects_engineers_no`, `general_engineers_no`, `created_at`, `updated_at`, `deleted_at`) VALUES
(1, 'assets/web/images/gallery2.png', '440', '446', '89', '2022-05-01 22:48:03', '2022-05-09 14:31:06', '2022-05-09 14:31:06'),
(2, 'assets/web/images/gallery2.png', '587', '228', '223', '2022-05-01 22:48:03', '2022-05-09 14:31:06', '2022-05-09 14:31:06'),
(3, 'assets/web/images/gallery1.png', '313', '950', '915', '2022-05-01 22:48:03', '2022-05-09 14:31:06', '2022-05-09 14:31:06'),
(4, 'assets/web/images/gallery2.png', '580', '584', '951', '2022-05-01 22:48:03', '2022-05-09 14:31:06', '2022-05-09 14:31:06'),
(5, 'assets/web/images/gallery4.png', '171', '249', '184', '2022-05-01 22:48:03', '2022-05-09 14:31:06', '2022-05-09 14:31:06'),
(6, 'assets/web/images/gallery1.png', '386', '795', '523', '2022-05-01 22:48:03', '2022-05-09 14:31:06', '2022-05-09 14:31:06'),
(7, 'assets/web/images/gallery2.png', '139', '484', '963', '2022-05-01 22:48:04', '2022-05-09 14:31:06', '2022-05-09 14:31:06'),
(8, 'assets/web/images/gallery3.png', '124', '556', '650', '2022-05-01 22:48:04', '2022-05-09 14:31:06', '2022-05-09 14:31:06'),
(9, 'assets/web/images/gallery4.png', '612', '580', '107', '2022-05-01 22:48:04', '2022-05-09 14:31:06', '2022-05-09 14:31:06'),
(10, 'assets/web/images/gallery4.png', '748', '187', '174', '2022-05-01 22:48:04', '2022-05-09 14:31:06', '2022-05-09 14:31:06'),
(11, 'assets/web/images/gallery4.png', '482', '423', '758', '2022-05-01 22:48:04', '2022-05-09 14:31:06', '2022-05-09 14:31:06'),
(12, 'assets/web/images/gallery2.png', '154', '212', '560', '2022-05-01 22:48:05', '2022-05-09 14:31:06', '2022-05-09 14:31:06'),
(13, 'assets/web/images/gallery3.png', '792', '465', '683', '2022-05-01 22:48:05', '2022-05-09 14:31:06', '2022-05-09 14:31:06'),
(14, 'assets/web/images/gallery3.png', '67', '306', '520', '2022-05-01 22:48:05', '2022-05-09 14:31:06', '2022-05-09 14:31:06'),
(15, 'assets/web/images/gallery2.png', '292', '627', '620', '2022-05-01 22:48:05', '2022-05-09 14:31:06', '2022-05-09 14:31:06'),
(16, 'assets/web/images/gallery1.png', '686', '615', '183', '2022-05-01 22:48:05', '2022-05-09 14:31:06', '2022-05-09 14:31:06'),
(17, 'assets/web/images/gallery4.png', '589', '725', '934', '2022-05-01 22:48:06', '2022-05-09 14:31:06', '2022-05-09 14:31:06'),
(18, '/uploads/images/PIC/6278cfb92cc1d.jpg', '500', '400', '300', '2022-05-01 22:48:06', '2022-05-09 14:34:55', NULL);

-- --------------------------------------------------------

--
-- Table structure for table `guc_descriptions`
--

CREATE TABLE `guc_descriptions` (
  `id` bigint UNSIGNED NOT NULL,
  `title` varchar(191) DEFAULT NULL,
  `description` longtext,
  `guc_id` bigint UNSIGNED DEFAULT NULL,
  `language_id` bigint UNSIGNED DEFAULT NULL
) ENGINE=InnoDB DEFAULT CHARSET=utf8mb3;

--
-- Dumping data for table `guc_descriptions`
--

INSERT INTO `guc_descriptions` (`id`, `title`, `description`, `guc_id`, `language_id`) VALUES
(1, 'العمل في مشروع جدة للفولاذ', 'مصنع الفولاذ الحديث هو أحد المصانع المعروفة بالجودة العالية و الإعتمادية، بالإضافة إلى الكميات العالية من الإنتاجية مصنع الفولاذ الحديث هو أحد المصانع المعروفة بالجودة العالية و الإعتمادية، بالإضافة إلى الكميات العالية من الإنتاجية مصنع الفولاذ الحديث هو أحد المصانع المعروفة بالجودة العالية و الإعتمادية، بالإضافة إلى الكميات العالية من الإنتاجية مصنع الفولاذ الحديث هو أحد المصانع المعروفة بالجودة العالية و الإعتمادية، بالإضافة إلى الكميات العالية من الإنتاجية', 1, 1),
(2, 'العمل في مشروع جدة للفولاذ', 'مصنع الفولاذ الحديث هو أحد المصانع المعروفة بالجودة العالية و الإعتمادية، بالإضافة إلى الكميات العالية من الإنتاجية مصنع الفولاذ الحديث هو أحد المصانع المعروفة بالجودة العالية و الإعتمادية، بالإضافة إلى الكميات العالية من الإنتاجية مصنع الفولاذ الحديث هو أحد المصانع المعروفة بالجودة العالية و الإعتمادية، بالإضافة إلى الكميات العالية من الإنتاجية مصنع الفولاذ الحديث هو أحد المصانع المعروفة بالجودة العالية و الإعتمادية، بالإضافة إلى الكميات العالية من الإنتاجية', 1, 2),
(3, 'العمل في مشروع جدة للفولاذ', 'مصنع الفولاذ الحديث هو أحد المصانع المعروفة بالجودة العالية و الإعتمادية، بالإضافة إلى الكميات العالية من الإنتاجية مصنع الفولاذ الحديث هو أحد المصانع المعروفة بالجودة العالية و الإعتمادية، بالإضافة إلى الكميات العالية من الإنتاجية مصنع الفولاذ الحديث هو أحد المصانع المعروفة بالجودة العالية و الإعتمادية، بالإضافة إلى الكميات العالية من الإنتاجية مصنع الفولاذ الحديث هو أحد المصانع المعروفة بالجودة العالية و الإعتمادية، بالإضافة إلى الكميات العالية من الإنتاجية', 2, 1),
(4, 'العمل في مشروع جدة للفولاذ', 'مصنع الفولاذ الحديث هو أحد المصانع المعروفة بالجودة العالية و الإعتمادية، بالإضافة إلى الكميات العالية من الإنتاجية مصنع الفولاذ الحديث هو أحد المصانع المعروفة بالجودة العالية و الإعتمادية، بالإضافة إلى الكميات العالية من الإنتاجية مصنع الفولاذ الحديث هو أحد المصانع المعروفة بالجودة العالية و الإعتمادية، بالإضافة إلى الكميات العالية من الإنتاجية مصنع الفولاذ الحديث هو أحد المصانع المعروفة بالجودة العالية و الإعتمادية، بالإضافة إلى الكميات العالية من الإنتاجية', 2, 2),
(5, 'العمل في مشروع جدة للفولاذ', 'مصنع الفولاذ الحديث هو أحد المصانع المعروفة بالجودة العالية و الإعتمادية، بالإضافة إلى الكميات العالية من الإنتاجية مصنع الفولاذ الحديث هو أحد المصانع المعروفة بالجودة العالية و الإعتمادية، بالإضافة إلى الكميات العالية من الإنتاجية مصنع الفولاذ الحديث هو أحد المصانع المعروفة بالجودة العالية و الإعتمادية، بالإضافة إلى الكميات العالية من الإنتاجية مصنع الفولاذ الحديث هو أحد المصانع المعروفة بالجودة العالية و الإعتمادية، بالإضافة إلى الكميات العالية من الإنتاجية', 3, 1),
(6, 'العمل في مشروع جدة للفولاذ', 'مصنع الفولاذ الحديث هو أحد المصانع المعروفة بالجودة العالية و الإعتمادية، بالإضافة إلى الكميات العالية من الإنتاجية مصنع الفولاذ الحديث هو أحد المصانع المعروفة بالجودة العالية و الإعتمادية، بالإضافة إلى الكميات العالية من الإنتاجية مصنع الفولاذ الحديث هو أحد المصانع المعروفة بالجودة العالية و الإعتمادية، بالإضافة إلى الكميات العالية من الإنتاجية مصنع الفولاذ الحديث هو أحد المصانع المعروفة بالجودة العالية و الإعتمادية، بالإضافة إلى الكميات العالية من الإنتاجية', 3, 2),
(7, 'العمل في مشروع جدة للفولاذ', 'مصنع الفولاذ الحديث هو أحد المصانع المعروفة بالجودة العالية و الإعتمادية، بالإضافة إلى الكميات العالية من الإنتاجية مصنع الفولاذ الحديث هو أحد المصانع المعروفة بالجودة العالية و الإعتمادية، بالإضافة إلى الكميات العالية من الإنتاجية مصنع الفولاذ الحديث هو أحد المصانع المعروفة بالجودة العالية و الإعتمادية، بالإضافة إلى الكميات العالية من الإنتاجية مصنع الفولاذ الحديث هو أحد المصانع المعروفة بالجودة العالية و الإعتمادية، بالإضافة إلى الكميات العالية من الإنتاجية', 4, 1),
(8, 'العمل في مشروع جدة للفولاذ', 'مصنع الفولاذ الحديث هو أحد المصانع المعروفة بالجودة العالية و الإعتمادية، بالإضافة إلى الكميات العالية من الإنتاجية مصنع الفولاذ الحديث هو أحد المصانع المعروفة بالجودة العالية و الإعتمادية، بالإضافة إلى الكميات العالية من الإنتاجية مصنع الفولاذ الحديث هو أحد المصانع المعروفة بالجودة العالية و الإعتمادية، بالإضافة إلى الكميات العالية من الإنتاجية مصنع الفولاذ الحديث هو أحد المصانع المعروفة بالجودة العالية و الإعتمادية، بالإضافة إلى الكميات العالية من الإنتاجية', 4, 2),
(9, 'العمل في مشروع جدة للفولاذ', 'مصنع الفولاذ الحديث هو أحد المصانع المعروفة بالجودة العالية و الإعتمادية، بالإضافة إلى الكميات العالية من الإنتاجية مصنع الفولاذ الحديث هو أحد المصانع المعروفة بالجودة العالية و الإعتمادية، بالإضافة إلى الكميات العالية من الإنتاجية مصنع الفولاذ الحديث هو أحد المصانع المعروفة بالجودة العالية و الإعتمادية، بالإضافة إلى الكميات العالية من الإنتاجية مصنع الفولاذ الحديث هو أحد المصانع المعروفة بالجودة العالية و الإعتمادية، بالإضافة إلى الكميات العالية من الإنتاجية', 5, 1),
(10, 'العمل في مشروع جدة للفولاذ', 'مصنع الفولاذ الحديث هو أحد المصانع المعروفة بالجودة العالية و الإعتمادية، بالإضافة إلى الكميات العالية من الإنتاجية مصنع الفولاذ الحديث هو أحد المصانع المعروفة بالجودة العالية و الإعتمادية، بالإضافة إلى الكميات العالية من الإنتاجية مصنع الفولاذ الحديث هو أحد المصانع المعروفة بالجودة العالية و الإعتمادية، بالإضافة إلى الكميات العالية من الإنتاجية مصنع الفولاذ الحديث هو أحد المصانع المعروفة بالجودة العالية و الإعتمادية، بالإضافة إلى الكميات العالية من الإنتاجية', 5, 2),
(11, 'العمل في مشروع جدة للفولاذ', 'مصنع الفولاذ الحديث هو أحد المصانع المعروفة بالجودة العالية و الإعتمادية، بالإضافة إلى الكميات العالية من الإنتاجية مصنع الفولاذ الحديث هو أحد المصانع المعروفة بالجودة العالية و الإعتمادية، بالإضافة إلى الكميات العالية من الإنتاجية مصنع الفولاذ الحديث هو أحد المصانع المعروفة بالجودة العالية و الإعتمادية، بالإضافة إلى الكميات العالية من الإنتاجية مصنع الفولاذ الحديث هو أحد المصانع المعروفة بالجودة العالية و الإعتمادية، بالإضافة إلى الكميات العالية من الإنتاجية', 6, 1),
(12, 'العمل في مشروع جدة للفولاذ', 'مصنع الفولاذ الحديث هو أحد المصانع المعروفة بالجودة العالية و الإعتمادية، بالإضافة إلى الكميات العالية من الإنتاجية مصنع الفولاذ الحديث هو أحد المصانع المعروفة بالجودة العالية و الإعتمادية، بالإضافة إلى الكميات العالية من الإنتاجية مصنع الفولاذ الحديث هو أحد المصانع المعروفة بالجودة العالية و الإعتمادية، بالإضافة إلى الكميات العالية من الإنتاجية مصنع الفولاذ الحديث هو أحد المصانع المعروفة بالجودة العالية و الإعتمادية، بالإضافة إلى الكميات العالية من الإنتاجية', 6, 2),
(13, 'العمل في مشروع جدة للفولاذ', 'مصنع الفولاذ الحديث هو أحد المصانع المعروفة بالجودة العالية و الإعتمادية، بالإضافة إلى الكميات العالية من الإنتاجية مصنع الفولاذ الحديث هو أحد المصانع المعروفة بالجودة العالية و الإعتمادية، بالإضافة إلى الكميات العالية من الإنتاجية مصنع الفولاذ الحديث هو أحد المصانع المعروفة بالجودة العالية و الإعتمادية، بالإضافة إلى الكميات العالية من الإنتاجية مصنع الفولاذ الحديث هو أحد المصانع المعروفة بالجودة العالية و الإعتمادية، بالإضافة إلى الكميات العالية من الإنتاجية', 7, 1),
(14, 'العمل في مشروع جدة للفولاذ', 'مصنع الفولاذ الحديث هو أحد المصانع المعروفة بالجودة العالية و الإعتمادية، بالإضافة إلى الكميات العالية من الإنتاجية مصنع الفولاذ الحديث هو أحد المصانع المعروفة بالجودة العالية و الإعتمادية، بالإضافة إلى الكميات العالية من الإنتاجية مصنع الفولاذ الحديث هو أحد المصانع المعروفة بالجودة العالية و الإعتمادية، بالإضافة إلى الكميات العالية من الإنتاجية مصنع الفولاذ الحديث هو أحد المصانع المعروفة بالجودة العالية و الإعتمادية، بالإضافة إلى الكميات العالية من الإنتاجية', 7, 2),
(15, 'العمل في مشروع جدة للفولاذ', 'مصنع الفولاذ الحديث هو أحد المصانع المعروفة بالجودة العالية و الإعتمادية، بالإضافة إلى الكميات العالية من الإنتاجية مصنع الفولاذ الحديث هو أحد المصانع المعروفة بالجودة العالية و الإعتمادية، بالإضافة إلى الكميات العالية من الإنتاجية مصنع الفولاذ الحديث هو أحد المصانع المعروفة بالجودة العالية و الإعتمادية، بالإضافة إلى الكميات العالية من الإنتاجية مصنع الفولاذ الحديث هو أحد المصانع المعروفة بالجودة العالية و الإعتمادية، بالإضافة إلى الكميات العالية من الإنتاجية', 8, 1),
(16, 'العمل في مشروع جدة للفولاذ', 'مصنع الفولاذ الحديث هو أحد المصانع المعروفة بالجودة العالية و الإعتمادية، بالإضافة إلى الكميات العالية من الإنتاجية مصنع الفولاذ الحديث هو أحد المصانع المعروفة بالجودة العالية و الإعتمادية، بالإضافة إلى الكميات العالية من الإنتاجية مصنع الفولاذ الحديث هو أحد المصانع المعروفة بالجودة العالية و الإعتمادية، بالإضافة إلى الكميات العالية من الإنتاجية مصنع الفولاذ الحديث هو أحد المصانع المعروفة بالجودة العالية و الإعتمادية، بالإضافة إلى الكميات العالية من الإنتاجية', 8, 2),
(17, 'العمل في مشروع جدة للفولاذ', 'مصنع الفولاذ الحديث هو أحد المصانع المعروفة بالجودة العالية و الإعتمادية، بالإضافة إلى الكميات العالية من الإنتاجية مصنع الفولاذ الحديث هو أحد المصانع المعروفة بالجودة العالية و الإعتمادية، بالإضافة إلى الكميات العالية من الإنتاجية مصنع الفولاذ الحديث هو أحد المصانع المعروفة بالجودة العالية و الإعتمادية، بالإضافة إلى الكميات العالية من الإنتاجية مصنع الفولاذ الحديث هو أحد المصانع المعروفة بالجودة العالية و الإعتمادية، بالإضافة إلى الكميات العالية من الإنتاجية', 9, 1),
(18, 'العمل في مشروع جدة للفولاذ', 'مصنع الفولاذ الحديث هو أحد المصانع المعروفة بالجودة العالية و الإعتمادية، بالإضافة إلى الكميات العالية من الإنتاجية مصنع الفولاذ الحديث هو أحد المصانع المعروفة بالجودة العالية و الإعتمادية، بالإضافة إلى الكميات العالية من الإنتاجية مصنع الفولاذ الحديث هو أحد المصانع المعروفة بالجودة العالية و الإعتمادية، بالإضافة إلى الكميات العالية من الإنتاجية مصنع الفولاذ الحديث هو أحد المصانع المعروفة بالجودة العالية و الإعتمادية، بالإضافة إلى الكميات العالية من الإنتاجية', 9, 2),
(19, 'العمل في مشروع جدة للفولاذ', 'مصنع الفولاذ الحديث هو أحد المصانع المعروفة بالجودة العالية و الإعتمادية، بالإضافة إلى الكميات العالية من الإنتاجية مصنع الفولاذ الحديث هو أحد المصانع المعروفة بالجودة العالية و الإعتمادية، بالإضافة إلى الكميات العالية من الإنتاجية مصنع الفولاذ الحديث هو أحد المصانع المعروفة بالجودة العالية و الإعتمادية، بالإضافة إلى الكميات العالية من الإنتاجية مصنع الفولاذ الحديث هو أحد المصانع المعروفة بالجودة العالية و الإعتمادية، بالإضافة إلى الكميات العالية من الإنتاجية', 10, 1),
(20, 'العمل في مشروع جدة للفولاذ', 'مصنع الفولاذ الحديث هو أحد المصانع المعروفة بالجودة العالية و الإعتمادية، بالإضافة إلى الكميات العالية من الإنتاجية مصنع الفولاذ الحديث هو أحد المصانع المعروفة بالجودة العالية و الإعتمادية، بالإضافة إلى الكميات العالية من الإنتاجية مصنع الفولاذ الحديث هو أحد المصانع المعروفة بالجودة العالية و الإعتمادية، بالإضافة إلى الكميات العالية من الإنتاجية مصنع الفولاذ الحديث هو أحد المصانع المعروفة بالجودة العالية و الإعتمادية، بالإضافة إلى الكميات العالية من الإنتاجية', 10, 2),
(21, 'العمل في مشروع جدة للفولاذ', 'مصنع الفولاذ الحديث هو أحد المصانع المعروفة بالجودة العالية و الإعتمادية، بالإضافة إلى الكميات العالية من الإنتاجية مصنع الفولاذ الحديث هو أحد المصانع المعروفة بالجودة العالية و الإعتمادية، بالإضافة إلى الكميات العالية من الإنتاجية مصنع الفولاذ الحديث هو أحد المصانع المعروفة بالجودة العالية و الإعتمادية، بالإضافة إلى الكميات العالية من الإنتاجية مصنع الفولاذ الحديث هو أحد المصانع المعروفة بالجودة العالية و الإعتمادية، بالإضافة إلى الكميات العالية من الإنتاجية', 11, 1),
(22, 'العمل في مشروع جدة للفولاذ', 'مصنع الفولاذ الحديث هو أحد المصانع المعروفة بالجودة العالية و الإعتمادية، بالإضافة إلى الكميات العالية من الإنتاجية مصنع الفولاذ الحديث هو أحد المصانع المعروفة بالجودة العالية و الإعتمادية، بالإضافة إلى الكميات العالية من الإنتاجية مصنع الفولاذ الحديث هو أحد المصانع المعروفة بالجودة العالية و الإعتمادية، بالإضافة إلى الكميات العالية من الإنتاجية مصنع الفولاذ الحديث هو أحد المصانع المعروفة بالجودة العالية و الإعتمادية، بالإضافة إلى الكميات العالية من الإنتاجية', 11, 2),
(23, 'العمل في مشروع جدة للفولاذ', 'مصنع الفولاذ الحديث هو أحد المصانع المعروفة بالجودة العالية و الإعتمادية، بالإضافة إلى الكميات العالية من الإنتاجية مصنع الفولاذ الحديث هو أحد المصانع المعروفة بالجودة العالية و الإعتمادية، بالإضافة إلى الكميات العالية من الإنتاجية مصنع الفولاذ الحديث هو أحد المصانع المعروفة بالجودة العالية و الإعتمادية، بالإضافة إلى الكميات العالية من الإنتاجية مصنع الفولاذ الحديث هو أحد المصانع المعروفة بالجودة العالية و الإعتمادية، بالإضافة إلى الكميات العالية من الإنتاجية', 12, 1),
(24, 'العمل في مشروع جدة للفولاذ', 'مصنع الفولاذ الحديث هو أحد المصانع المعروفة بالجودة العالية و الإعتمادية، بالإضافة إلى الكميات العالية من الإنتاجية مصنع الفولاذ الحديث هو أحد المصانع المعروفة بالجودة العالية و الإعتمادية، بالإضافة إلى الكميات العالية من الإنتاجية مصنع الفولاذ الحديث هو أحد المصانع المعروفة بالجودة العالية و الإعتمادية، بالإضافة إلى الكميات العالية من الإنتاجية مصنع الفولاذ الحديث هو أحد المصانع المعروفة بالجودة العالية و الإعتمادية، بالإضافة إلى الكميات العالية من الإنتاجية', 12, 2),
(25, 'العمل في مشروع جدة للفولاذ', 'مصنع الفولاذ الحديث هو أحد المصانع المعروفة بالجودة العالية و الإعتمادية، بالإضافة إلى الكميات العالية من الإنتاجية مصنع الفولاذ الحديث هو أحد المصانع المعروفة بالجودة العالية و الإعتمادية، بالإضافة إلى الكميات العالية من الإنتاجية مصنع الفولاذ الحديث هو أحد المصانع المعروفة بالجودة العالية و الإعتمادية، بالإضافة إلى الكميات العالية من الإنتاجية مصنع الفولاذ الحديث هو أحد المصانع المعروفة بالجودة العالية و الإعتمادية، بالإضافة إلى الكميات العالية من الإنتاجية', 13, 1),
(26, 'العمل في مشروع جدة للفولاذ', 'مصنع الفولاذ الحديث هو أحد المصانع المعروفة بالجودة العالية و الإعتمادية، بالإضافة إلى الكميات العالية من الإنتاجية مصنع الفولاذ الحديث هو أحد المصانع المعروفة بالجودة العالية و الإعتمادية، بالإضافة إلى الكميات العالية من الإنتاجية مصنع الفولاذ الحديث هو أحد المصانع المعروفة بالجودة العالية و الإعتمادية، بالإضافة إلى الكميات العالية من الإنتاجية مصنع الفولاذ الحديث هو أحد المصانع المعروفة بالجودة العالية و الإعتمادية، بالإضافة إلى الكميات العالية من الإنتاجية', 13, 2),
(27, 'العمل في مشروع جدة للفولاذ', 'مصنع الفولاذ الحديث هو أحد المصانع المعروفة بالجودة العالية و الإعتمادية، بالإضافة إلى الكميات العالية من الإنتاجية مصنع الفولاذ الحديث هو أحد المصانع المعروفة بالجودة العالية و الإعتمادية، بالإضافة إلى الكميات العالية من الإنتاجية مصنع الفولاذ الحديث هو أحد المصانع المعروفة بالجودة العالية و الإعتمادية، بالإضافة إلى الكميات العالية من الإنتاجية مصنع الفولاذ الحديث هو أحد المصانع المعروفة بالجودة العالية و الإعتمادية، بالإضافة إلى الكميات العالية من الإنتاجية', 14, 1),
(28, 'العمل في مشروع جدة للفولاذ', 'مصنع الفولاذ الحديث هو أحد المصانع المعروفة بالجودة العالية و الإعتمادية، بالإضافة إلى الكميات العالية من الإنتاجية مصنع الفولاذ الحديث هو أحد المصانع المعروفة بالجودة العالية و الإعتمادية، بالإضافة إلى الكميات العالية من الإنتاجية مصنع الفولاذ الحديث هو أحد المصانع المعروفة بالجودة العالية و الإعتمادية، بالإضافة إلى الكميات العالية من الإنتاجية مصنع الفولاذ الحديث هو أحد المصانع المعروفة بالجودة العالية و الإعتمادية، بالإضافة إلى الكميات العالية من الإنتاجية', 14, 2),
(29, 'العمل في مشروع جدة للفولاذ', 'مصنع الفولاذ الحديث هو أحد المصانع المعروفة بالجودة العالية و الإعتمادية، بالإضافة إلى الكميات العالية من الإنتاجية مصنع الفولاذ الحديث هو أحد المصانع المعروفة بالجودة العالية و الإعتمادية، بالإضافة إلى الكميات العالية من الإنتاجية مصنع الفولاذ الحديث هو أحد المصانع المعروفة بالجودة العالية و الإعتمادية، بالإضافة إلى الكميات العالية من الإنتاجية مصنع الفولاذ الحديث هو أحد المصانع المعروفة بالجودة العالية و الإعتمادية، بالإضافة إلى الكميات العالية من الإنتاجية', 15, 1),
(30, 'العمل في مشروع جدة للفولاذ', 'مصنع الفولاذ الحديث هو أحد المصانع المعروفة بالجودة العالية و الإعتمادية، بالإضافة إلى الكميات العالية من الإنتاجية مصنع الفولاذ الحديث هو أحد المصانع المعروفة بالجودة العالية و الإعتمادية، بالإضافة إلى الكميات العالية من الإنتاجية مصنع الفولاذ الحديث هو أحد المصانع المعروفة بالجودة العالية و الإعتمادية، بالإضافة إلى الكميات العالية من الإنتاجية مصنع الفولاذ الحديث هو أحد المصانع المعروفة بالجودة العالية و الإعتمادية، بالإضافة إلى الكميات العالية من الإنتاجية', 15, 2),
(31, 'العمل في مشروع جدة للفولاذ', 'مصنع الفولاذ الحديث هو أحد المصانع المعروفة بالجودة العالية و الإعتمادية، بالإضافة إلى الكميات العالية من الإنتاجية مصنع الفولاذ الحديث هو أحد المصانع المعروفة بالجودة العالية و الإعتمادية، بالإضافة إلى الكميات العالية من الإنتاجية مصنع الفولاذ الحديث هو أحد المصانع المعروفة بالجودة العالية و الإعتمادية، بالإضافة إلى الكميات العالية من الإنتاجية مصنع الفولاذ الحديث هو أحد المصانع المعروفة بالجودة العالية و الإعتمادية، بالإضافة إلى الكميات العالية من الإنتاجية', 16, 1),
(32, 'العمل في مشروع جدة للفولاذ', 'مصنع الفولاذ الحديث هو أحد المصانع المعروفة بالجودة العالية و الإعتمادية، بالإضافة إلى الكميات العالية من الإنتاجية مصنع الفولاذ الحديث هو أحد المصانع المعروفة بالجودة العالية و الإعتمادية، بالإضافة إلى الكميات العالية من الإنتاجية مصنع الفولاذ الحديث هو أحد المصانع المعروفة بالجودة العالية و الإعتمادية، بالإضافة إلى الكميات العالية من الإنتاجية مصنع الفولاذ الحديث هو أحد المصانع المعروفة بالجودة العالية و الإعتمادية، بالإضافة إلى الكميات العالية من الإنتاجية', 16, 2),
(33, 'العمل في مشروع جدة للفولاذ', 'مصنع الفولاذ الحديث هو أحد المصانع المعروفة بالجودة العالية و الإعتمادية، بالإضافة إلى الكميات العالية من الإنتاجية مصنع الفولاذ الحديث هو أحد المصانع المعروفة بالجودة العالية و الإعتمادية، بالإضافة إلى الكميات العالية من الإنتاجية مصنع الفولاذ الحديث هو أحد المصانع المعروفة بالجودة العالية و الإعتمادية، بالإضافة إلى الكميات العالية من الإنتاجية مصنع الفولاذ الحديث هو أحد المصانع المعروفة بالجودة العالية و الإعتمادية، بالإضافة إلى الكميات العالية من الإنتاجية', 17, 1),
(34, 'العمل في مشروع جدة للفولاذ', 'مصنع الفولاذ الحديث هو أحد المصانع المعروفة بالجودة العالية و الإعتمادية، بالإضافة إلى الكميات العالية من الإنتاجية مصنع الفولاذ الحديث هو أحد المصانع المعروفة بالجودة العالية و الإعتمادية، بالإضافة إلى الكميات العالية من الإنتاجية مصنع الفولاذ الحديث هو أحد المصانع المعروفة بالجودة العالية و الإعتمادية، بالإضافة إلى الكميات العالية من الإنتاجية مصنع الفولاذ الحديث هو أحد المصانع المعروفة بالجودة العالية و الإعتمادية، بالإضافة إلى الكميات العالية من الإنتاجية', 17, 2),
(37, 'العمل في مشروع جدة للفولاذ1', '<p>مصنع الفولاذ الحديث هو أحد المصانع المعروفة بالجودة العالية و الإعتمادية، بالإضافة إلى الكميات العالية من الإنتاجية مصنع الفولاذ الحديث هو أحد المصانع المعروفة بالجودة العالية و الإعتمادية، بالإضافة إلى الكميات العالية من الإنتاجية مصنع الفولاذ الحديث هو أحد المصانع المعروفة بالجودة العالية و الإعتمادية، بالإضافة إلى الكميات العالية من الإنتاجية مصنع الفولاذ الحديث هو أحد المصانع المعروفة بالجودة العالية و الإعتمادية، بالإضافة إلى الكميات العالية من الإنتاجية1</p>', 18, 1),
(38, 'Work on Jeddah Steel Project 1', '<p>The modern steel factory is one of the factories known for its high quality and reliability, in addition to the high quantities of productivity The modern steel factory is one of the factories known for its high quality and reliability, in addition to the high quantities of productivity The modern steel factory is one of the factories known for its high quality and reliability, in addition to High Quantities of Productivity The modern steel factory is one of the factories known for its high quality and reliability, in addition to the high amounts of productivity1</p>', 18, 2);

-- --------------------------------------------------------

--
-- Table structure for table `jobs`
--

CREATE TABLE `jobs` (
  `id` bigint UNSIGNED NOT NULL,
  `queue` varchar(191) NOT NULL,
  `payload` longtext NOT NULL,
  `attempts` tinyint UNSIGNED NOT NULL,
  `reserved_at` int UNSIGNED DEFAULT NULL,
  `available_at` int UNSIGNED NOT NULL,
  `created_at` int UNSIGNED NOT NULL
) ENGINE=MyISAM DEFAULT CHARSET=utf8mb3;

-- --------------------------------------------------------

--
-- Table structure for table `job_applications`
--

CREATE TABLE `job_applications` (
  `id` bigint UNSIGNED NOT NULL,
  `name` varchar(100) NOT NULL,
  `email` varchar(50) NOT NULL,
  `phone` varchar(15) NOT NULL,
  `birth_date` date NOT NULL,
  `job_name` varchar(100) NOT NULL,
  `country_name` varchar(50) DEFAULT NULL,
  `country_id` bigint UNSIGNED DEFAULT NULL,
  `cv` varchar(200) NOT NULL,
  `created_at` timestamp NULL DEFAULT NULL,
  `updated_at` timestamp NULL DEFAULT NULL,
  `deleted_at` timestamp NULL DEFAULT NULL
) ENGINE=MyISAM DEFAULT CHARSET=utf8mb3;

--
-- Dumping data for table `job_applications`
--

INSERT INTO `job_applications` (`id`, `name`, `email`, `phone`, `birth_date`, `job_name`, `country_name`, `country_id`, `cv`, `created_at`, `updated_at`, `deleted_at`) VALUES
(1, 'إسم المستخدما هنا', 'sanford.donnell@example.com', '+2553189316924', '1996-01-22', 'إسم الوظيفة المقدم عليها هنا', 'Bermuda', NULL, 'assets/admin/images/logo.png', '2022-05-01 22:48:03', '2022-05-01 22:48:03', NULL),
(2, 'إسم المستخدما هنا', 'olga86@example.com', '+1881399570768', '2001-06-06', 'إسم الوظيفة المقدم عليها هنا', 'Saint Vincent and the Grenadines', NULL, 'assets/admin/images/logo.png', '2022-05-01 22:48:03', '2022-05-01 22:48:03', NULL),
(3, 'إسم المستخدما هنا', 'russel24@example.com', '+8774678897194', '1993-01-02', 'إسم الوظيفة المقدم عليها هنا', 'Svalbard & Jan Mayen Islands', NULL, 'assets/admin/images/logo.png', '2022-05-01 22:48:03', '2022-05-01 22:48:03', NULL),
(4, 'إسم المستخدما هنا', 'rkemmer@example.com', '+4321982735984', '2006-12-03', 'إسم الوظيفة المقدم عليها هنا', 'French Polynesia', NULL, 'assets/admin/images/logo.png', '2022-05-01 22:48:03', '2022-05-01 22:48:03', NULL),
(5, 'إسم المستخدما هنا', 'angie33@example.com', '+6182862954134', '1979-01-12', 'إسم الوظيفة المقدم عليها هنا', 'El Salvador', NULL, 'assets/admin/images/logo.png', '2022-05-01 22:48:03', '2022-05-01 22:48:03', NULL),
(6, 'إسم المستخدما هنا', 'kuhlman.alda@example.org', '+7267790806771', '2008-01-25', 'إسم الوظيفة المقدم عليها هنا', 'San Marino', NULL, 'assets/admin/images/logo.png', '2022-05-01 22:48:03', '2022-05-01 22:48:03', NULL),
(7, 'إسم المستخدما هنا', 'qreinger@example.com', '+2318070845570', '2002-08-18', 'إسم الوظيفة المقدم عليها هنا', 'Armenia', NULL, 'assets/admin/images/logo.png', '2022-05-01 22:48:03', '2022-05-01 22:48:03', NULL),
(8, 'إسم المستخدما هنا', 'mayert.lawrence@example.net', '+1784378113269', '1972-09-28', 'إسم الوظيفة المقدم عليها هنا', 'Romania', NULL, 'assets/admin/images/logo.png', '2022-05-01 22:48:03', '2022-05-01 22:48:03', NULL),
(9, 'إسم المستخدما هنا', 'ewald.nolan@example.net', '+9924712402411', '2019-12-30', 'إسم الوظيفة المقدم عليها هنا', 'Uzbekistan', NULL, 'assets/admin/images/logo.png', '2022-05-01 22:48:03', '2022-05-01 22:48:03', NULL),
(10, 'إسم المستخدما هنا', 'idamore@example.org', '+6019142815787', '1996-07-03', 'إسم الوظيفة المقدم عليها هنا', 'Rwanda', NULL, 'assets/admin/images/logo.png', '2022-05-01 22:48:03', '2022-05-01 22:48:03', NULL),
(11, 'محمد سلام', 'mosallam06@gmail.com', '0530345592', '2022-01-01', 'مبرمج', 'مصر', NULL, '/uploads/images/job_applications_files/1652362504_sJ913mSk1ebqwTCU9u5C.png', '2022-05-12 13:35:04', '2022-05-12 13:35:04', NULL),
(12, 'محمد سلام', 'mosallam061@gmail.com', '0530345111', '2022-01-01', 'مبرمج', 'مصر', NULL, '/uploads/images/job_applications_files/1652362552_2RpfvMS8JJtizvVmytRQ.pdf', '2022-05-12 13:35:52', '2022-05-12 13:35:52', NULL),
(13, 'ahmed mohamed lotfy', 'ahmedlotfy492@gmail.com', '0588888877', '2008-07-10', 'test', 'مصر', NULL, '/uploads/images/job_applications_files/1652595946_yqu5lq0iZzq6vpNJ7Dyc.pdf', '2022-05-15 06:25:46', '2022-05-15 06:25:46', NULL);

-- --------------------------------------------------------

--
-- Table structure for table `landings`
--

CREATE TABLE `landings` (
  `id` bigint UNSIGNED NOT NULL,
  `created_at` timestamp NULL DEFAULT NULL,
  `updated_at` timestamp NULL DEFAULT NULL,
  `deleted_at` timestamp NULL DEFAULT NULL
) ENGINE=InnoDB DEFAULT CHARSET=utf8mb3;

-- --------------------------------------------------------

--
-- Table structure for table `languages`
--

CREATE TABLE `languages` (
  `id` bigint UNSIGNED NOT NULL,
  `local` char(2) NOT NULL,
  `name` varchar(50) NOT NULL,
  `status` tinyint(1) NOT NULL DEFAULT '1' COMMENT 'whether the language is active in the website or not, 1-> is active',
  `admin_status` tinyint(1) NOT NULL DEFAULT '1' COMMENT 'whether the language is active in the dashboard or not, 1-> is active',
  `deleted_at` timestamp NULL DEFAULT NULL,
  `created_at` timestamp NULL DEFAULT NULL,
  `updated_at` timestamp NULL DEFAULT NULL
) ENGINE=InnoDB DEFAULT CHARSET=utf8mb3;

--
-- Dumping data for table `languages`
--

INSERT INTO `languages` (`id`, `local`, `name`, `status`, `admin_status`, `deleted_at`, `created_at`, `updated_at`) VALUES
(1, 'ar', 'Arabic', 1, 1, NULL, NULL, NULL),
(2, 'en', 'English', 1, 1, NULL, NULL, NULL);

-- --------------------------------------------------------

--
-- Table structure for table `mail_lists`
--

CREATE TABLE `mail_lists` (
  `id` bigint UNSIGNED NOT NULL,
  `send_to` varchar(191) DEFAULT NULL,
  `subject` varchar(191) DEFAULT NULL,
  `message` text,
  `categories` text,
  `created_at` timestamp NULL DEFAULT NULL,
  `updated_at` timestamp NULL DEFAULT NULL
) ENGINE=MyISAM DEFAULT CHARSET=utf8mb3;

-- --------------------------------------------------------

--
-- Table structure for table `migrations`
--

CREATE TABLE `migrations` (
  `id` int UNSIGNED NOT NULL,
  `migration` varchar(191) NOT NULL,
  `batch` int NOT NULL
) ENGINE=MyISAM DEFAULT CHARSET=utf8mb3;

--
-- Dumping data for table `migrations`
--

INSERT INTO `migrations` (`id`, `migration`, `batch`) VALUES
(1, '2014_10_12_000000_create_users_table', 1),
(2, '2014_10_12_100000_create_password_resets_table', 1),
(3, '2020_03_23_152956_create_modules_table', 1),
(4, '2020_03_24_152330_create_user_modules_table', 1),
(5, '2020_03_26_123015_create_notifications_table', 1),
(6, '2020_03_28_090214_create_languages_table', 1),
(7, '2020_04_27_132905_create_article_table', 1),
(8, '2020_04_27_133349_create_article_description_table', 1),
(9, '2020_04_27_133350_create_supplier_table', 1),
(10, '2020_04_27_133351_create_supplier_description_table', 1),
(11, '2020_04_27_140305_create_article_photo', 1),
(12, '2020_05_17_193914_create_newsletter_table', 1),
(13, '2020_05_18_084100_create_jobs_table', 1),
(14, '2020_05_18_103912_create_failed_jobs_table', 1),
(15, '2020_05_19_200043_create_visitor_message_table', 1),
(16, '2020_05_30_155342_create_mail_list_table', 1),
(17, '2020_05_31_104303_create_visitor_message_replies_table', 1),
(18, '2020_06_01_181915_create_setting_table', 1),
(19, '2020_06_06_155249_create_website_visitor_table', 1),
(20, '2021_04_10_182617_create_testimonial_table', 1),
(21, '2021_04_10_182634_create_testimonial_description_table', 1),
(22, '2021_04_10_203808_create_bank_table', 1),
(23, '2021_04_10_203838_create_bank_description_table', 1),
(24, '2021_07_26_125152_create_photo_gallery_table', 1),
(25, '2021_07_26_125152_create_slider_table', 1),
(26, '2021_07_26_125232_create_photo_gallery_description_table', 1),
(27, '2021_07_26_125232_create_slider_description_table', 1),
(28, '2021_08_02_195127_create_country_table', 1),
(29, '2021_08_02_195128_create_country_description_table', 1),
(30, '2022_02_10_111711_create_landings_table', 1),
(31, '2022_02_12_192626_create_service_table', 1),
(32, '2022_02_12_192655_create_service_descriptions_table', 1),
(33, '2022_04_14_170634_create_products_table', 1),
(34, '2022_04_14_170729_create_product_descriptions_table', 1),
(35, '2022_04_17_190003_create_occasions_table', 1),
(36, '2022_04_17_190050_create_occasion_descriptions_table', 1),
(37, '2022_04_19_230114_create_job_applications_table', 1),
(38, '2022_04_21_161232_create_gucs_table', 1),
(39, '2022_04_21_161306_create_guc_descriptions_table', 1),
(40, '2022_04_21_185209_create_pages_table', 1),
(41, '2022_04_21_185457_create_page_descriptions_table', 1);

-- --------------------------------------------------------

--
-- Table structure for table `modules`
--

CREATE TABLE `modules` (
  `id` bigint UNSIGNED NOT NULL,
  `name` varchar(100) NOT NULL,
  `path` varchar(50) NOT NULL,
  `meta` longtext CHARACTER SET utf8mb4 COLLATE utf8mb4_bin,
  `created_at` timestamp NULL DEFAULT NULL,
  `updated_at` timestamp NULL DEFAULT NULL,
  `deleted_at` timestamp NULL DEFAULT NULL
) ENGINE=InnoDB DEFAULT CHARSET=utf8mb3;

--
-- Dumping data for table `modules`
--

INSERT INTO `modules` (`id`, `name`, `path`, `meta`, `created_at`, `updated_at`, `deleted_at`) VALUES
(1, 'Banks', 'banks', '{\"module_name\":{\"ar\":\"\\u0627\\u0644\\u0628\\u0646\\u0648\\u0643\",\"en\":\"Banks\"},\"fields\":{\"ar\":{\"new\":\"\\u0625\\u0636\\u0627\\u0641\\u0629 \\u0628\\u0646\\u0643 \\u062c\\u062f\\u064a\\u062f\",\"url\":\"\\u0627\\u0644\\u0631\\u0627\\u0628\\u0637\",\"edit\":\"\\u062a\\u0639\\u062f\\u064a\\u0644 \\u0628\\u0646\\u0643\",\"image\":\"\\u0627\\u0644\\u0635\\u0648\\u0631\\u0629\"},\"en\":{\"new\":\"Add New banks\",\"url\":\"url\",\"edit\":\"Edit banks\",\"image\":\"Image\"}}}', '2022-05-01 22:47:21', '2023-03-26 11:19:34', NULL),
(2, 'Countries', 'countries', '{\"module_name\":{\"ar\":\"\\u0627\\u0644\\u062f\\u0648\\u0644\",\"en\":\"Countries\"},\"fields\":{\"ar\":{\"new\":\"\\u0625\\u0636\\u0627\\u0641\\u0629 \\u062f\\u0648\\u0644\\u0629 \\u062c\\u062f\\u064a\\u062f\\u0629\",\"edit\":\"\\u062a\\u0639\\u062f\\u064a\\u0644 \\u062f\\u0648\\u0644\\u0629\",\"name\":\"\\u0627\\u0644\\u0625\\u0633\\u0645\"},\"en\":{\"new\":\"Add New country\",\"edit\":\"Edit country\",\"name\":\"Name\"}}}', '2022-05-01 22:47:21', '2023-03-26 11:19:34', NULL),
(3, 'Photo galleries', 'photoGalleries', '{\"module_name\":{\"ar\":\"\\u0645\\u0639\\u0631\\u0636 \\u0627\\u0644\\u0635\\u0648\\u0631\",\"en\":\"Photo galleries\"},\"fields\":{\"ar\":{\"new\":\"\\u0625\\u0636\\u0627\\u0641\\u0629 \\u0635\\u0648\\u0631\\u0629 \\u062c\\u062f\\u064a\\u062f\\u0629\",\"edit\":\"\\u062a\\u0639\\u062f\\u064a\\u0644 \\u0627\\u0644\\u0635\\u0648\\u0631\\u0629\",\"image\":\"\\u0627\\u0644\\u0635\\u0648\\u0631\\u0629\",\"title\":\"\\u0627\\u0644\\u0639\\u0646\\u0648\\u0627\\u0646\",\"show_in_home\":\"\\u0639\\u0631\\u0636 \\u0627\\u0644\\u0635\\u0648\\u0631\\u0629 \\u0628\\u0645\\u0639\\u0631\\u0636 \\u0627\\u0644\\u0635\\u0648\\u0631 \\u0641\\u064a \\u0627\\u0644\\u0631\\u0626\\u064a\\u0633\\u064a\\u0629\"},\"en\":{\"new\":\"Add New Gallery\",\"edit\":\"Edit Photo Gallery\",\"image\":\"Image\",\"title\":\"Title\",\"show_in_home\":\"View the image in the gallery in home\"}}}', '2022-05-01 22:47:21', '2023-03-26 11:19:34', NULL),
(4, 'Sliders', 'sliders', '{\"module_name\":{\"ar\":\"\\u0627\\u0644\\u0633\\u0644\\u0627\\u064a\\u062f\\u0631\",\"en\":\"Sliders\"},\"fields\":{\"ar\":{\"new\":\"\\u0625\\u0636\\u0627\\u0641\\u0629 \\u0633\\u0644\\u0627\\u064a\\u062f\\u0631 \\u062c\\u062f\\u064a\\u062f\",\"url\":\"\\u0631\\u0627\\u0628\\u0637 \\u0627\\u0644\\u0633\\u0644\\u0627\\u064a\\u062f\\u0631\",\"edit\":\"\\u062a\\u0639\\u062f\\u064a\\u0644 \\u0633\\u0644\\u0627\\u064a\\u062f\\u0631\",\"image\":\"\\u0627\\u0644\\u0635\\u0648\\u0631\\u0629\",\"title\":\"\\u0627\\u0644\\u0639\\u0646\\u0648\\u0627\\u0646\"},\"en\":{\"new\":\"Add New slider\",\"url\":\"Slider url\",\"edit\":\"Edit slider\",\"image\":\"Image\",\"title\":\"Title\"}}}', '2022-05-01 22:47:21', '2023-03-26 11:19:34', NULL),
(5, 'Articles', 'articles', '{\"module_name\":{\"ar\":\"\\u0627\\u0644\\u0645\\u0642\\u0627\\u0644\\u0627\\u062a\",\"en\":\"Articles\"},\"fields\":{\"ar\":{\"new\":\"\\u0625\\u0636\\u0627\\u0641\\u0629 \\u0645\\u0642\\u0627\\u0644 \\u062c\\u062f\\u064a\\u062f\",\"edit\":\"\\u062a\\u0639\\u062f\\u064a\\u0644 \\u0645\\u0642\\u0627\\u0644\",\"slug\":\"The URL Slug\",\"image\":\"\\u0627\\u0644\\u0635\\u0648\\u0631\\u0629 \\u0627\\u0644\\u062f\\u0627\\u062e\\u0644\\u064a\\u0629\",\"title\":\"\\u0627\\u0644\\u0639\\u0646\\u0648\\u0627\\u0646\",\"rating\":\"\\u062a\\u0635\\u0646\\u064a\\u0641 \\u0627\\u0644\\u062e\\u0628\\u0631\",\"keywords\":\"\\u0643\\u0644\\u0645\\u0627\\u062a \\u062a\\u0646\\u0634\\u064a\\u0637 \\u0645\\u062d\\u0631\\u0643 \\u0627\\u0644\\u0628\\u062d\\u062b\",\"description\":\"\\u0627\\u0644\\u0648\\u0635\\u0641\",\"meta_description\":\"\\u0627\\u0644\\u0643\\u0644\\u0645\\u0627\\u062a \\u0627\\u0644\\u0648\\u0635\\u0641\\u064a\\u0629\"},\"en\":{\"new\":\"Add New Article\",\"edit\":\"Edit Article\",\"slug\":\"The URL Slug\",\"image\":\"The Image\",\"title\":\"The Title\",\"rating\":\"Article rating\",\"keywords\":\"SEO keywords\",\"description\":\"The Description\",\"meta_description\":\"Meta Description\"}}}', '2022-05-01 22:47:21', '2023-03-26 11:19:34', NULL),
(6, 'Services', 'services', '{\"module_name\":{\"ar\":\"\\u0627\\u0644\\u062e\\u062f\\u0645\\u0627\\u062a\",\"en\":\"Services\"},\"fields\":{\"ar\":{\"new\":\"\\u0625\\u0636\\u0627\\u0641\\u0629 \\u062e\\u062f\\u0645\\u0629 \\u062c\\u062f\\u064a\\u062f\\u0629\",\"edit\":\"\\u062a\\u0639\\u062f\\u064a\\u0644 \\u062e\\u062f\\u0645\\u0629\",\"name\":\"\\u0625\\u0633\\u0645 \\u0627\\u0644\\u062e\\u062f\\u0645\\u0629\",\"images\":\"\\u0635\\u0648\\u0631 \\u0627\\u0644\\u062e\\u062f\\u0645\\u0629\",\"description\":\"\\u062a\\u0641\\u0627\\u0635\\u064a\\u0644 \\u0627\\u0644\\u062e\\u062f\\u0645\\u0629\"},\"en\":{\"new\":\"Add new service\",\"edit\":\"Edit service\",\"name\":\"Service name\",\"images\":\"Service images\",\"description\":\"Service details\"}}}', '2022-05-01 22:47:22', '2023-03-26 11:19:34', NULL),
(7, 'Products', 'products', '{\"module_name\":{\"ar\":\"\\u0627\\u0644\\u0645\\u0646\\u062a\\u062c\\u0627\\u062a\",\"en\":\"Products\"},\"fields\":{\"ar\":{\"new\":\"\\u0625\\u0636\\u0627\\u0641\\u0629 \\u0645\\u0646\\u062a\\u062c \\u062c\\u062f\\u064a\\u062f\",\"edit\":\"\\u062a\\u0639\\u062f\\u064a\\u0644 \\u0645\\u0646\\u062a\\u062c\",\"name\":\"\\u0625\\u0633\\u0645 \\u0627\\u0644\\u0645\\u062a\\u062c\",\"images\":\"\\u0635\\u0648\\u0631 \\u0627\\u0644\\u0645\\u0646\\u062a\\u062c\",\"advantages\":\"\\u0645\\u0645\\u064a\\u0632\\u0627\\u062a \\u0627\\u0644\\u0645\\u0646\\u062a\\u062c\",\"is_special\":\"\\u0645\\u0646\\u062a\\u062c \\u0645\\u0645\\u064a\\u0632\",\"description\":\"\\u062a\\u0641\\u0627\\u0635\\u064a\\u0644 \\u0627\\u0644\\u0645\\u0646\\u062a\\u062c\"},\"en\":{\"new\":\"Add new product\",\"edit\":\"Edit product\",\"name\":\"Product name\",\"images\":\"Product images\",\"advantages\":\"Product advantages\",\"is_special\":\"Special product\",\"description\":\"Product details\"}}}', '2022-05-01 22:47:22', '2023-03-26 11:19:34', NULL),
(8, 'Supplier', 'suppliers', '{\"module_name\":{\"ar\":\"\\u0627\\u0644\\u0645\\u0648\\u0631\\u062f\\u0648\\u0646\",\"en\":\"Supplier\"},\"fields\":{\"ar\":{\"new\":\"\\u0625\\u0636\\u0627\\u0641\\u0629 \\u0645\\u0648\\u0631\\u062f \\u062c\\u062f\\u064a\\u062f\",\"edit\":\"\\u062a\\u0639\\u062f\\u064a\\u0644 \\u0645\\u0648\\u0631\\u0648\\u062f\",\"name\":\"\\u0627\\u0644\\u0625\\u0633\\u0645\",\"image\":\"\\u0627\\u0644\\u0635\\u0648\\u0631\\u0629\",\"description\":\"\\u0627\\u0644\\u0648\\u0635\\u0641\"},\"en\":{\"new\":\"Add New supplier\",\"edit\":\"Edit supplier\",\"name\":\"Name\",\"image\":\"The Image\",\"description\":\"The Description\"}}}', '2022-05-01 22:47:22', '2023-03-26 11:19:34', NULL),
(9, 'Testimonials', 'testimonials', '{\"module_name\":{\"ar\":\"\\u0645\\u0634\\u0627\\u0631\\u064a\\u0639 \\u0634\\u0627\\u0631\\u0643\\u0646\\u0627 \\u0628\\u0647\\u0627\",\"en\":\"Testimonials\"},\"fields\":{\"ar\":{\"new\":\"\\u0625\\u0636\\u0627\\u0641\\u0629 \\u0631\\u0623\\u064a \\u062c\\u062f\\u064a\\u062f\",\"edit\":\"\\u062a\\u0639\\u062f\\u064a\\u0644 \\u0631\\u0623\\u064a\",\"name\":\"\\u0627\\u0644\\u0625\\u0633\\u0645\",\"image\":\"\\u0627\\u0644\\u0635\\u0648\\u0631\\u0629\",\"status\":\"\\u0627\\u0644\\u062d\\u0627\\u0644\\u0629\",\"comment\":\"\\u0627\\u0644\\u062a\\u0639\\u0644\\u064a\\u0642\",\"job_title\":\"\\u0627\\u0644\\u0645\\u0633\\u0645\\u0649 \\u0627\\u0644\\u0648\\u0638\\u064a\\u0641\\u064a\"},\"en\":{\"new\":\"Add new testimonial\",\"edit\":\"Edit testimonial\",\"name\":\"Name\",\"image\":\"Image\",\"status\":\"Status\",\"comment\":\"Comment\",\"job_title\":\"Job title\"}}}', '2022-05-01 22:47:22', '2023-03-26 11:19:34', NULL),
(10, 'Occasions', 'occasions', '{\"module_name\":{\"ar\":\"\\u0627\\u0644\\u0645\\u0646\\u0627\\u0633\\u0628\\u0627\\u062a\",\"en\":\"Occasions\"},\"fields\":{\"ar\":{\"new\":\"\\u0625\\u0636\\u0627\\u0641\\u0629 \\u0645\\u0646\\u0627\\u0633\\u0628\\u0629 \\u062c\\u062f\\u064a\\u062f\\u0629\",\"url\":\"\\u0631\\u0627\\u0628\\u0637 \\u0627\\u0644\\u0641\\u064a\\u062f\\u064a\\u0648\",\"edit\":\"\\u062a\\u0639\\u062f\\u064a\\u0644 \\u0645\\u0646\\u0627\\u0633\\u0628\\u0629\",\"name\":\"\\u0625\\u0633\\u0645 \\u0627\\u0644\\u0641\\u064a\\u062f\\u064a\\u0648\",\"image\":\"\\u0635\\u0648\\u0631\\u0629 \\u0627\\u0644\\u0641\\u064a\\u062f\\u064a\\u0648\"},\"en\":{\"new\":\"Add new occasion\",\"url\":\"Video url\",\"edit\":\"Edit occasion\",\"name\":\"Video name\",\"image\":\"Video thumbnail\"}}}', '2022-05-01 22:47:22', '2023-03-26 11:19:34', NULL),
(11, 'Job applications', 'jobApplications', '{\"module_name\":{\"ar\":\"\\u0625\\u0633\\u062a\\u0645\\u0627\\u0631\\u0627\\u062a \\u0627\\u0644\\u062a\\u0648\\u0638\\u064a\\u0641\",\"en\":\"job applications\"},\"fields\":{\"ar\":{\"cv\":\"\\u0645\\u0644\\u0641 \\u0627\\u0644\\u0633\\u064a\\u0631\\u0629 \\u0627\\u0644\\u0630\\u0627\\u062a\\u064a\\u0629\",\"edit\":\"\\u062a\\u0641\\u0627\\u0635\\u064a\\u0644 \\u0627\\u0644\\u0625\\u0633\\u062a\\u0645\\u0627\\u0631\\u0629\",\"name\":\"\\u0645\\u0642\\u062f\\u0645 \\u0627\\u0644\\u0637\\u0644\\u0628\",\"email\":\"\\u0627\\u0644\\u0628\\u0631\\u064a\\u062f \\u0627\\u0644\\u0625\\u0644\\u0643\\u062a\\u0631\\u0648\\u0646\\u064a\",\"phone\":\"\\u0631\\u0642\\u0645 \\u0627\\u0644\\u062c\\u0648\\u0627\\u0644\",\"job_name\":\"\\u0625\\u0633\\u0645 \\u0627\\u0644\\u0648\\u0638\\u064a\\u0641\\u0629 \\u0627\\u0644\\u0645\\u0642\\u062f\\u0645 \\u0639\\u0644\\u064a\\u0647\\u0627\",\"birth_date\":\"\\u062a\\u0627\\u0631\\u064a\\u062e \\u0627\\u0644\\u0645\\u064a\\u0644\\u0627\\u062f\",\"country_name\":\"\\u0627\\u0644\\u062c\\u0646\\u0633\\u064a\\u0629\"},\"en\":{\"cv\":\"CV file\",\"edit\":\"Form details\",\"name\":\"Applicant\",\"email\":\"Email\",\"phone\":\"Phone\",\"job_name\":\"Name of the position applied for\",\"birth_date\":\"Birth date\",\"country_name\":\"Nationality\"}}}', '2022-05-01 22:47:22', '2023-03-26 11:19:34', NULL),
(12, 'GUCs', 'gucs', '{\"module_name\":{\"ar\":\"GUCs\",\"en\":\"GUCs\"},\"fields\":{\"ar\":{\"new\":\"\\u0625\\u0636\\u0627\\u0641\\u0629 GUC \\u062c\\u062f\\u064a\\u062f\",\"edit\":\"\\u062a\\u0639\\u062f\\u064a\\u0644 GUCs\",\"image\":\"\\u0627\\u0644\\u0635\\u0648\\u0631\\u0629\",\"title\":\"\\u0627\\u0644\\u0639\\u0646\\u0648\\u0627\\u0646\",\"description\":\"\\u0627\\u0644\\u0648\\u0635\\u0641\",\"civil_engineers_no\":\"\\u0639\\u062f\\u062f \\u0627\\u0644\\u0645\\u0647\\u0646\\u062f\\u0633\\u064a\\u0646 \\u0627\\u0644\\u0645\\u062f\\u0646\\u064a\\u0646\",\"general_engineers_no\":\"\\u0639\\u062f\\u062f \\u0627\\u0644\\u0645\\u0647\\u0646\\u062f\\u0633\\u064a\\u0646 \\u0627\\u0644\\u0639\\u0627\\u0645\",\"architects_engineers_no\":\"\\u0639\\u062f\\u062f \\u0627\\u0644\\u0645\\u0647\\u0646\\u062f\\u0633\\u064a\\u0646 \\u0627\\u0644\\u0645\\u0639\\u0645\\u0627\\u0631\\u064a\\u0646\"},\"en\":{\"new\":\"Add New GUC\",\"edit\":\"Edit GUC\",\"image\":\"The Image\",\"title\":\"Title\",\"description\":\"The Description\",\"civil_engineers_no\":\"Number of civil engineers\",\"general_engineers_no\":\"Number of General Engineers\",\"architects_engineers_no\":\"number of architects\"}}}', '2022-05-01 22:47:23', '2023-03-26 11:19:34', NULL),
(13, 'Pages', 'pages', '{\"module_name\":{\"ar\":\"\\u0627\\u0644\\u0635\\u0641\\u062d\\u0627\\u062a\",\"en\":\"Pages\"},\"fields\":{\"ar\":{\"new\":\"\\u0625\\u0636\\u0627\\u0641\\u0629 \\u0635\\u0641\\u062d\\u0629 \\u062c\\u062f\\u064a\\u062f\\u0629\",\"edit\":\"\\u062a\\u0639\\u062f\\u064a\\u0644 \\u0635\\u0641\\u062d\\u0629\",\"values_icon\":\"\\u0623\\u064a\\u0642\\u0648\\u0646\\u0629 \\u0642\\u064a\\u0645\\u0646\\u0627 \\u0648\\u0645\\u0628\\u0627\\u062f\\u0626\\u0646\\u0627 (\\u0645\\u0646 \\u0646\\u062d\\u0646)\",\"vision_icon\":\"\\u0623\\u064a\\u0642\\u0648\\u0646\\u0629 \\u0627\\u0644\\u0631\\u0624\\u064a\\u0629 (\\u0645\\u0646 \\u0646\\u062d\\u0646)\",\"message_icon\":\"\\u0623\\u064a\\u0642\\u0648\\u0646\\u0629 \\u0627\\u0644\\u0631\\u0633\\u0627\\u0644\\u0629 (\\u0645\\u0646 \\u0646\\u062d\\u0646)\",\"values_title\":\"\\u0639\\u0646\\u0648\\u0627\\u0646 \\u0642\\u064a\\u0645\\u0646\\u0627 \\u0648\\u0645\\u0628\\u0627\\u062f\\u0626\\u0646\\u0627 (\\u0645\\u0646 \\u0646\\u062d\\u0646)\",\"vision_title\":\"\\u0639\\u0646\\u0648\\u0627\\u0646 \\u0627\\u0644\\u0631\\u0624\\u064a\\u0629 (\\u0645\\u0646 \\u0646\\u062d\\u0646)\",\"why_us_image\":\"\\u0635\\u0648\\u0631\\u0629 \\u0644\\u0645\\u0627\\u0630\\u0627 \\u0646\\u062d\\u0646\",\"why_us_title\":\"\\u0639\\u0646\\u0648\\u0627\\u0646 \\u0644\\u0645\\u0627\\u0630\\u0627 \\u0646\\u062d\\u0646\",\"message_title\":\"\\u0639\\u0646\\u0648\\u0627\\u0646 \\u0627\\u0644\\u0631\\u0633\\u0627\\u0644\\u0629 (\\u0645\\u0646 \\u0646\\u062d\\u0646)\",\"values_description\":\"\\u0648\\u0635\\u0641 \\u0642\\u064a\\u0645\\u0646\\u0627 \\u0648\\u0645\\u0628\\u0627\\u062f\\u0626\\u0646\\u0627 (\\u0645\\u0646 \\u0646\\u062d\\u0646)\",\"vision_description\":\"\\u0648\\u0635\\u0641 \\u0627\\u0644\\u0631\\u0624\\u064a\\u0629 (\\u0645\\u0646 \\u0646\\u062d\\u0646)\",\"why_us_description\":\"\\u0648\\u0635\\u0641 \\u0644\\u0645\\u0627\\u0630\\u0627 \\u0646\\u062d\\u0646\",\"message_description\":\"\\u0648\\u0635\\u0641 \\u0627\\u0644\\u0631\\u0633\\u0627\\u0644\\u0629 (\\u0645\\u0646 \\u0646\\u062d\\u0646)\",\"culture_values_image\":\"\\u0635\\u0648\\u0631\\u0629 \\u0635\\u0641\\u062d\\u0629 \\u0627\\u0644\\u062b\\u0642\\u0627\\u0641\\u0629 \\u0648\\u0627\\u0644\\u0642\\u064a\\u0645\",\"culture_values_title\":\"\\u0639\\u0646\\u0648\\u0627\\u0646 \\u0635\\u0641\\u062d\\u0629 \\u0627\\u0644\\u062b\\u0642\\u0627\\u0641\\u0629 \\u0648\\u0627\\u0644\\u0642\\u064a\\u0645\",\"about_us_overview_image\":\"\\u0635\\u0648\\u0631\\u0629 \\u0644\\u0645\\u062d\\u0629 \\u0639\\u0627\\u0645\\u0629 (\\u0645\\u0646 \\u0646\\u062d\\u0646)\",\"about_us_overview_title\":\"\\u0639\\u0646\\u0648\\u0627\\u0646 \\u0644\\u0645\\u062d\\u0629 \\u0639\\u0627\\u0645\\u0629 (\\u0645\\u0646 \\u0646\\u062d\\u0646)\",\"why_us_experience_years\":\"\\u0631\\u0642\\u0645 \\u0633\\u0646\\u064a\\u0646 \\u0627\\u0644\\u062e\\u0628\\u0631\\u0629 (\\u0644\\u0645\\u0627\\u0630\\u0627 \\u0646\\u062d\\u0646)\",\"culture_values_description\":\"\\u0648\\u0635\\u0641 \\u0635\\u0641\\u062d\\u0629 \\u0627\\u0644\\u062b\\u0642\\u0627\\u0641\\u0629 \\u0648\\u0627\\u0644\\u0642\\u064a\\u0645\",\"about_us_overview_description\":\"\\u0648\\u0635\\u0641 \\u0644\\u0645\\u062d\\u0629 \\u0639\\u0627\\u0645\\u0629 (\\u0645\\u0646 \\u0646\\u062d\\u0646)\",\"performance_development_image\":\"\\u0635\\u0648\\u0631\\u0629 \\u0635\\u0641\\u062d\\u0629 \\u062a\\u0646\\u0645\\u064a\\u0629 \\u0648\\u062a\\u0637\\u0648\\u064a\\u0631 \\u0627\\u0644\\u0623\\u062f\\u0627\\u0621\",\"performance_development_title\":\"\\u0639\\u0646\\u0648\\u0627\\u0646 \\u0635\\u0641\\u062d\\u0629 \\u062a\\u0646\\u0645\\u064a\\u0629 \\u0648\\u062a\\u0637\\u0648\\u064a\\u0631 \\u0627\\u0644\\u0623\\u062f\\u0627\\u0621\",\"why_us_experience_years_title\":\"\\u0639\\u0646\\u0648\\u0627\\u0646 \\u0633\\u0646\\u064a\\u0646 \\u0627\\u0644\\u062e\\u0628\\u0631\\u0629 (\\u0644\\u0645\\u0627\\u0630\\u0627 \\u0646\\u062d\\u0646)\",\"about_us_company_strategy_image\":\"\\u0635\\u0648\\u0631\\u0629 \\u0625\\u0633\\u062a\\u0631\\u0627\\u062a\\u064a\\u062c\\u064a\\u0629 \\u0627\\u0644\\u0634\\u0631\\u0643\\u0629 (\\u0645\\u0646 \\u0646\\u062d\\u0646)\",\"about_us_company_strategy_title\":\"\\u0639\\u0646\\u0648\\u0627\\u0646 \\u0625\\u0633\\u062a\\u0631\\u0627\\u062a\\u064a\\u062c\\u064a\\u0629 \\u0627\\u0644\\u0634\\u0631\\u0643\\u0629 (\\u0645\\u0646 \\u0646\\u062d\\u0646)\",\"performance_development_description\":\"\\u0648\\u0635\\u0641 \\u0635\\u0641\\u062d\\u0629 \\u062a\\u0646\\u0645\\u064a\\u0629 \\u0648\\u062a\\u0637\\u0648\\u064a\\u0631 \\u0627\\u0644\\u0623\\u062f\\u0627\\u0621\",\"about_us_social_responsibility_image\":\"\\u0635\\u0648\\u0631\\u0629 \\u0627\\u0644\\u0645\\u0633\\u0624\\u0648\\u0644\\u064a\\u0629 \\u0627\\u0644\\u0627\\u062c\\u062a\\u0645\\u0627\\u0639\\u064a\\u0629 (\\u0645\\u0646 \\u0646\\u062d\\u0646)\",\"about_us_social_responsibility_title\":\"\\u0639\\u0646\\u0648\\u0627\\u0646 \\u0627\\u0644\\u0645\\u0633\\u0624\\u0648\\u0644\\u064a\\u0629 \\u0627\\u0644\\u0627\\u062c\\u062a\\u0645\\u0627\\u0639\\u064a\\u0629 (\\u0645\\u0646 \\u0646\\u062d\\u0646)\",\"about_us_company_strategy_description\":\"\\u0648\\u0635\\u0641 \\u0625\\u0633\\u062a\\u0631\\u0627\\u062a\\u064a\\u062c\\u064a\\u0629 \\u0627\\u0644\\u0634\\u0631\\u0643\\u0629 (\\u0645\\u0646 \\u0646\\u062d\\u0646)\",\"about_us_social_responsibility_description\":\"\\u0648\\u0635\\u0641 \\u0627\\u0644\\u0645\\u0633\\u0624\\u0648\\u0644\\u064a\\u0629 \\u0627\\u0644\\u0627\\u062c\\u062a\\u0645\\u0627\\u0639\\u064a\\u0629 (\\u0645\\u0646 \\u0646\\u062d\\u0646)\"},\"en\":{\"new\":\"Add New page\",\"edit\":\"Edit page\",\"values_icon\":\"Values \\u200b\\u200band Principles icon (About Us)\",\"vision_icon\":\"Vision icon (About Us)\",\"message_icon\":\"Message icon (About us)\",\"values_title\":\"Values \\u200b\\u200band principles title(Who are we)\",\"vision_title\":\"Vision title (About Us)\",\"why_us_image\":\"Why us image\",\"why_us_title\":\"Why us title\",\"message_title\":\"Message subject (About us)\",\"values_description\":\"Values \\u200b\\u200band principles description (About Us)\",\"vision_description\":\"Vision description (About Us)\",\"why_us_description\":\"Why us describe\",\"message_description\":\"Message describe (About Us)\",\"culture_values_image\":\"Culture and values \\u200b\\u200bpage image\",\"culture_values_title\":\"Culture and values \\u200b\\u200bpage title\",\"about_us_overview_image\":\"Overview image (About us)\",\"about_us_overview_title\":\"Overview title (About us)\",\"why_us_experience_years\":\"Experience years number (Why us)\",\"culture_values_description\":\"Culture and values \\u200b\\u200bpage description\",\"about_us_overview_description\":\"Overview description (About Us)\",\"performance_development_image\":\"Performance development page image\",\"performance_development_title\":\"Performance development page title\",\"why_us_experience_years_title\":\"Experience years title (Why Us)\",\"about_us_company_strategy_image\":\"Company\'s Strategy Image (About Us)\",\"about_us_company_strategy_title\":\"Company\'s Strategy Title (About Us)\",\"performance_development_description\":\"Performance development page description\",\"about_us_social_responsibility_image\":\"Social Responsibility image (About Us)\",\"about_us_social_responsibility_title\":\"Social Responsibility title (About Us)\",\"about_us_company_strategy_description\":\"Company\'s strategy Description (About Us)\",\"about_us_social_responsibility_description\":\"Social Responsibility description (About Us)\"}}}', '2022-05-01 22:47:23', '2023-03-26 11:19:34', NULL),
(14, 'News letters', 'newsletters', '{\"module_name\":{\"ar\":\"\\u0627\\u0644\\u0631\\u0633\\u0627\\u0626\\u0644 \\u0627\\u0644\\u0625\\u062e\\u0628\\u0627\\u0631\\u064a\\u0629\",\"en\":\"News letters\"},\"fields\":{\"ar\":{\"new\":\"\\u0642\\u0627\\u0626\\u0645\\u0629 \\u0627\\u0644\\u0628\\u0631\\u064a\\u062f\",\"email\":\"\\u0625\\u0631\\u0633\\u0627\\u0644 \\u0625\\u0644\\u0649\",\"message\":\"\\u0645\\u062d\\u062a\\u0648\\u0649 \\u0627\\u0644\\u0631\\u0633\\u0627\\u0644\\u0629\",\"subject\":\"\\u0645\\u0648\\u0636\\u0648\\u0639 \\u0627\\u0644\\u0631\\u0633\\u0627\\u0644\\u0629 \\u0627\\u0644\\u0625\\u062e\\u0628\\u0627\\u0631\\u064a\\u0629\",\"categories\":\"\\u0627\\u0644\\u0623\\u0642\\u0633\\u0627\\u0645\"},\"en\":{\"new\":\"Mail list\",\"email\":\"Send to\",\"message\":\"Message of Newsletters\",\"subject\":\"Subject of Newsletters\",\"categories\":\"Select Categories\"}}}', '2022-05-01 22:47:23', '2023-03-26 11:19:34', NULL),
(15, 'Contact us', 'visitorMessages', '{\"module_name\":{\"ar\":\"\\u0627\\u062a\\u0635\\u0644 \\u0628\\u0646\\u0627\",\"en\":\"Contact us\"},\"fields\":{\"ar\":{\"new\":\"\\u0631\\u062f \\u062c\\u062f\\u064a\\u062f\",\"name\":\"\\u0627\\u0644\\u0625\\u0633\\u0645 \\u0627\\u0644\\u0643\\u0627\\u0645\\u0644\",\"email\":\"\\u0627\\u0644\\u0628\\u0631\\u064a\\u062f \\u0627\\u0644\\u0625\\u0644\\u0643\\u062a\\u0631\\u0648\\u0646\\u064a\",\"reply\":\"\\u0627\\u0644\\u0631\\u062f \\u0639\\u0644\\u0649 \\u0627\\u0644\\u0631\\u0633\\u0627\\u0644\\u0629\",\"message\":\"\\u0627\\u0644\\u0631\\u0633\\u0627\\u0644\\u0629\",\"send_to\":\"\\u0625\\u0631\\u0633\\u0627\\u0644 \\u0625\\u0644\\u0649\",\"subject\":\"\\u0645\\u0648\\u0636\\u0648\\u0639 \\u0627\\u0644\\u0631\\u0633\\u0627\\u0644\\u0629\",\"visitor_email\":\"\\u0627\\u0644\\u0628\\u0631\\u064a\\u062f \\u0627\\u0644\\u0625\\u0644\\u0643\\u062a\\u0631\\u0648\\u0646\\u064a \\u0644\\u0644\\u0632\\u0627\\u0626\\u0631\"},\"en\":{\"new\":\"Reply New Message\",\"name\":\"Full Name\",\"email\":\"Email\",\"reply\":\"Message reply\",\"message\":\"Message\",\"send_to\":\"Send to\",\"subject\":\"Subject of message\",\"visitor_email\":\"Email\"}}}', '2022-05-01 22:47:23', '2023-03-26 11:19:34', NULL),
(16, 'Users', 'users', '{\"module_name\":{\"ar\":\"\\u0627\\u0644\\u0645\\u0633\\u062a\\u062e\\u062f\\u0645\\u064a\\u0646\",\"en\":\"Users\"},\"fields\":{\"ar\":{\"new\":\"\\u0625\\u0636\\u0627\\u0641\\u0629 \\u0645\\u0633\\u062a\\u062e\\u062f\\u0645 \\u062c\\u062f\\u064a\\u062f\",\"edit\":\"\\u062a\\u0639\\u062f\\u064a\\u0644 \\u0645\\u0633\\u062a\\u062e\\u062f\\u0645\",\"name\":\"\\u0627\\u0644\\u0625\\u0633\\u0645\",\"email\":\"\\u0627\\u0644\\u0628\\u0631\\u064a\\u062f \\u0627\\u0644\\u0625\\u0644\\u0643\\u062a\\u0631\\u0648\\u0646\\u064a\",\"phone\":\"\\u0631\\u0642\\u0645 \\u0627\\u0644\\u062c\\u0648\\u0627\\u0644\",\"photo\":\"\\u0635\\u0648\\u0631\\u0629 \\u0627\\u0644\\u0628\\u0631\\u0648\\u0641\\u0627\\u064a\\u0644\",\"modules\":\"\\u0627\\u0644\\u0645\\u0648\\u062f\\u064a\\u0648\\u0644\\u0627\\u062a\",\"password\":\"\\u0643\\u0644\\u0645\\u0629 \\u0627\\u0644\\u0645\\u0631\\u0648\\u0631\",\"password_confirmation\":\"\\u062a\\u0623\\u0643\\u064a\\u062f \\u0643\\u0644\\u0645\\u0629 \\u0627\\u0644\\u0645\\u0631\\u0648\\u0631\"},\"en\":{\"new\":\"Add New User\",\"edit\":\"Edit User\",\"name\":\"The name\",\"email\":\"The email\",\"phone\":\"The Phone\",\"photo\":\"The Photo\",\"modules\":\"Modules\",\"password\":\"Password\",\"password_confirmation\":\"Password Confirmation\"}}}', '2022-05-01 22:47:23', '2023-03-26 11:19:34', NULL),
(17, 'Settings', 'settings', '{\"module_name\":{\"ar\":\"\\u0627\\u0644\\u0625\\u0639\\u062f\\u0627\\u062f\\u062a\",\"en\":\"Settings\"},\"fields\":{\"ar\":{\"new\":\"\\u0625\\u0636\\u0627\\u0641\\u0629 \\u0625\\u0639\\u062f\\u0627\\u062f\\u062a\",\"edit\":\"\\u062a\\u0639\\u062f\\u064a\\u0644 \\u0627\\u0644\\u0625\\u0639\\u062f\\u0627\\u062f\\u062a\",\"twitter\":\"\\u062a\\u0648\\u064a\\u062a\\u0631\",\"youtube\":\"\\u064a\\u0648\\u062a\\u064a\\u0648\\u0628\",\"Keywords\":\"\\u0627\\u0644\\u0643\\u0644\\u0645\\u0627\\u062a \\u0627\\u0644\\u062f\\u0644\\u064a\\u0644\\u064a\\u0629\",\"facebook\":\"\\u0641\\u064a\\u0633 \\u0628\\u0648\\u0643\",\"linkedin\":\"\\u0644\\u0646\\u0643\\u062f\\u0625\\u0646\",\"site_map\":\"\\u0631\\u0627\\u0628\\u0637 \\u0627\\u0644\\u0645\\u0648\\u0642\\u0639 (\\u062c\\u0648\\u062c\\u0644 \\u0645\\u0627\\u0628)\",\"site_tel\":\"\\u0631\\u0642\\u0645 \\u0647\\u0627\\u062a\\u0641 \\u0625\\u062f\\u0627\\u0631\\u0629 \\u0627\\u0644\\u0645\\u0648\\u0642\\u0639\",\"whatsapp\":\"\\u0631\\u0642\\u0645 \\u0627\\u0644\\u0648\\u0627\\u062a\\u0633 \\u0622\\u0628 \\u0627\\u0644\\u062e\\u0627\\u0635 \\u0628\\u0625\\u062f\\u0627\\u0631\\u0629 \\u0627\\u0644\\u0645\\u0648\\u0642\\u0639\",\"instagram\":\"\\u0625\\u0646\\u0633\\u062a\\u062c\\u0631\\u0627\\u0645\",\"mail_host\":\"Mail Host (smtp.example.com)\",\"mail_port\":\"Mail Port (2525)\",\"work_time\":\"\\u0645\\u0648\\u0627\\u0639\\u064a\\u062f \\u0627\\u0644\\u0639\\u0645\\u0644\",\"site_email\":\"\\u0628\\u0631\\u064a\\u062f \\u0627\\u0644\\u0645\\u0648\\u0642\\u0639\",\"site_phone\":\"\\u0631\\u0642\\u0645 \\u062c\\u0648\\u0627\\u0644 \\u0625\\u062f\\u0627\\u0631\\u0629 \\u0627\\u0644\\u0645\\u0648\\u0642\\u0639\",\"mail_driver\":\"Mail Driver(SMTP)\",\"sales_email\":\"\\u0627\\u0644\\u0628\\u0631\\u064a\\u062f \\u0627\\u0644\\u0625\\u0644\\u0643\\u062a\\u0631\\u0648\\u0646\\u064a \\u0644\\u0644\\u0645\\u0628\\u064a\\u0639\\u0627\\u062a\",\"site_address\":\"\\u0639\\u0646\\u0648\\u0627\\u0646 \\u0627\\u0644\\u0645\\u0648\\u0642\\u0639\",\"website_logo\":\"\\u0644\\u0648\\u062c\\u0648 \\u0627\\u0644\\u0645\\u0648\\u0642\\u0639\",\"website_name\":\"\\u0627\\u0633\\u0645 \\u0627\\u0644\\u0645\\u0648\\u0642\\u0639\",\"mail_password\":\"Mail password\",\"mail_username\":\"Mail Username(username@example.cm)\",\"work_branches\":\"\\u0641\\u0631\\u0648\\u0639 \\u0627\\u0644\\u0639\\u0645\\u0644\",\"employee_email\":\"\\u0628\\u0631\\u064a\\u062f \\u0627\\u0644\\u0645\\u0648\\u0638\\u0641\\u064a\\u0646\",\"mail_from_name\":\"Mail From Name(Example)\",\"factory_profile\":\"\\u0628\\u0631\\u0648\\u0641\\u0627\\u064a\\u0644 \\u0627\\u0644\\u0645\\u0635\\u0646\\u0639\",\"mail_encryption\":\"Mail Encryption(tls)\",\"project_request\":\"\\u0637\\u0644\\u0628 \\u0645\\u0634\\u0631\\u0648\\u0639\",\"website_disable\":\"\\u062a\\u0639\\u0637\\u064a\\u0644 \\u0627\\u0644\\u0645\\u0648\\u0642\\u0639\",\"complaints_email\":\"\\u0627\\u0644\\u0628\\u0631\\u064a\\u062f \\u0627\\u0644\\u0625\\u0644\\u0643\\u062a\\u0631\\u0648\\u0646\\u064a \\u0644\\u0644\\u0634\\u0643\\u0627\\u0648\\u0649 \\u0648\\u0627\\u0644\\u0625\\u0642\\u062a\\u0631\\u0627\\u062d\\u0627\\u062a\",\"meta_description\":\"\\u0627\\u0644\\u0643\\u0644\\u0645\\u0627\\u062a \\u0627\\u0644\\u0648\\u0635\\u0641\\u064a\\u0629\",\"dashboard_disable\":\"\\u062a\\u0639\\u0637\\u064a\\u0644 \\u0644\\u0648\\u062d\\u0629 \\u0627\\u0644\\u062a\\u062d\\u0643\\u0645\",\"mail_from_address\":\"Mail From address(info@example.com)\",\"completed_projects\":\"\\u0627\\u0644\\u0645\\u0634\\u0627\\u0631\\u064a\\u0639 \\u0627\\u0644\\u0645\\u0643\\u062a\\u0645\\u0644\\u0629\",\"headquarters_address\":\"\\u0639\\u0646\\u0648\\u0627\\u0646 \\u0627\\u0644\\u0645\\u0642\\u0631 \\u0627\\u0644\\u0631\\u0626\\u064a\\u0633\\u064a\",\"professional_engineers\":\"\\u0627\\u0644\\u0645\\u0647\\u0646\\u062f\\u0633\\u064a\\u0646 \\u0627\\u0644\\u0645\\u062d\\u062a\\u0631\\u0641\\u064a\\u0646\",\"technical_support_phone\":\"\\u0631\\u0642\\u0645 \\u062c\\u0648\\u0627\\u0644 \\u0627\\u0644\\u062f\\u0639\\u0645 \\u0627\\u0644\\u0641\\u0646\\u064a\"},\"en\":{\"new\":\"Add Settings\",\"edit\":\"Edit Settings\",\"twitter\":\"Twitter\",\"youtube\":\"YouTube\",\"Keywords\":\"Keywords\",\"facebook\":\"Facebook\",\"linkedin\":\"LinkedIn\",\"site_map\":\"Website Link (Google Map)\",\"site_tel\":\"Website management phone number\",\"whatsapp\":\"Website management WhatsApp number\",\"instagram\":\"Instagram\",\"mail_host\":\"Mail Host (smtp.example.com)\",\"mail_port\":\"Mail Port (2525)\",\"work_time\":\"Times of work\",\"site_email\":\"Site mail\",\"site_phone\":\"Website management mobile number\",\"mail_driver\":\"Mail Driver(SMTP)\",\"sales_email\":\"Sales email\",\"site_address\":\"Website address\",\"website_logo\":\"Website logo\",\"website_name\":\"Website Name\",\"mail_password\":\"Mail password\",\"mail_username\":\"Mail Username(username@example.cm)\",\"work_branches\":\"Branches of work\",\"employee_email\":\"Staff email\",\"mail_from_name\":\"Mail From Name(Example)\",\"factory_profile\":\"Factory Profile\",\"mail_encryption\":\"Mail Encryption(tls)\",\"project_request\":\"Project request\",\"website_disable\":\"Website Disabled\",\"complaints_email\":\"Email for complaints and suggestions\",\"meta_description\":\"Meta Description\",\"dashboard_disable\":\"Dashboard Disabled\",\"mail_from_address\":\"Mail From address(info@example.com)\",\"completed_projects\":\"Completed projects\",\"headquarters_address\":\"Headquarters address\",\"professional_engineers\":\"Professional engineers\",\"technical_support_phone\":\"Technical support phone number\"}}}', '2022-05-01 22:47:23', '2023-03-26 11:19:34', NULL);

-- --------------------------------------------------------

--
-- Table structure for table `newsletters`
--

CREATE TABLE `newsletters` (
  `id` bigint UNSIGNED NOT NULL,
  `email` varchar(200) NOT NULL,
  `deleted_at` timestamp NULL DEFAULT NULL,
  `created_at` timestamp NULL DEFAULT NULL,
  `updated_at` timestamp NULL DEFAULT NULL
) ENGINE=InnoDB DEFAULT CHARSET=utf8mb3;

--
-- Dumping data for table `newsletters`
--

INSERT INTO `newsletters` (`id`, `email`, `deleted_at`, `created_at`, `updated_at`) VALUES
(1, 'ammar@ammar.com', NULL, '2022-05-09 13:09:01', '2022-05-09 13:09:01'),
(2, 'admin@admin.com', NULL, '2022-05-18 09:47:35', '2022-05-18 09:47:35');

-- --------------------------------------------------------

--
-- Table structure for table `notifications`
--

CREATE TABLE `notifications` (
  `id` char(36) NOT NULL,
  `type` varchar(191) NOT NULL,
  `notifiable_type` varchar(191) NOT NULL,
  `notifiable_id` bigint UNSIGNED NOT NULL,
  `data` text NOT NULL,
  `read_at` timestamp NULL DEFAULT NULL,
  `created_at` timestamp NULL DEFAULT NULL,
  `updated_at` timestamp NULL DEFAULT NULL
) ENGINE=MyISAM DEFAULT CHARSET=utf8mb3;

-- --------------------------------------------------------

--
-- Table structure for table `occasions`
--

CREATE TABLE `occasions` (
  `id` bigint UNSIGNED NOT NULL,
  `image` varchar(200) NOT NULL,
  `url` varchar(400) CHARACTER SET utf8mb3 COLLATE utf8mb3_general_ci DEFAULT NULL,
  `created_at` timestamp NULL DEFAULT NULL,
  `updated_at` timestamp NULL DEFAULT NULL,
  `deleted_at` timestamp NULL DEFAULT NULL
) ENGINE=InnoDB DEFAULT CHARSET=utf8mb3;

--
-- Dumping data for table `occasions`
--

INSERT INTO `occasions` (`id`, `image`, `url`, `created_at`, `updated_at`, `deleted_at`) VALUES
(1, 'assets/web/images/gallery3.png', 'https://www.youtube.com/watch?v=h0pEL8GklCc', '2022-05-01 22:47:52', '2022-05-09 14:25:27', '2022-05-09 14:25:27'),
(2, 'assets/web/images/gallery4.png', 'https://www.youtube.com/watch?v=h0pEL8GklCc', '2022-05-01 22:47:53', '2022-05-09 14:25:27', '2022-05-09 14:25:27'),
(3, 'assets/web/images/gallery3.png', 'https://www.youtube.com/watch?v=h0pEL8GklCc', '2022-05-01 22:47:53', '2022-05-09 14:25:27', '2022-05-09 14:25:27'),
(4, 'assets/web/images/gallery3.png', 'https://www.youtube.com/watch?v=h0pEL8GklCc', '2022-05-01 22:47:53', '2022-05-09 14:25:27', '2022-05-09 14:25:27'),
(5, 'assets/web/images/gallery3.png', 'https://www.youtube.com/watch?v=h0pEL8GklCc', '2022-05-01 22:47:53', '2022-05-09 14:25:27', '2022-05-09 14:25:27'),
(6, 'assets/web/images/gallery2.png', 'https://www.youtube.com/watch?v=h0pEL8GklCc', '2022-05-01 22:47:54', '2022-05-09 14:25:27', '2022-05-09 14:25:27'),
(7, 'assets/web/images/gallery1.png', 'https://www.youtube.com/watch?v=h0pEL8GklCc', '2022-05-01 22:47:54', '2022-05-09 14:25:27', '2022-05-09 14:25:27'),
(8, 'assets/web/images/gallery2.png', 'https://www.youtube.com/watch?v=h0pEL8GklCc', '2022-05-01 22:47:54', '2022-05-09 14:25:27', '2022-05-09 14:25:27'),
(9, 'assets/web/images/gallery2.png', 'https://www.youtube.com/watch?v=h0pEL8GklCc', '2022-05-01 22:47:54', '2022-05-09 14:25:27', '2022-05-09 14:25:27'),
(10, 'assets/web/images/gallery1.png', 'https://www.youtube.com/watch?v=h0pEL8GklCc', '2022-05-01 22:47:55', '2022-05-09 14:25:27', '2022-05-09 14:25:27'),
(11, 'assets/web/images/gallery2.png', 'https://www.youtube.com/watch?v=h0pEL8GklCc', '2022-05-01 22:47:55', '2022-05-09 14:25:27', '2022-05-09 14:25:27'),
(12, 'assets/web/images/gallery2.png', 'https://www.youtube.com/watch?v=h0pEL8GklCc', '2022-05-01 22:47:55', '2022-05-09 14:25:27', '2022-05-09 14:25:27'),
(13, 'assets/web/images/gallery1.png', 'https://www.youtube.com/watch?v=h0pEL8GklCc', '2022-05-01 22:47:55', '2022-05-09 14:25:27', '2022-05-09 14:25:27'),
(14, 'assets/web/images/gallery2.png', 'https://www.youtube.com/watch?v=h0pEL8GklCc', '2022-05-01 22:47:55', '2022-05-09 14:25:27', '2022-05-09 14:25:27'),
(15, 'assets/web/images/gallery4.png', 'https://www.youtube.com/watch?v=h0pEL8GklCc', '2022-05-01 22:47:55', '2022-05-09 14:25:27', '2022-05-09 14:25:27'),
(16, 'assets/web/images/gallery4.png', 'https://www.youtube.com/watch?v=h0pEL8GklCc', '2022-05-01 22:47:56', '2022-05-09 14:25:27', '2022-05-09 14:25:27'),
(17, 'assets/web/images/gallery3.png', 'https://www.youtube.com/watch?v=h0pEL8GklCc', '2022-05-01 22:47:56', '2022-05-09 14:25:27', '2022-05-09 14:25:27'),
(18, '/uploads/images/Events/634ea165c9878.png', NULL, '2022-05-01 22:47:56', '2023-03-20 14:20:52', NULL),
(19, '/uploads/images/Events/634ea169aca21.png', 'https://www.youtube.com/embed/fmBlV2JsK44', '2022-10-18 12:54:55', '2022-10-26 11:51:56', '2022-10-26 11:51:56'),
(20, '/uploads/images/Events/634ea169aca21.png', NULL, '2022-10-22 10:15:48', '2023-03-20 14:21:13', NULL),
(21, '/uploads/images/Events/634ea16dca28f.png', NULL, '2022-10-22 10:16:48', '2023-03-20 14:21:20', NULL);

-- --------------------------------------------------------

--
-- Table structure for table `occasion_descriptions`
--

CREATE TABLE `occasion_descriptions` (
  `id` bigint UNSIGNED NOT NULL,
  `name` varchar(300) NOT NULL,
  `occasion_id` bigint UNSIGNED NOT NULL,
  `language_id` bigint UNSIGNED NOT NULL
) ENGINE=InnoDB DEFAULT CHARSET=utf8mb3;

--
-- Dumping data for table `occasion_descriptions`
--

INSERT INTO `occasion_descriptions` (`id`, `name`, `occasion_id`, `language_id`) VALUES
(1, 'العمل في مشروع جدة للفولاذ', 1, 1),
(2, 'العمل في مشروع جدة للفولاذ', 1, 2),
(3, 'العمل في مشروع جدة للفولاذ', 2, 1),
(4, 'العمل في مشروع جدة للفولاذ', 2, 2),
(5, 'العمل في مشروع جدة للفولاذ', 3, 1),
(6, 'العمل في مشروع جدة للفولاذ', 3, 2),
(7, 'العمل في مشروع جدة للفولاذ', 4, 1),
(8, 'العمل في مشروع جدة للفولاذ', 4, 2),
(9, 'العمل في مشروع جدة للفولاذ', 5, 1),
(10, 'العمل في مشروع جدة للفولاذ', 5, 2),
(11, 'العمل في مشروع جدة للفولاذ', 6, 1),
(12, 'العمل في مشروع جدة للفولاذ', 6, 2),
(13, 'العمل في مشروع جدة للفولاذ', 7, 1),
(14, 'العمل في مشروع جدة للفولاذ', 7, 2),
(15, 'العمل في مشروع جدة للفولاذ', 8, 1),
(16, 'العمل في مشروع جدة للفولاذ', 8, 2),
(17, 'العمل في مشروع جدة للفولاذ', 9, 1),
(18, 'العمل في مشروع جدة للفولاذ', 9, 2),
(19, 'العمل في مشروع جدة للفولاذ', 10, 1),
(20, 'العمل في مشروع جدة للفولاذ', 10, 2),
(21, 'العمل في مشروع جدة للفولاذ', 11, 1),
(22, 'العمل في مشروع جدة للفولاذ', 11, 2),
(23, 'العمل في مشروع جدة للفولاذ', 12, 1),
(24, 'العمل في مشروع جدة للفولاذ', 12, 2),
(25, 'العمل في مشروع جدة للفولاذ', 13, 1),
(26, 'العمل في مشروع جدة للفولاذ', 13, 2),
(27, 'العمل في مشروع جدة للفولاذ', 14, 1),
(28, 'العمل في مشروع جدة للفولاذ', 14, 2),
(29, 'العمل في مشروع جدة للفولاذ', 15, 1),
(30, 'العمل في مشروع جدة للفولاذ', 15, 2),
(31, 'العمل في مشروع جدة للفولاذ', 16, 1),
(32, 'العمل في مشروع جدة للفولاذ', 16, 2),
(33, 'العمل في مشروع جدة للفولاذ', 17, 1),
(34, 'العمل في مشروع جدة للفولاذ', 17, 2),
(39, 'العمل في مشروع جدة للفولاذ1', 18, 1),
(40, 'العمل في مشروع جدة للفولاذ1', 18, 2);

-- --------------------------------------------------------

--
-- Table structure for table `pages`
--

CREATE TABLE `pages` (
  `id` bigint UNSIGNED NOT NULL,
  `why_us_image` varchar(200) DEFAULT NULL,
  `about_us_overview_image` varchar(200) DEFAULT NULL,
  `about_us_social_responsibility_image` varchar(200) DEFAULT NULL,
  `about_us_company_strategy_image` varchar(200) DEFAULT NULL,
  `culture_values_image` varchar(200) DEFAULT NULL,
  `performance_development_image` varchar(200) DEFAULT NULL,
  `vision_icon` varchar(200) DEFAULT NULL,
  `message_icon` varchar(200) DEFAULT NULL,
  `values_icon` varchar(200) DEFAULT NULL,
  `why_us_experience_years` smallint DEFAULT NULL,
  `created_at` timestamp NULL DEFAULT NULL,
  `updated_at` timestamp NULL DEFAULT NULL,
  `deleted_at` timestamp NULL DEFAULT NULL
) ENGINE=InnoDB DEFAULT CHARSET=utf8mb3;

--
-- Dumping data for table `pages`
--

INSERT INTO `pages` (`id`, `why_us_image`, `about_us_overview_image`, `about_us_social_responsibility_image`, `about_us_company_strategy_image`, `culture_values_image`, `performance_development_image`, `vision_icon`, `message_icon`, `values_icon`, `why_us_experience_years`, `created_at`, `updated_at`, `deleted_at`) VALUES
(1, '/uploads/images/PIC/6278cfb92cc1d.jpg', NULL, NULL, NULL, NULL, NULL, NULL, NULL, NULL, 15, '2022-05-01 22:48:12', '2022-10-20 11:10:29', NULL),
(2, NULL, '/uploads/images/PIC/62791e647aa35.jpg', NULL, NULL, NULL, NULL, NULL, NULL, NULL, NULL, '2022-05-01 22:48:12', '2022-05-09 14:00:19', NULL),
(3, NULL, NULL, '/uploads/images/PIC/6278cfb92cc1d.jpg', NULL, NULL, NULL, NULL, NULL, NULL, NULL, '2022-05-01 22:48:12', '2022-05-09 14:01:30', NULL),
(4, NULL, NULL, NULL, '/uploads/images/PIC/6278d8bd405a2.jpg', NULL, NULL, NULL, NULL, NULL, NULL, '2022-05-01 22:48:13', '2022-05-09 14:02:30', NULL),
(5, NULL, NULL, NULL, NULL, NULL, NULL, '/uploads/images/Icon/6278d0fa8a819.png', '/uploads/images/PIC/6283a99e72cb3.png', '/uploads/images/Icon/6278d2219e67a.png', NULL, '2022-05-01 22:48:13', '2022-05-17 13:56:51', NULL),
(6, NULL, NULL, NULL, NULL, '/uploads/images/FULATHFILES/6353c3f93eace.jpg', NULL, NULL, NULL, NULL, NULL, '2022-05-01 22:48:13', '2022-10-22 10:20:47', NULL),
(7, NULL, NULL, NULL, NULL, NULL, '/uploads/images/FULATHFILES/6353c5841c13b.jpg', NULL, NULL, NULL, NULL, '2022-05-01 22:48:13', '2022-10-22 10:27:21', NULL);

-- --------------------------------------------------------

--
-- Table structure for table `page_descriptions`
--

CREATE TABLE `page_descriptions` (
  `id` bigint UNSIGNED NOT NULL,
  `why_us_title` varchar(100) DEFAULT NULL,
  `why_us_experience_years_title` varchar(100) DEFAULT NULL,
  `about_us_overview_title` varchar(100) DEFAULT NULL,
  `about_us_social_responsibility_title` varchar(100) DEFAULT NULL,
  `about_us_company_strategy_title` varchar(100) DEFAULT NULL,
  `vision_title` varchar(100) DEFAULT NULL,
  `message_title` varchar(100) DEFAULT NULL,
  `values_title` varchar(100) DEFAULT NULL,
  `culture_values_title` varchar(100) DEFAULT NULL,
  `performance_development_title` varchar(100) DEFAULT NULL,
  `why_us_description` longtext,
  `about_us_overview_description` longtext,
  `about_us_social_responsibility_description` longtext,
  `about_us_company_strategy_description` longtext,
  `vision_description` longtext,
  `message_description` longtext,
  `values_description` longtext,
  `culture_values_description` longtext,
  `performance_development_description` longtext,
  `page_id` bigint UNSIGNED NOT NULL,
  `language_id` bigint UNSIGNED NOT NULL
) ENGINE=InnoDB DEFAULT CHARSET=utf8mb3;

--
-- Dumping data for table `page_descriptions`
--

INSERT INTO `page_descriptions` (`id`, `why_us_title`, `why_us_experience_years_title`, `about_us_overview_title`, `about_us_social_responsibility_title`, `about_us_company_strategy_title`, `vision_title`, `message_title`, `values_title`, `culture_values_title`, `performance_development_title`, `why_us_description`, `about_us_overview_description`, `about_us_social_responsibility_description`, `about_us_company_strategy_description`, `vision_description`, `message_description`, `values_description`, `culture_values_description`, `performance_development_description`, `page_id`, `language_id`) VALUES
(103, NULL, NULL, NULL, NULL, NULL, NULL, NULL, NULL, 'الثقافة والقيم', NULL, NULL, NULL, NULL, NULL, NULL, NULL, NULL, '<div class=\"col-md-7\">\r\n<div class=\"text-box center-vr wow text-focus-in\">\r\n<p style=\"text-align: justify;\">في مصنع الفولاذ الحديث نعلم بأن اهدافنا لن تصبح واقع بدون موظفين ذو كفاءة عالية.</p>\r\n<p style=\"text-align: justify;\">لذا نحن نلتزم بتعزيز البيئة الإيجابية للعمل حيث يشعر كل موظف بالأمان الوظيفي وذلك تطبيقا لمبدأ و قيم المصنع التي تحرص على أن تجعل منسوبيها شركاء نجاح مما يحفزهم و يرفع ثقتهم لتجاوز كل المعوقات وتحقيق إنجازات اعظم تعود بالازدهار والتطور لمصنعنا ومنسوبينا .</p>\r\n<p style=\"text-align: justify;\">نسعى لتنمية المهارات والقدرات الإبداعية بتوفير بيئة عمل صحية تدعم وتساهم في هذا التطور مع الحرص على الأمان والثقة بين فريق العمل وتعزيز الشعور بالإنسانية لأنها أصفى مزايا الإنسان.</p>\r\n</div>\r\n</div>', NULL, 6, 1),
(104, NULL, NULL, NULL, NULL, NULL, NULL, NULL, NULL, 'Culture and Values', NULL, NULL, NULL, NULL, NULL, NULL, NULL, NULL, '<p style=\"text-align: justify;\">Fulath Factory`s fundamental beliefs is that its objectives come through their competent employees.</p>\r\n<p style=\"text-align: justify;\">Positive working&nbsp; environment in Fulath Factory where every single employee share Fulath community values.</p>\r\n<p style=\"text-align: justify;\">Fulath Factory leaders always assure the improvement and creativity of their employees and the sense of humanity and belonging&nbsp; as its quidding principles which influence the culture of the organization.</p>', NULL, 6, 2),
(113, NULL, NULL, NULL, NULL, NULL, NULL, NULL, NULL, NULL, 'تنمية وتطوير الأداء', NULL, NULL, NULL, NULL, NULL, NULL, NULL, NULL, '<ol>\r\n<li style=\"text-align: justify;\">في مصنع الفولاذ الحديث نحن نؤمن بان الخبرة والمهارة التي يمتلكها الموظف مهمه بنسبه محدوده , لأن مهارته ليست كافية عادةً لإتمام عمله بجودة فائقة فحرصنا على دعم منسوبينا وخلق بيئة عمل ترتقي بكلاً من الموظف والمصنع عن طريق :</li>\r\n<li style=\"text-align: justify;\">توعية الموظف لمعايير الأداء المثالي والعمل على تحسين وتطوير أداءه الحالي من خلال التدريب العملي والإشراف عليه. بعد معرفته بطبيعة عمل المصنع ومنتجاته الإنشائية والخدمية واللوائح والإجراءات التي تحفظ حقوق كلاً من الموظف والمصنع.</li>\r\n<li style=\"text-align: justify;\">تنظيم لقاءات موسمية من قبل مستشاري وخبراء المصنع للموظفين بمختلف اقسامهم للإثراء الموظفين بالخبرات والكفاءات المماثلة وتعزيز مهارات التواصل الاجتماعية الداعمة في رفع كفاءة العمل وتحسين الأداء.</li>\r\n<li style=\"text-align: justify;\">توفير برامج تدريبة وتطويرية لمنسوبي المصنع ككل أو لأقسام محددة بناء على احتياجاتهم التدريبة.</li>\r\n</ol>', 7, 1),
(114, NULL, NULL, NULL, NULL, NULL, NULL, NULL, NULL, NULL, 'performance development and development', NULL, NULL, NULL, NULL, NULL, NULL, NULL, NULL, '<p style=\"text-align: justify;\">In Fulath Factory, we believe that the experience and skill the employee possesses are vital, but the essential thing is to develop the skill and experience to ensure the continuity of work with superior quality. We were keen to support our employees and create a working environment that elevates both the employee and the factory.</p>\r\n<p style=\"text-align: justify;\">&nbsp;</p>\r\n<p style=\"text-align: justify;\">Enlighten the employees with optimum performance standards and strive to enhance their current performance via training and supervising.</p>\r\n<p style=\"text-align: justify;\">Providing development program for Fulath Employees continually to meet their working environment knowledge&nbsp;</p>', 7, 2),
(115, NULL, NULL, 'لمحة تاريخية', NULL, NULL, NULL, NULL, NULL, NULL, NULL, NULL, '<p style=\"text-align: justify;\">قامت شركة أبناء محمد سويلم الشريف لمواد البناء بإنشاء مصنع الفولاذ الحديث والذي تم إطلاقه في عام 2007 م ، ليصبح نواة لصرح صناعي مثالي يشارك في النهضة الصناعة المحلية بهدف إنتاج حديد تسليح ذو جودة عالية لتلبية الطلب المتزايد على منتجات حديد التسليح في المملكة العربية السعودية. كما يتخصص مصنع الفولاذ الحديث في تصنيع منتجات شبك الصبيات والقص والثني وحديد التسليح, و يُعَد مصنعنا من أحدث المصانع الرائدة في استخدام التكنولوجيا الحديثة لصناعة حديد التسليح حيث انه يغطي نطاقاً واسعاً من مناطق المملكة و العملاء في مختلف القطاعات الصناعية والمدنيّة , فـمن خلال خطط التوسع ومنهجية التطور والنمو على مرّ السنين اكتسبنا قاعدة استثمارية واسعة لمواكبة النهضة الصناعية في المملكة العربية السعودية .</p>', NULL, NULL, NULL, NULL, NULL, NULL, NULL, 2, 1),
(116, NULL, NULL, 'Brief History', NULL, NULL, NULL, NULL, NULL, NULL, NULL, NULL, '<p style=\"text-align: justify;\">Fulath Factory is an industrial division of M.S. Al-Shareef Sons Co., which was founded in 2007, using the best modern technology and the highest standards of quality control in producing many steel products, such as Rebar steel, Wire Mesh, Cut &amp; Bend, and other products, which serve a wide range of customers in various sectors to support and meet the demand of the Saudi market with the highest efficiency and quality. Fulath Factory also specializes in the manufacture of welded wire mesh, cut &amp; bend, and rebar products, and it is one of the leading factories in the use of modern technology for rebar manufacturing, serving a wide range of KSA regions and customers in various industrial and civil sectors through growth strategies and development methodology over the years, we have built a broad investment base to keep up with the industrial expansion in Saudi Arabia.</p>', NULL, NULL, NULL, NULL, NULL, NULL, NULL, 2, 2),
(119, NULL, NULL, NULL, NULL, 'إستراتيجية مصنع الفولاذ الحديث', NULL, NULL, NULL, NULL, NULL, NULL, NULL, NULL, '<p style=\"text-align: justify;\"><strong>وضعت الشركة الخطط الاستراتيجية بما يتلاءم مع الرؤية المستقبلية وذلك من خلال:</strong></p>\r\n<ol>\r\n<li style=\"text-align: justify;\">التركيز على تطوير المنتجات وضمان جودتها لتواكب متطلبات سوق العمل في ظل سرعة وتيرة التقدم الصناعي.</li>\r\n<li style=\"text-align: justify;\">الحفاظ على تطبيق معايير الجودة لتوثيق العلاقة مع العملاء الحاليين بتلبية طلباتهم.</li>\r\n<li style=\"text-align: justify;\">العمل على دخول أسواق إضافية مختارة على مستوى المملكة و الشرق الأوسط من خلال زيادة الطاقة الإنتاجية للمنتجات و إضافة منتجات تساهم في سوق الانشاءات العمرانية في مملكتنا الغالية.</li>\r\n<li style=\"text-align: justify;\">تحقيق الإستغلال الأمثل للموارد ورفع كفاءة العمليات.</li>\r\n<li style=\"text-align: justify;\">الاستفادة من مميزات مصنع الفولاذ الحديث التنافسية للاستثمار في منتجات جديدة تعزز قيمة الشركة استكمالاَ للمعروض من منتجاتها.</li>\r\n<li style=\"text-align: justify;\">يحرص مصنع الفولاذ الحديث على تعزيز شراكاته الإستراتيجية القائمة والاستثمار في مصانع وشركات ومشاريع إضافية لزيادة عائداته الاستثمارية.</li>\r\n</ol>', NULL, NULL, NULL, NULL, NULL, 4, 1),
(120, NULL, NULL, NULL, NULL, 'Factory Factory strategy', NULL, NULL, NULL, NULL, NULL, NULL, NULL, NULL, '<p><strong>Fulath</strong><strong> Factory has developed strategic plans in line with the vision as the following:</strong></p>\r\n<ul>\r\n<li>Continuous product development following high Quality management to satisfy the market demands in this pace industrial progress.</li>\r\n<li>Quality standard application to strengthen relationships which meet customers satisfaction.</li>\r\n<li>Local and regional market growth strategy through the efficient productivity improvement that will contribute in construction market in our beloved Kingdom.</li>\r\n<li>Fulath Factory is keen to strengthen its strategic partnerships and investment throughout the kingdom in term of businesses and projects to increase its Returns on investment.</li>\r\n</ul>', NULL, NULL, NULL, NULL, NULL, 4, 2),
(121, NULL, NULL, NULL, NULL, NULL, 'أهدافنا', 'رؤيتنا', 'مهمتنا', NULL, NULL, NULL, NULL, NULL, NULL, '<p style=\"text-align: justify;\">نسعى ان نكون رواداً محلياً و إقليمياً في تصنيع وتوريد منتجات الحديد عالية الجودة وتوفير الخدمات والحلول للعملاء. وان نكون نموذجا مثاليا يحتذى به في مجال الصناعة وتحقيق نقلات نوعية في النهضة الصناعية التي تليق بنا كشعب همته كهمة طويق.</p>', '<p style=\"text-align: justify;\">نطمح ليكون الفولاذ صرحا مثاليا رائدا في أداءه مبتكرا في منتجاته فعالا في مجتمعه شريك نجاح لعملائه داعما لمنسوبيه ، ومشاركاً فعالاً بالسير على خطى ثابته تحقق رؤية ٢٠٣٠ بتعزيز الصناعة في وطننا الحبيب.</p>', '<p style=\"text-align: justify;\">-نقدم لعملائنا منتجات وخدمات عالية الجودة .</p>\r\n<p style=\"text-align: justify;\">- &nbsp;نحافظ على بقائنا الخيار الأفضل&nbsp; بتوفير مواد وخدمات البناء لجميع المشاريع والصناعات الوطنية.</p>\r\n<p style=\"text-align: justify;\">-&nbsp; تطوير مجال صناعة وإنتاج المعادن الحديدية في السعودية بالإضافة لحرصنا على أن نعزز ارتباطنا الفعال بعملائنا من خلال التجاوب السريع مع متطلباتهم.</p>\r\n<p style=\"text-align: justify;\">نوفر أفضل المنتجات والخامات وفق المعايير المحلية والعالمية لهذا القطاع المهم والحيوي، وذلك بفرض تدابير واجراءات عالمية صارمة من حيث إدارة الصحة والسلامة المهنية.</p>', NULL, NULL, 5, 1),
(122, NULL, NULL, NULL, NULL, NULL, 'Our Goals', 'Our Vision', 'Our Mission', NULL, NULL, NULL, NULL, NULL, NULL, '<p style=\"text-align: justify;\">Fulath Factory attempts to maintain the leading position locally and regionally in the manufacturing and supplying of high-quality steel products and provide services and solutions to customers, be an exemplary model in the field of industry and achieve qualitative leaps in the industrial growth that suits as a people whose ambition is way too high as &ldquo;Tuwaiq mountain.&rdquo;</p>', '<p style=\"text-align: justify;\">We aspire to be a leading key player in innovative performance in its products, effective in its community, a partner of success for its customers, support for its employees, and effective participation in moving forward at a constant pace that achieves Vision 2030 and strengthens the industry in our beloved Kingdom.</p>', '<p style=\"text-align: justify;\">- We provide our customers with high-quality products and services.</p>\r\n<p style=\"text-align: justify;\">- We assert our survival as the best option in providing building materials and services to all national projects and industries.</p>\r\n<p style=\"text-align: justify;\">- Development of manufacturing metal products in Saudi Arabia, in addition to our desire to improve our effective relationship with our customers in term of quickly to their needs.</p>\r\n<p style=\"text-align: justify;\">- We supply high-quality products and raw materials in accordance with national and international standards for this essential and vital sector while applying strict global standards and procedures in relation to enhancing occupational safety and health administration.</p>', NULL, NULL, 5, 2),
(123, NULL, NULL, NULL, 'المسؤولية الإجتماعية', NULL, NULL, NULL, NULL, NULL, NULL, NULL, NULL, '<p>------</p>', NULL, NULL, NULL, NULL, NULL, NULL, 3, 1),
(124, NULL, NULL, NULL, 'Social Responsibility', NULL, NULL, NULL, NULL, NULL, NULL, NULL, NULL, '<p>-------</p>', NULL, NULL, NULL, NULL, NULL, NULL, 3, 2),
(125, 'مصنع الفولاذ الحديث منذ 15 سنة في تميز', 'منذ أن أنشائنا في عام 2007 الخبرة وما زالت متنامية يومًا بعد يوم', NULL, NULL, NULL, NULL, NULL, NULL, NULL, NULL, '<p style=\"text-align: justify;\">يعد مصنع الفولاذ الحديث واحداً من أهم المصانع التحويلية في المملكة العربية السعودية من حيث الابتكار والطاقة الانتاجية وتلبية متطلبات العملاء بالتكنلوجيا الحديثة, وتطبيق معايير الجودة الشاملة, لتحقيق أقصى مستوى من الكفاءة في عمليات التصنيع التي تمثل أساس قطاع البناء في المملكة لتعزز واحدة من أهم رؤى دولتنا وهي&nbsp; <strong>صُنع في السعودية </strong>.</p>\r\n<p style=\"text-align: justify;\">كما نفخر بعلاقاتنا المتينة وشراكاتنا الاستراتيجية - مع العديد من مؤسسات القطاع الحكومي والخاص ونتشرف بأن منتجاتنا معتمدة لدى مختلف الدوائر الحكومية والوزارات والهيئات والشركات الكبرى، والمشاريع الخاصة , رغبة منا للسعي في مضمار المنافسة بسوق العمل الذي تنعكس نتائجه على النهضة العمرانية في مملكتنا الغالية لتحقيق رؤية 2030 .</p>\r\n<p style=\"text-align: justify;\">فمنذ تأسيس مصنعنا أخذت الشركة على عاتقها التميز بالعمل والسرعة في الإنجاز والدقة في المواعيد.</p>', NULL, NULL, NULL, NULL, NULL, NULL, NULL, NULL, 1, 1),
(126, 'Excellence in Modern steel mill since 15 years', 'Since we established in 2007 the experience is still growing day by day', NULL, NULL, NULL, NULL, NULL, NULL, NULL, NULL, '<p style=\"text-align: justify;\">Fulath Factory is one of the leading factories in the manufacturing industry for the construction sector in Saudi Arabia regarding innovation and productivity. To satisfy customer needs with modern technology, and apply high standards of quality, the management system to achieve the highest level of efficiency in manufacturing processes that represent the foundation of the construction sector in Saudi Arabia, enhancing one of the most critical visions in our country, which is \"Saudi Made.\"&nbsp;</p>\r\n<p style=\"text-align: justify;\">Fulath Factory is proud of its strong relationships and strategic partnerships with many governmental and private institutions. Fulath is honored with its product approvals in various governmental, ministries, and private projects as we strive to achieve a competitive position in the marketplace which reflects in construction growth in our beloved Kingdom to achieve the 2030 vision. Since its establishment, The Factory has been committed to high responsiveness, efficiency in work, and punctuality.</p>', NULL, NULL, NULL, NULL, NULL, NULL, NULL, NULL, 1, 2);

-- --------------------------------------------------------

--
-- Table structure for table `photo_galleries`
--

CREATE TABLE `photo_galleries` (
  `id` bigint UNSIGNED NOT NULL,
  `image` varchar(200) NOT NULL,
  `show_in_home` tinyint(1) DEFAULT '1',
  `created_at` timestamp NULL DEFAULT NULL,
  `updated_at` timestamp NULL DEFAULT NULL,
  `deleted_at` timestamp NULL DEFAULT NULL
) ENGINE=InnoDB DEFAULT CHARSET=utf8mb3;

--
-- Dumping data for table `photo_galleries`
--

INSERT INTO `photo_galleries` (`id`, `image`, `show_in_home`, `created_at`, `updated_at`, `deleted_at`) VALUES
(1, 'assets/web/images/gallery2.png', 1, '2022-05-01 22:47:25', '2022-05-09 12:59:24', '2022-05-09 12:59:24'),
(2, 'assets/web/images/gallery1.png', 1, '2022-05-01 22:47:25', '2022-05-09 12:59:24', '2022-05-09 12:59:24'),
(3, 'assets/web/images/gallery1.png', 1, '2022-05-01 22:47:25', '2022-05-09 12:59:24', '2022-05-09 12:59:24'),
(4, 'assets/web/images/gallery2.png', 1, '2022-05-01 22:47:25', '2022-05-09 12:59:24', '2022-05-09 12:59:24'),
(5, 'assets/web/images/gallery3.png', 1, '2022-05-01 22:47:26', '2022-05-09 12:59:24', '2022-05-09 12:59:24'),
(6, 'assets/web/images/gallery2.png', 1, '2022-05-01 22:47:26', '2022-05-09 12:59:24', '2022-05-09 12:59:24'),
(7, 'assets/web/images/gallery1.png', 1, '2022-05-01 22:47:26', '2022-05-09 12:59:24', '2022-05-09 12:59:24'),
(8, 'assets/web/images/gallery4.png', 1, '2022-05-01 22:47:26', '2022-10-22 11:28:35', '2022-10-22 11:28:35'),
(9, 'assets/web/images/gallery4.png', 1, '2022-05-01 22:47:26', '2022-05-09 14:32:53', '2022-05-09 14:32:53'),
(10, 'assets/web/images/gallery1.png', 1, '2022-05-01 22:47:26', '2022-05-09 14:32:53', '2022-05-09 14:32:53'),
(11, 'assets/web/images/gallery4.png', 1, '2022-05-01 22:47:26', '2022-05-09 14:32:53', '2022-05-09 14:32:53'),
(12, 'assets/web/images/gallery4.png', 1, '2022-05-01 22:47:26', '2022-05-09 14:32:53', '2022-05-09 14:32:53'),
(13, 'assets/web/images/gallery4.png', 1, '2022-05-01 22:47:27', '2022-05-09 14:32:53', '2022-05-09 14:32:53'),
(14, 'assets/web/images/gallery4.png', 1, '2022-05-01 22:47:27', '2022-05-09 14:32:53', '2022-05-09 14:32:53'),
(15, 'assets/web/images/gallery2.png', 1, '2022-05-01 22:47:27', '2022-05-09 14:32:53', '2022-05-09 14:32:53'),
(16, 'assets/web/images/gallery1.png', 1, '2022-05-01 22:47:27', '2022-05-09 14:32:53', '2022-05-09 14:32:53'),
(17, 'assets/web/images/gallery3.png', 1, '2022-05-01 22:47:27', '2022-05-09 14:32:53', '2022-05-09 14:32:53'),
(18, '/uploads/images/PIC/6278c563ceb18.jpg', 1, '2022-05-01 22:47:27', '2022-10-22 11:28:26', '2022-10-22 11:28:26'),
(19, '/uploads/images/fthprodpic/634a83bb30d75.JPG', 1, '2022-10-22 08:50:57', '2023-01-30 12:22:19', '2023-01-30 12:22:19'),
(20, '/uploads/images/fthprodpic/634a857ac526e.JPG', 1, '2022-10-22 08:51:33', '2023-01-30 12:22:27', '2023-01-30 12:22:27'),
(21, '/uploads/images/fthprodpic/634a8586e9e8a.JPG', 1, '2022-10-22 08:53:23', '2023-01-30 12:22:23', '2023-01-30 12:22:23'),
(22, '/uploads/images/fthprodpic/634a859310f64.JPG', 1, '2022-10-22 08:53:56', '2023-01-30 12:22:31', '2023-01-30 12:22:31'),
(23, '/uploads/images/fthprodpic/634a859c8fe4c.JPG', 1, '2022-10-22 08:54:21', '2023-01-30 12:22:35', '2023-01-30 12:22:35'),
(24, '/uploads/images/fthprodpic/634a87420b561.JPG', 1, '2022-10-22 08:54:49', '2023-01-30 12:22:39', '2023-01-30 12:22:39'),
(25, '/uploads/images/fthprodpic/634a874c9b44c.JPG', 1, '2022-10-22 08:55:15', '2023-01-30 12:22:43', '2023-01-30 12:22:43'),
(26, '/uploads/images/fthprodpic/634a875bb0bb2.JPG', 1, '2022-10-22 08:55:39', '2023-01-30 12:22:47', '2023-01-30 12:22:47'),
(27, '/uploads/images/fthprodpic/634a875bb0bb2.JPG', 1, '2022-10-22 09:04:20', '2022-10-22 11:26:49', '2022-10-22 11:26:49'),
(28, '/uploads/images/fthprodpic/63d7b40fdda96.jpg', 1, '2022-10-22 09:04:50', '2023-01-30 12:21:11', '2023-01-30 12:21:11'),
(29, '/uploads/images/fthprodpic/63d7b40f9a131.jpg', 1, '2022-10-22 09:05:24', '2023-02-13 11:24:38', '2023-02-13 11:24:38'),
(30, '/uploads/images/fthprodpic/63d7b40fdda96.jpg', 1, '2022-10-22 09:05:54', '2023-01-31 08:53:38', NULL),
(31, '/uploads/images/fthprodpic/63d8d6d0b340c.jpg', 0, '2022-10-22 09:06:28', '2023-01-31 08:52:53', NULL),
(32, '/uploads/images/fthprodpic/634a859c8fe4c.JPG', 1, '2022-10-22 09:06:55', '2023-01-30 12:09:43', NULL);

-- --------------------------------------------------------

--
-- Table structure for table `photo_gallery_descriptions`
--

CREATE TABLE `photo_gallery_descriptions` (
  `id` bigint UNSIGNED NOT NULL,
  `title` varchar(100) NOT NULL,
  `photo_gallery_id` bigint UNSIGNED NOT NULL,
  `language_id` bigint UNSIGNED NOT NULL
) ENGINE=InnoDB DEFAULT CHARSET=utf8mb3;

--
-- Dumping data for table `photo_gallery_descriptions`
--

INSERT INTO `photo_gallery_descriptions` (`id`, `title`, `photo_gallery_id`, `language_id`) VALUES
(1, 'العمل في مشروع جدة للفولاذ', 1, 1),
(2, 'العمل في مشروع جدة للفولاذ', 1, 2),
(3, 'العمل في مشروع جدة للفولاذ', 2, 1),
(4, 'العمل في مشروع جدة للفولاذ', 2, 2),
(5, 'العمل في مشروع جدة للفولاذ', 3, 1),
(6, 'العمل في مشروع جدة للفولاذ', 3, 2),
(7, 'العمل في مشروع جدة للفولاذ', 4, 1),
(8, 'العمل في مشروع جدة للفولاذ', 4, 2),
(9, 'العمل في مشروع جدة للفولاذ', 5, 1),
(10, 'العمل في مشروع جدة للفولاذ', 5, 2),
(11, 'العمل في مشروع جدة للفولاذ', 6, 1),
(12, 'العمل في مشروع جدة للفولاذ', 6, 2),
(13, 'العمل في مشروع جدة للفولاذ', 7, 1),
(14, 'العمل في مشروع جدة للفولاذ', 7, 2),
(17, 'العمل في مشروع جدة للفولاذ', 9, 1),
(18, 'العمل في مشروع جدة للفولاذ', 9, 2),
(19, 'العمل في مشروع جدة للفولاذ', 10, 1),
(20, 'العمل في مشروع جدة للفولاذ', 10, 2),
(21, 'العمل في مشروع جدة للفولاذ', 11, 1),
(22, 'العمل في مشروع جدة للفولاذ', 11, 2),
(23, 'العمل في مشروع جدة للفولاذ', 12, 1),
(24, 'العمل في مشروع جدة للفولاذ', 12, 2),
(25, 'العمل في مشروع جدة للفولاذ', 13, 1),
(26, 'العمل في مشروع جدة للفولاذ', 13, 2),
(27, 'العمل في مشروع جدة للفولاذ', 14, 1),
(28, 'العمل في مشروع جدة للفولاذ', 14, 2),
(29, 'العمل في مشروع جدة للفولاذ', 15, 1),
(30, 'العمل في مشروع جدة للفولاذ', 15, 2),
(31, 'العمل في مشروع جدة للفولاذ', 16, 1),
(32, 'العمل في مشروع جدة للفولاذ', 16, 2),
(33, 'العمل في مشروع جدة للفولاذ', 17, 1),
(34, 'العمل في مشروع جدة للفولاذ', 17, 2),
(41, 'العمل في مشروع جدة للفولاذ1', 18, 1),
(42, 'Work on Jeddah Steel Project 1', 18, 2),
(43, 'العمل في مشروع جدة للفولاذ', 8, 1),
(44, 'Work on Jeddah Steel Project', 8, 2),
(45, '....', 19, 1),
(46, '....', 19, 2),
(47, '....', 20, 1),
(48, '....', 20, 2),
(49, '....', 21, 1),
(50, '....', 21, 2),
(51, '....', 22, 1),
(52, '....', 22, 2),
(53, '....', 23, 1),
(54, '....', 23, 2),
(55, '....', 24, 1),
(56, '....', 24, 2),
(57, '....', 25, 1),
(58, '....', 25, 2),
(59, '....', 26, 1),
(60, '....', 26, 2),
(61, '....', 27, 1),
(62, '....', 27, 2),
(89, 'من منتجاتنا', 28, 1),
(90, 'من منتجاتنا', 28, 2),
(91, 'أستلام المواد', 32, 1),
(92, 'Receiving material', 32, 2),
(97, 'المراقبة والتحكم', 29, 1),
(98, 'Monitoring and Control', 29, 2),
(99, 'التنزيل', 31, 1),
(100, 'Loading', 31, 2),
(101, 'تجهيز الطلبات', 30, 1),
(102, 'Order Processing', 30, 2);

-- --------------------------------------------------------

--
-- Table structure for table `products`
--

CREATE TABLE `products` (
  `id` bigint UNSIGNED NOT NULL,
  `is_special` tinyint(1) DEFAULT '0',
  `show_advantages` tinyint(1) DEFAULT '1',
  `show_table` tinyint(1) DEFAULT '1',
  `images` longtext NOT NULL,
  `points` longtext NOT NULL,
  `created_at` timestamp NULL DEFAULT NULL,
  `updated_at` timestamp NULL DEFAULT NULL,
  `deleted_at` timestamp NULL DEFAULT NULL
) ENGINE=InnoDB DEFAULT CHARSET=utf8mb3;

--
-- Dumping data for table `products`
--

INSERT INTO `products` (`id`, `is_special`, `show_advantages`, `show_table`, `images`, `points`, `created_at`, `updated_at`, `deleted_at`) VALUES
(1, 1, 1, 0, '[\"\\/uploads\\/images\\/fthprodpic\\/63d7af6737a25.jpg\",\"\\/uploads\\/images\\/fthprodpic\\/63d7af676b89a.jpg\"]', '{\"ar\":[\"00\"],\"en\":[\"00\"],\"maximum\":[\"00\"],\"minimum\":[\"00\"]}', '2022-05-01 22:47:39', '2023-01-30 11:52:26', NULL),
(2, 1, 1, 0, '[\"\\/uploads\\/images\\/fthprodpic\\/63d7aed2bc9e9.jpg\",\"\\/uploads\\/images\\/fthprodpic\\/63d7aed2e5ca8.jpg\"]', '{\"ar\":[\"000000000\"],\"en\":[\"00000000\"],\"maximum\":[\"000000000\"],\"minimum\":[\"000000000\"]}', '2022-05-01 22:47:39', '2023-01-30 11:50:02', NULL),
(3, 1, 1, 1, '[\"assets\\/web\\/images\\/prod-1.png\",\"assets\\/web\\/images\\/prod-6.png\",\"assets\\/web\\/images\\/prod-2.png\",\"assets\\/web\\/images\\/prod-7.png\"]', '{\"ar\":[\"Cross wire\",\"Cross wire\",\"Cross wire\"],\"en\":[\"Cross wire\",\"Cross wire\",\"Cross wire\"],\"minimum\":[\"1200mm\",\"1200mm\",\"1200mm\"],\"maximum\":[\"2400mm\",\"2400mm\",\"2400mm\"]}', '2022-05-01 22:47:39', '2022-05-09 14:03:33', '2022-05-09 14:03:33'),
(4, 1, 1, 1, '[\"assets\\/web\\/images\\/prod-2.png\",\"assets\\/web\\/images\\/prod-6.png\",\"assets\\/web\\/images\\/prod-5.png\",\"assets\\/web\\/images\\/prod-3.png\"]', '{\"ar\":[\"Cross wire\",\"Cross wire\",\"Cross wire\"],\"en\":[\"Cross wire\",\"Cross wire\",\"Cross wire\"],\"minimum\":[\"1200mm\",\"1200mm\",\"1200mm\"],\"maximum\":[\"2400mm\",\"2400mm\",\"2400mm\"]}', '2022-05-01 22:47:39', '2022-05-09 14:03:32', '2022-05-09 14:03:32'),
(5, 0, 1, 1, '[\"assets\\/web\\/images\\/prod-7.png\",\"assets\\/web\\/images\\/prod-1.png\",\"assets\\/web\\/images\\/prod-4.png\",\"assets\\/web\\/images\\/prod-3.png\"]', '{\"ar\":[\"Cross wire\",\"Cross wire\",\"Cross wire\"],\"en\":[\"Cross wire\",\"Cross wire\",\"Cross wire\"],\"minimum\":[\"1200mm\",\"1200mm\",\"1200mm\"],\"maximum\":[\"2400mm\",\"2400mm\",\"2400mm\"]}', '2022-05-01 22:47:40', '2022-05-09 14:03:31', '2022-05-09 14:03:31'),
(6, 0, 1, 1, '[\"assets\\/web\\/images\\/prod-2.png\",\"assets\\/web\\/images\\/prod-7.png\",\"assets\\/web\\/images\\/prod-6.png\",\"assets\\/web\\/images\\/prod-5.png\"]', '{\"ar\":[\"Cross wire\",\"Cross wire\",\"Cross wire\"],\"en\":[\"Cross wire\",\"Cross wire\",\"Cross wire\"],\"minimum\":[\"1200mm\",\"1200mm\",\"1200mm\"],\"maximum\":[\"2400mm\",\"2400mm\",\"2400mm\"]}', '2022-05-01 22:47:40', '2022-05-09 14:03:30', '2022-05-09 14:03:30'),
(7, 0, 1, 1, '[\"assets\\/web\\/images\\/prod-6.png\",\"assets\\/web\\/images\\/prod-5.png\",\"assets\\/web\\/images\\/prod-3.png\",\"assets\\/web\\/images\\/prod-1.png\"]', '{\"ar\":[\"Cross wire\",\"Cross wire\",\"Cross wire\"],\"en\":[\"Cross wire\",\"Cross wire\",\"Cross wire\"],\"minimum\":[\"1200mm\",\"1200mm\",\"1200mm\"],\"maximum\":[\"2400mm\",\"2400mm\",\"2400mm\"]}', '2022-05-01 22:47:40', '2022-05-09 14:03:29', '2022-05-09 14:03:29'),
(8, 1, 1, 1, '[\"\\/uploads\\/images\\/fthprodpic\\/63d7ae310c999.jpg\",\"\\/uploads\\/images\\/fthprodpic\\/63d7ae30d0794.jpg\"]', '{\"ar\":[\"Cross Wire\",\"Long Wire\",\"CW Pitch\",\"LW Pitch\",\"CW Dia\",\"LW Dia\"],\"en\":[\"Cross Wire\",\"Long Wire\",\"CW Pitch\",\"LW Pitch\",\"CW Dia\",\"LW Dia\"],\"maximum\":[\"1200mm\",\"2000mm\",\"50mm\",\"100mm\",\"4mm\",\"4mm\"],\"minimum\":[\"1200mm\",\"2000mm\",\"50mm\",\"100mm\",\"4mm\",\"4mm\"]}', '2022-05-01 22:47:40', '2023-01-30 11:47:41', NULL),
(9, 1, 0, 0, '[\"\\/uploads\\/images\\/PIC\\/6278d8bd704dd.jpg\",\"\\/uploads\\/images\\/PIC\\/6278d8bd7dc68.jpg\"]', '{\"ar\":[\"00\"],\"en\":[\"00\"],\"maximum\":[\"00\"],\"minimum\":[\"00\"]}', '2022-05-11 12:01:55', '2022-10-26 10:51:25', NULL),
(10, 1, 0, 0, '[\"\\/uploads\\/images\\/fthprodpic\\/63d7ad967b47e.jpg\",\"\\/uploads\\/images\\/fthprodpic\\/63d7ad969ee16.jpg\"]', '{\"ar\":[\"345\"],\"en\":[\"123213\"],\"maximum\":[\"\\u0627\\u0644\\u062d\\u062f \\u0627\\u0644\\u0623\\u062f\\u0646\\u0649\"],\"minimum\":[\"\\u0627\\u0644\\u062d\\u062f \\u0627\\u0644\\u0623\\u062f\\u0646\\u0649\"]}', '2022-05-11 12:47:30', '2023-03-22 11:40:08', '2023-03-22 11:40:08'),
(11, 1, 1, 0, '[\"\\/uploads\\/images\\/fthprodpic\\/63d7acdf6817f.jpg\",\"\\/uploads\\/images\\/fthprodpic\\/63d7acdfaf8bc.jpg\"]', '{\"ar\":[\"000\"],\"en\":[\"000\"],\"maximum\":[\"000\"],\"minimum\":[\"000\"]}', '2022-10-18 22:10:47', '2023-01-30 11:42:42', NULL);

-- --------------------------------------------------------

--
-- Table structure for table `product_descriptions`
--

CREATE TABLE `product_descriptions` (
  `id` bigint UNSIGNED NOT NULL,
  `name` varchar(300) NOT NULL,
  `advantage_desc` varchar(300) DEFAULT NULL,
  `minimum_title` varchar(300) DEFAULT NULL,
  `maximum_title` varchar(300) DEFAULT NULL,
  `description` longtext NOT NULL,
  `advantages` longtext NOT NULL,
  `product_id` bigint UNSIGNED NOT NULL,
  `language_id` bigint UNSIGNED NOT NULL
) ENGINE=InnoDB DEFAULT CHARSET=utf8mb3;

--
-- Dumping data for table `product_descriptions`
--

INSERT INTO `product_descriptions` (`id`, `name`, `advantage_desc`, `minimum_title`, `maximum_title`, `description`, `advantages`, `product_id`, `language_id`) VALUES
(5, 'حديد وثني', 'مميزات القص و الثني في مصنع الفولاذ', 'عنوان الخلية الأولى من جدول النقاط', 'عنوان الخلية الثانية من جدول النقاط', 'القسم الخاص بالقص و الثني مجهز بمكائن مختارة بعناية فائقة و موضوعة تحت تصميم ممتاز لتوفير تدفق سلس لأداء العمل وفقاً للنمو السريع في قطاع صناعة الحديد في المملكة العربية السعودية، و مصنع الفولاذ يتطلع ليكون أفضل المصانع التي تقدم خدمات القص والثني بجودة عالية و بأيدي عاملة عالية الكفاءة، مستخدمين خطوط إنتاج تعمل بالحاسب الآلي، بالإضافة إلى فريق إنتاج احترافي عالي التدريب، لضمان جودة منتجاتنا، حيث نضمن لكم أن فريق الإنتاج الخاص بنا مستعد لتقديم كل الأشكال المطلوبة من الحديد المشكل, والذي يخدم بشكل كبير المشاريع التي تقام في الأماكن محدودة المساحة موفرين لهم المقاسات من 5.5 ملم إلى 40 ملم', 'توفير تشكيلة واسعة من الأحجام والأشكال لحديد التسليح حسب الطلب.\nقص وثني بأحجام مطابقة للمواصفات المطلوبة لتسريع عملية التركيب.\nالتحكم الكامل في الحديد المهدر (السكراب).\nتقليل الحاجة إلى العمالة في موقع المشروع.\nاستغلال أفضل لمساحة المشروع.\nتوفير كبير في الوقت والجهد المستهلك.', 3, 1),
(6, 'حديد وثني', 'مميزات القص و الثني في مصنع الفولاذ', 'عنوان الخلية الأولى من جدول النقاط', 'عنوان الخلية الثانية من جدول النقاط', 'القسم الخاص بالقص و الثني مجهز بمكائن مختارة بعناية فائقة و موضوعة تحت تصميم ممتاز لتوفير تدفق سلس لأداء العمل وفقاً للنمو السريع في قطاع صناعة الحديد في المملكة العربية السعودية، و مصنع الفولاذ يتطلع ليكون أفضل المصانع التي تقدم خدمات القص والثني بجودة عالية و بأيدي عاملة عالية الكفاءة، مستخدمين خطوط إنتاج تعمل بالحاسب الآلي، بالإضافة إلى فريق إنتاج احترافي عالي التدريب، لضمان جودة منتجاتنا، حيث نضمن لكم أن فريق الإنتاج الخاص بنا مستعد لتقديم كل الأشكال المطلوبة من الحديد المشكل, والذي يخدم بشكل كبير المشاريع التي تقام في الأماكن محدودة المساحة موفرين لهم المقاسات من 5.5 ملم إلى 40 ملم', 'توفير تشكيلة واسعة من الأحجام والأشكال لحديد التسليح حسب الطلب.\nقص وثني بأحجام مطابقة للمواصفات المطلوبة لتسريع عملية التركيب.\nالتحكم الكامل في الحديد المهدر (السكراب).\nتقليل الحاجة إلى العمالة في موقع المشروع.\nاستغلال أفضل لمساحة المشروع.\nتوفير كبير في الوقت والجهد المستهلك.', 3, 2),
(7, 'حديد وثني', 'مميزات القص و الثني في مصنع الفولاذ', 'عنوان الخلية الأولى من جدول النقاط', 'عنوان الخلية الثانية من جدول النقاط', 'القسم الخاص بالقص و الثني مجهز بمكائن مختارة بعناية فائقة و موضوعة تحت تصميم ممتاز لتوفير تدفق سلس لأداء العمل وفقاً للنمو السريع في قطاع صناعة الحديد في المملكة العربية السعودية، و مصنع الفولاذ يتطلع ليكون أفضل المصانع التي تقدم خدمات القص والثني بجودة عالية و بأيدي عاملة عالية الكفاءة، مستخدمين خطوط إنتاج تعمل بالحاسب الآلي، بالإضافة إلى فريق إنتاج احترافي عالي التدريب، لضمان جودة منتجاتنا، حيث نضمن لكم أن فريق الإنتاج الخاص بنا مستعد لتقديم كل الأشكال المطلوبة من الحديد المشكل, والذي يخدم بشكل كبير المشاريع التي تقام في الأماكن محدودة المساحة موفرين لهم المقاسات من 5.5 ملم إلى 40 ملم', 'توفير تشكيلة واسعة من الأحجام والأشكال لحديد التسليح حسب الطلب.\nقص وثني بأحجام مطابقة للمواصفات المطلوبة لتسريع عملية التركيب.\nالتحكم الكامل في الحديد المهدر (السكراب).\nتقليل الحاجة إلى العمالة في موقع المشروع.\nاستغلال أفضل لمساحة المشروع.\nتوفير كبير في الوقت والجهد المستهلك.', 4, 1),
(8, 'حديد وثني', 'مميزات القص و الثني في مصنع الفولاذ', 'عنوان الخلية الأولى من جدول النقاط', 'عنوان الخلية الثانية من جدول النقاط', 'القسم الخاص بالقص و الثني مجهز بمكائن مختارة بعناية فائقة و موضوعة تحت تصميم ممتاز لتوفير تدفق سلس لأداء العمل وفقاً للنمو السريع في قطاع صناعة الحديد في المملكة العربية السعودية، و مصنع الفولاذ يتطلع ليكون أفضل المصانع التي تقدم خدمات القص والثني بجودة عالية و بأيدي عاملة عالية الكفاءة، مستخدمين خطوط إنتاج تعمل بالحاسب الآلي، بالإضافة إلى فريق إنتاج احترافي عالي التدريب، لضمان جودة منتجاتنا، حيث نضمن لكم أن فريق الإنتاج الخاص بنا مستعد لتقديم كل الأشكال المطلوبة من الحديد المشكل, والذي يخدم بشكل كبير المشاريع التي تقام في الأماكن محدودة المساحة موفرين لهم المقاسات من 5.5 ملم إلى 40 ملم', 'توفير تشكيلة واسعة من الأحجام والأشكال لحديد التسليح حسب الطلب.\nقص وثني بأحجام مطابقة للمواصفات المطلوبة لتسريع عملية التركيب.\nالتحكم الكامل في الحديد المهدر (السكراب).\nتقليل الحاجة إلى العمالة في موقع المشروع.\nاستغلال أفضل لمساحة المشروع.\nتوفير كبير في الوقت والجهد المستهلك.', 4, 2),
(9, 'حديد وثني', 'مميزات القص و الثني في مصنع الفولاذ', 'عنوان الخلية الأولى من جدول النقاط', 'عنوان الخلية الثانية من جدول النقاط', 'القسم الخاص بالقص و الثني مجهز بمكائن مختارة بعناية فائقة و موضوعة تحت تصميم ممتاز لتوفير تدفق سلس لأداء العمل وفقاً للنمو السريع في قطاع صناعة الحديد في المملكة العربية السعودية، و مصنع الفولاذ يتطلع ليكون أفضل المصانع التي تقدم خدمات القص والثني بجودة عالية و بأيدي عاملة عالية الكفاءة، مستخدمين خطوط إنتاج تعمل بالحاسب الآلي، بالإضافة إلى فريق إنتاج احترافي عالي التدريب، لضمان جودة منتجاتنا، حيث نضمن لكم أن فريق الإنتاج الخاص بنا مستعد لتقديم كل الأشكال المطلوبة من الحديد المشكل, والذي يخدم بشكل كبير المشاريع التي تقام في الأماكن محدودة المساحة موفرين لهم المقاسات من 5.5 ملم إلى 40 ملم', 'توفير تشكيلة واسعة من الأحجام والأشكال لحديد التسليح حسب الطلب.\nقص وثني بأحجام مطابقة للمواصفات المطلوبة لتسريع عملية التركيب.\nالتحكم الكامل في الحديد المهدر (السكراب).\nتقليل الحاجة إلى العمالة في موقع المشروع.\nاستغلال أفضل لمساحة المشروع.\nتوفير كبير في الوقت والجهد المستهلك.', 5, 1),
(10, 'حديد وثني', 'مميزات القص و الثني في مصنع الفولاذ', 'عنوان الخلية الأولى من جدول النقاط', 'عنوان الخلية الثانية من جدول النقاط', 'القسم الخاص بالقص و الثني مجهز بمكائن مختارة بعناية فائقة و موضوعة تحت تصميم ممتاز لتوفير تدفق سلس لأداء العمل وفقاً للنمو السريع في قطاع صناعة الحديد في المملكة العربية السعودية، و مصنع الفولاذ يتطلع ليكون أفضل المصانع التي تقدم خدمات القص والثني بجودة عالية و بأيدي عاملة عالية الكفاءة، مستخدمين خطوط إنتاج تعمل بالحاسب الآلي، بالإضافة إلى فريق إنتاج احترافي عالي التدريب، لضمان جودة منتجاتنا، حيث نضمن لكم أن فريق الإنتاج الخاص بنا مستعد لتقديم كل الأشكال المطلوبة من الحديد المشكل, والذي يخدم بشكل كبير المشاريع التي تقام في الأماكن محدودة المساحة موفرين لهم المقاسات من 5.5 ملم إلى 40 ملم', 'توفير تشكيلة واسعة من الأحجام والأشكال لحديد التسليح حسب الطلب.\nقص وثني بأحجام مطابقة للمواصفات المطلوبة لتسريع عملية التركيب.\nالتحكم الكامل في الحديد المهدر (السكراب).\nتقليل الحاجة إلى العمالة في موقع المشروع.\nاستغلال أفضل لمساحة المشروع.\nتوفير كبير في الوقت والجهد المستهلك.', 5, 2),
(11, 'حديد وثني', 'مميزات القص و الثني في مصنع الفولاذ', 'عنوان الخلية الأولى من جدول النقاط', 'عنوان الخلية الثانية من جدول النقاط', 'القسم الخاص بالقص و الثني مجهز بمكائن مختارة بعناية فائقة و موضوعة تحت تصميم ممتاز لتوفير تدفق سلس لأداء العمل وفقاً للنمو السريع في قطاع صناعة الحديد في المملكة العربية السعودية، و مصنع الفولاذ يتطلع ليكون أفضل المصانع التي تقدم خدمات القص والثني بجودة عالية و بأيدي عاملة عالية الكفاءة، مستخدمين خطوط إنتاج تعمل بالحاسب الآلي، بالإضافة إلى فريق إنتاج احترافي عالي التدريب، لضمان جودة منتجاتنا، حيث نضمن لكم أن فريق الإنتاج الخاص بنا مستعد لتقديم كل الأشكال المطلوبة من الحديد المشكل, والذي يخدم بشكل كبير المشاريع التي تقام في الأماكن محدودة المساحة موفرين لهم المقاسات من 5.5 ملم إلى 40 ملم', 'توفير تشكيلة واسعة من الأحجام والأشكال لحديد التسليح حسب الطلب.\nقص وثني بأحجام مطابقة للمواصفات المطلوبة لتسريع عملية التركيب.\nالتحكم الكامل في الحديد المهدر (السكراب).\nتقليل الحاجة إلى العمالة في موقع المشروع.\nاستغلال أفضل لمساحة المشروع.\nتوفير كبير في الوقت والجهد المستهلك.', 6, 1),
(12, 'حديد وثني', 'مميزات القص و الثني في مصنع الفولاذ', 'عنوان الخلية الأولى من جدول النقاط', 'عنوان الخلية الثانية من جدول النقاط', 'القسم الخاص بالقص و الثني مجهز بمكائن مختارة بعناية فائقة و موضوعة تحت تصميم ممتاز لتوفير تدفق سلس لأداء العمل وفقاً للنمو السريع في قطاع صناعة الحديد في المملكة العربية السعودية، و مصنع الفولاذ يتطلع ليكون أفضل المصانع التي تقدم خدمات القص والثني بجودة عالية و بأيدي عاملة عالية الكفاءة، مستخدمين خطوط إنتاج تعمل بالحاسب الآلي، بالإضافة إلى فريق إنتاج احترافي عالي التدريب، لضمان جودة منتجاتنا، حيث نضمن لكم أن فريق الإنتاج الخاص بنا مستعد لتقديم كل الأشكال المطلوبة من الحديد المشكل, والذي يخدم بشكل كبير المشاريع التي تقام في الأماكن محدودة المساحة موفرين لهم المقاسات من 5.5 ملم إلى 40 ملم', 'توفير تشكيلة واسعة من الأحجام والأشكال لحديد التسليح حسب الطلب.\nقص وثني بأحجام مطابقة للمواصفات المطلوبة لتسريع عملية التركيب.\nالتحكم الكامل في الحديد المهدر (السكراب).\nتقليل الحاجة إلى العمالة في موقع المشروع.\nاستغلال أفضل لمساحة المشروع.\nتوفير كبير في الوقت والجهد المستهلك.', 6, 2),
(13, 'حديد وثني', 'مميزات القص و الثني في مصنع الفولاذ', 'عنوان الخلية الأولى من جدول النقاط', 'عنوان الخلية الثانية من جدول النقاط', 'القسم الخاص بالقص و الثني مجهز بمكائن مختارة بعناية فائقة و موضوعة تحت تصميم ممتاز لتوفير تدفق سلس لأداء العمل وفقاً للنمو السريع في قطاع صناعة الحديد في المملكة العربية السعودية، و مصنع الفولاذ يتطلع ليكون أفضل المصانع التي تقدم خدمات القص والثني بجودة عالية و بأيدي عاملة عالية الكفاءة، مستخدمين خطوط إنتاج تعمل بالحاسب الآلي، بالإضافة إلى فريق إنتاج احترافي عالي التدريب، لضمان جودة منتجاتنا، حيث نضمن لكم أن فريق الإنتاج الخاص بنا مستعد لتقديم كل الأشكال المطلوبة من الحديد المشكل, والذي يخدم بشكل كبير المشاريع التي تقام في الأماكن محدودة المساحة موفرين لهم المقاسات من 5.5 ملم إلى 40 ملم', 'توفير تشكيلة واسعة من الأحجام والأشكال لحديد التسليح حسب الطلب.\nقص وثني بأحجام مطابقة للمواصفات المطلوبة لتسريع عملية التركيب.\nالتحكم الكامل في الحديد المهدر (السكراب).\nتقليل الحاجة إلى العمالة في موقع المشروع.\nاستغلال أفضل لمساحة المشروع.\nتوفير كبير في الوقت والجهد المستهلك.', 7, 1),
(14, 'حديد وثني', 'مميزات القص و الثني في مصنع الفولاذ', 'عنوان الخلية الأولى من جدول النقاط', 'عنوان الخلية الثانية من جدول النقاط', 'القسم الخاص بالقص و الثني مجهز بمكائن مختارة بعناية فائقة و موضوعة تحت تصميم ممتاز لتوفير تدفق سلس لأداء العمل وفقاً للنمو السريع في قطاع صناعة الحديد في المملكة العربية السعودية، و مصنع الفولاذ يتطلع ليكون أفضل المصانع التي تقدم خدمات القص والثني بجودة عالية و بأيدي عاملة عالية الكفاءة، مستخدمين خطوط إنتاج تعمل بالحاسب الآلي، بالإضافة إلى فريق إنتاج احترافي عالي التدريب، لضمان جودة منتجاتنا، حيث نضمن لكم أن فريق الإنتاج الخاص بنا مستعد لتقديم كل الأشكال المطلوبة من الحديد المشكل, والذي يخدم بشكل كبير المشاريع التي تقام في الأماكن محدودة المساحة موفرين لهم المقاسات من 5.5 ملم إلى 40 ملم', 'توفير تشكيلة واسعة من الأحجام والأشكال لحديد التسليح حسب الطلب.\nقص وثني بأحجام مطابقة للمواصفات المطلوبة لتسريع عملية التركيب.\nالتحكم الكامل في الحديد المهدر (السكراب).\nتقليل الحاجة إلى العمالة في موقع المشروع.\nاستغلال أفضل لمساحة المشروع.\nتوفير كبير في الوقت والجهد المستهلك.', 7, 2),
(159, 'وصلات الحديد الميكانيكية (كابلر)', 'مميزات الكابلر في مصنع الفولاذ', 'عنوان الخلية الأولى من جدول النقاط', 'عنوان الخلية الثانية من جدول النقاط', 'حرصنا في مصنع الفولاذ الحديث على ان ندعم جميع المشاريع من خلال توفير جميع حلول البناء الهندسية وذلك بتوفير الكابلر والذي يتميز  بكونه وصلة لربط اسياخ حديد التسليح فيما بينها ، بحيث تحقق قيمة الشد المطلوبة بناء على كود البناء المعتمد ، و غالبا ما يكون 1.25% من قيمة مواصفة الحديد نفسه و يوجد منها انواع مختلفة حسب حاجة العميل', '....', 9, 1),
(160, 'Steel Mechanical Connections (Couplers)', 'مميزات القص و الثني في مصنع الفولاذ', 'عنوان الخلية الأولى من جدول النقاط', 'عنوان الخلية الثانية من جدول النقاط', 'Fulath Factory Couplers are parallel thread mechanical splicing systems for Reinforcing bars diameters 12 to 40 mm and designed to provide full Tensile strength. The coupler is Manufactured in Compliance with Bs 8810, ACI 318, DIN 1045, and other international standards. The mechanical couplers are designed to exceed 125% of the specified yield strength in the US when with Garde 60 rebars. Mechanical Couplers are Designed according to ASTM A615. ACI 349, ASME III DIV2 (ACI 359), ACI 318, GOST R 52544, CSA CAN 3 - N2872, ISO 15835, BS8110, DIN 1045, NF35-20-1, JGJ107', '....', 9, 2),
(189, 'حديد التسليح', 'المميزات:', '111', '1111', 'يقوم مصنع الفولاذ الحديث بإنتاج قضبان الحديد على البارد, كما يقوم بتصنيع جميع أنواع الحديد الأملس والمشرشر بمقاسات من 4.5 مم الى 12 مم . ويقوم باستخدام مواصفاتSASO-ASTM-A1064M  التي تستخدم في المباني الانشائية والبنية التحتية.', '@@Length: Straight: 12-6 meters, U-shaped or rounded coils as standards.\r\n@@STANDARDS ,  ASTM A615  ,SASO –ASTM- A1064M,  BS-4449\r\n@@Size :5.5 mm , 8 mm , 10 mm , 12 mm , 14 mm , 16 mm , 18 mm , 20 mm , 22 mm , 25 mm , 28 mm , 32 mm , 36 mm , 40 mm', 11, 1),
(190, 'Rebar (Straight Bars)', 'Aِdvantagesِِ', 'AAA', 'AAA', 'Fulath Factory produces cold rolled reinforcement bars and manufactures all types of plain and deformed. Sizes from 4.5mm to 12mm. Fulath Factory Cold drawn wires are manufactured according to SASO-ASTM-A1064M specifications.', '@@ Length: Straight: 12-6 meters, U-shaped or rounded coils as standards.\r\n@@ STANDARDS ,  ASTM A615  ,SASO –ASTM- A1064M,  BS-4449\r\n@@ Size :5.5 mm , 8 mm , 10 mm , 12 mm , 14 mm , 16 mm , 18 mm , 20 mm , 22 mm , 25 mm , 28 mm , 32 mm , 36 mm , 40 mm', 11, 2),
(191, 'الإيبوكسي', 'مميزات الإيبوكسي في مصنع الفولاذ', 'عنوان الخلية الأولى من جدول النقاط', 'عنوان الخلية الثانية من جدول النقاط', 'يوفر مصنع الفولاذ الحديث حديد التسليح المحمي بطبقة صلبة من  طلاء إيبوكسي الذي يحمي الفولاذ من التأكل والصداء  بمواصفات ومقاييس ASTM A 775/ A 775M – 19 , ASTM A934/A934M  و يخدم بشكل مثالي المناطق الساحلية.', '• توفير تشكيلة واسعة من الأحجام والأشكال لحديد التسليح حسب الطلب.\r\n• قص وثني بأحجام مطابقة للمواصفات المطلوبة لتسريع عملية التركيب.\r\n• الإنتاج و التسليم حسب المواعيد المجدولة.\r\n• التحكم الكامل في الحديد المهدر (السكراب).\r\n• تقليل الحاجة إلى العمالة في موقع المشروع.\r\n• استغلال أفضل لمساحة المشروع.\r\n• توفير كبير في الوقت والجهد المستهلك.', 10, 1),
(192, 'Epoxy', 'مميزات القص و الثني في مصنع الفولاذ', '111', '222', 'Fulath Factory provides steel reinforcement Epoxy Coating with a solid Epoxy coating to protect reinforcing steel in concrete in the most adverse, corrosion-prone environments, according to ASTM A 775/ A 775M – 19, ASTM A934/A934M standards.', '•Complete size mix of rebar’s available on demand.\r\n•Cut and bend to exact specifications for quick onsite installation.\r\n•Exact production and delivery schedules.\r\n•Complete control on steel waste.\r\n•Reduce site labor needed.\r\n•Better utilization of space on site.\r\n•Dramatic time saving.', 10, 2),
(193, 'شبك الصبيات', 'مميزات شبك الصبيات  في مصنع الفولاذ', 'الحد الأعلى', 'الحد الأدنى', 'ينتج مصنع الفولاذ الحديث شبك الحديد الملحوم بمقاسات مختلفة و جودة عالية تبدأ من 4 مم الى 12 مم مع ابعاد مختلفة وفق المعايير العالمية ASTM A497 الامريكية, و BS 4483البريطانية.. الذي يكون مثالياً لصبات الأرضيات وحوائط البريكاست\r\n\r\n\r\nيتم تصنيع الشبك لدينا ليتبع االمواصفات التالية :\r\nBS4483 (Type: A98, A142, A193, A252, A393, Type: B196, B283, B385, B503, B785, Type C283, C385, C503, C636, C785)\r\nطلبات الشبك وفقاً للمواصفات العالمية\r\nيمكننا تلبية طلبات الشبك وفقاً للمواصفات التالية\r\nطبقاً للمواصفة ASTM A185 بحد أدنى Yield 65,000 PSI (450MPa).\r\nطبقاً للمواصفة ASTM A497 بحد أدنى Yield 70,000 PSI (485MPa).\r\nطبقاً للمواصفة BS4483 ضغط 460، بحيث يكون ال Yield يساوي 500N/mm2.', 'جودة إنتاج ممتازة: يتم التحكم بالمقاسات آلياً، مما يزيل احتمالية حصول الأخطاء اليدوية.\r\nتوفير الكميات و المقاسات على حسب طلب العميل.\r\nاستجابة سريعة لطلب العميل فيما يتعلق بالأحجام العادية.\r\nتسليم الكميات في الوقت المحدد طبقاً للمواصفات المطلوبة.', 8, 1),
(194, 'Wire Mesh', 'مميزات القص و الثني في مصنع الفولاذ', '(MIN)', '(MAX)', 'Fulath Factory produces high-quality, and different-sized welded wire mesh from 4mm to 12mm with different dimensions according to international standards, ASTM A497, USA and 4483, BS.\r\n\r\nBS4483 (Type: A98, A142, A193, A252, A393, Type: B196, B283, B385, B503, B785, Type C283, C385, C503, C636, C785)\r\nWe can manufacture the Wire Mesh Based on the following Standards\r\nASTM A185 with a minimum yield strength of 65,000 psi (450MPa).\r\nASTM A 497 with a minimum yield strength of 70,000 psi (485MPa).\r\nBS4483 Grade 460. with a yield strength of 500 N/mm2.', '•Excellent Quality Control: spacing between steel wires is machine controlled,\r\n•thus eliminating human error via manual production.\r\n•Available on demand.\r\n•Quick response time for standard sizes.\r\n•Just-in-time delivery.', 8, 2),
(195, 'القص و العطف', 'مميزات القص و الثني في مصنع الفولاذ', 'عنوان الخلية الأولى من جدول النقاط', 'عنوان الخلية الثانية من جدول النقاط', 'نأخذ على عاتقنا في مصنع الفولاذ الحديث أن نكون دائما مستعديين لتلبية طلبات عملائنا وتقديم كافة الخدمات في قسم القص والثني والتعامل مع جميع المقاسات من 8 مم إلى 40 مم. وفق مقاييس ASTM, ACI-316, BS-4466, BS-8666  وتخدم بشكل كبير جميع المشاريع.', 'توفير تشكيلة واسعة من الأحجام والأشكال لحديد التسليح حسب الطلب.\r\nقص وثني بأحجام مطابقة للمواصفات المطلوبة لتسريع عملية التركيب.\r\nالإنتاج و التسليم حسب المواعيد المجدولة.\r\nالتحكم الكامل في الحديد المهدر (السكراب).\r\nتقليل الحاجة إلى العمالة في موقع المشروع.\r\nاستغلال أفضل لمساحة المشروع.\r\nتوفير كبير في الوقت والجهد المستهلك.', 2, 1),
(196, 'Cut And Bent', 'مميزات القص و الثني في مصنع الفولاذ', 'عنوان الخلية الأولى من جدول النقاط', 'عنوان الخلية الثانية من جدول النقاط', 'Fulath Factory always meets Saudi Market demand in construction sectors and provides various services in the Cut & Bend section in all sizes from 8mm to 40mm according to ASTM, ACI-316, BS-4466, and BS-8666 standards.', '•Complete size mix of rebar’s available on demand.\r\n•Cut and bend to exact specifications for quick onsite installation.\r\n•Exact production and delivery schedules.\r\n•Complete control on steel waste.\r\n•Reduce site labor needed.\r\n•Better utilization of space on site.\r\n•Dramatic time saving.', 2, 2),
(197, 'الاسلاك المشرشرة \\ الأملس', 'مميزات الاسلاك المشرشرة \\ الأملس في مصنع الفولاذ', 'عنوان الخلية الأولى من جدول النقاط', 'عنوان الخلية الثانية من جدول النقاط', 'يقوم مصنع الفولاذ الحديث بعمل اللفات الحديدية التي تنتج عن طريق السحب على البارد المشرشرة او الاملس بأعلى المواصفات وبمقاسات مختلفة من 4 مم الى 12 مم و تستخدم في بعض الصناعات المعدنية و الانابيب الخرسانية.', 'توفير تشكيلة واسعة من الأحجام والأشكال لحديد التسليح حسب الطلب.\r\nقص وثني بأحجام مطابقة للمواصفات المطلوبة لتسريع عملية التركيب.\r\nالتحكم الكامل في الحديد المهدر (السكراب).\r\nتقليل الحاجة إلى العمالة في موقع المشروع.\r\nاستغلال أفضل لمساحة المشروع.\r\nتوفير كبير في الوقت والجهد المستهلك.', 1, 1),
(198, 'rebar', 'مميزات القص و الثني في مصنع الفولاذ', 'عنوان الخلية الأولى من جدول النقاط', 'عنوان الخلية الثانية من جدول النقاط', 'Fulath Factory manufactures cold rolled & deformed coils, with the best specifications, in different sizes from 4mm – 12mm.', 'Providing a wide variety of sizes and shapes of rebar on request.\r\nCut and bend sizes to meet required specifications to speed up the installation process.\r\nComplete control of wasted iron (scrap).\r\nReducing the need for labor at the project site.\r\nBetter utilization of the project space.\r\nSignificant savings in time and effort.', 1, 2);

-- --------------------------------------------------------

--
-- Table structure for table `services`
--

CREATE TABLE `services` (
  `id` bigint UNSIGNED NOT NULL,
  `images` longtext NOT NULL,
  `created_at` timestamp NULL DEFAULT NULL,
  `updated_at` timestamp NULL DEFAULT NULL,
  `deleted_at` timestamp NULL DEFAULT NULL
) ENGINE=InnoDB DEFAULT CHARSET=utf8mb3;

--
-- Dumping data for table `services`
--

INSERT INTO `services` (`id`, `images`, `created_at`, `updated_at`, `deleted_at`) VALUES
(1, '[\"\\/uploads\\/images\\/FULATHFILES\\/6353bffe9a64f.jpg\"]', '2022-05-01 22:47:36', '2022-10-22 10:03:49', NULL),
(2, '[\"assets\\/admin\\/images\\/logo.png\",\"assets\\/admin\\/images\\/logo.png\",\"assets\\/admin\\/images\\/logo.png\"]', '2022-05-01 22:47:36', '2022-05-11 12:45:08', '2022-05-11 12:45:08'),
(3, '[\"\\/uploads\\/images\\/PIC\\/6278c563ceb18.jpg\",\"\\/uploads\\/images\\/PIC\\/6278cfb92cc1d.jpg\"]', '2022-05-01 22:47:37', '2022-05-11 12:45:13', '2022-05-11 12:45:13'),
(4, '[\"\\/uploads\\/images\\/PIC\\/6278d8bd704dd.jpg\",\"\\/uploads\\/images\\/PIC\\/6278d8bd7dc68.jpg\"]', '2022-05-09 14:23:49', '2022-05-11 12:45:22', '2022-05-11 12:45:22'),
(5, '[\"\\/uploads\\/images\\/PIC\\/6278cfb92cc1d.jpg\"]', '2022-10-22 10:07:13', '2022-10-22 10:07:13', NULL),
(6, '[\"\\/uploads\\/images\\/PIC\\/6353c2094e24b.jpeg\"]', '2022-10-22 10:12:34', '2022-10-22 10:12:34', NULL),
(7, '[\"\\/uploads\\/images\\/fthprodpic\\/63d7ad967b47e.jpg\",\"\\/uploads\\/images\\/fthprodpic\\/63d7ad969ee16.jpg\"]', '2023-03-22 11:32:06', '2023-03-22 11:36:19', NULL);

-- --------------------------------------------------------

--
-- Table structure for table `service_descriptions`
--

CREATE TABLE `service_descriptions` (
  `id` bigint UNSIGNED NOT NULL,
  `name` varchar(300) NOT NULL,
  `description` text NOT NULL,
  `service_id` bigint UNSIGNED NOT NULL,
  `language_id` bigint UNSIGNED NOT NULL
) ENGINE=InnoDB DEFAULT CHARSET=utf8mb3;

--
-- Dumping data for table `service_descriptions`
--

INSERT INTO `service_descriptions` (`id`, `name`, `description`, `service_id`, `language_id`) VALUES
(3, 'إسم الخدمة هنا', ' المحتوى المقروء لصفحة ما سيلهي القارئ عن التركيز', 2, 1),
(4, 'إسم الخدمة هنا', ' المحتوى المقروء لصفحة ما سيلهي القارئ عن التركيز', 2, 2),
(9, 'برمجة', '<p>القدرة على كتابة التعليمات البرمجية المنطقية لإنشاء مواقع الويب .</p>', 3, 1),
(10, 'Programming', '<p>The ability to write logical code to create websites.</p>', 3, 2),
(11, 'مبيعات', '<p>القدرة على الإقناع في بيئة تجارية.</p>', 4, 1),
(12, 'Sales', '<p>The ability to persuade in a commercial environment.</p>', 4, 2),
(21, 'حلول هندسية', '<p>يقدم مصنع الفولاذ الحديث مجموعة واسعة من الخدمات و الحلول الهندسية من خلال قدراته وخبراته في التصنيع والتصاميم والاعمال الهندسية، والتي يسعى جاهدا لتوفير الاحتياجات الهندسية الخاصة للعملاء .</p>', 1, 1),
(22, 'Engineering Solutions', '<p>Fulath Factory provides a wide range of engineering solutions and services through its extensive manufacturing capabilities and expertise in manufacturing, designs, and engineering works, Which strives to provide the special engineering needs of customers.</p>', 1, 2),
(23, 'أعمال التصنيع ( الخراطة )', '<p style=\"text-align: justify;\">Light metal industries - صناعات معدنية خفيفة</p>\r\n<p style=\"text-align: justify;\">يقدم قسم الصناعات المعدنية&nbsp;الخفيفة&nbsp;خدمات متخصصة متناهية الدقة في قطع و تشكيل المعادن باستخدام التقنيات الأكثر تقدما من نظام&nbsp;&nbsp;القطع بالليزر، و التخريم و الثني، و الخراطة، و اللحام مستخدمين احدث تكنولوجيا التصنيع.</p>', 5, 1),
(24, 'Manufacturing Work (Turning)', '<p style=\"text-align: justify;\"><strong>Light Metal Industries</strong></p>\r\n<p style=\"text-align: justify;\">The Light Metal Industries Division provides highly specialized services in cutting and forming metals using the most advanced techniques of laser cutting, punching, bending, turning, and welding using the latest manufacturing technology, which enables us to manufacture complex designs with high accuracy. We also have the knowledge, experience, and capabilities required to meet the manufacturing needs of companies large and small alike, prompt delivery, and effective solutions to ensure lasting customer satisfaction.</p>', 5, 2),
(25, 'التصميم الهندسي', '<p style=\"text-align: justify;\">Rebar detailing - تفاصيل رسومات حديد التسليح</p>\r\n<p style=\"text-align: justify;\">يخدم قسم التخطيط بمصنع الفولاذ الحديث عملية تفصيل الحديد لجميع الإنشاءات الخرسانية المسلحة بناءً على الرسومات (Shop Drawing) المعتمدة و المقدمة من العميل ووضعها في جدول (BBS) بالمقاسات والاشكال و الكميات و الاوزان لتكون جاهزة لعملية القص و الثني.</p>', 6, 1),
(26, 'Engineering Design', '<p style=\"text-align: justify;\">Rebar Detailing</p>\r\n<p style=\"text-align: justify;\">Fulath Factory\'s Planning Section takes care of the Rebar detailing the process for all reinforced concrete elements based on approved shop drawings, submitted by the customer and translated into the BBS schedule with sizes, shapes, quantities, and weights in preparation for the cutting and bending process.</p>', 6, 2),
(33, 'خدمات الإيبوكسي', '<p>يوفر مصنع الفولاذ الحديث حديد التسليح المحمي بطبقة صلبة من طلاء إيبوكسي الذي يحمي الفولاذ من التأكل والصداء بمواصفات ومقاييس ASTM A 775/ A 775M &ndash; 19 , ASTM A934/A934M و يخدم بشكل مثالي المناطق الساحلية.</p>\r\n<p><strong>مميزات الإيبوكسي في مصنع الفولاذ</strong></p>\r\n<p>&bull; توفير تشكيلة واسعة من الأحجام والأشكال لحديد التسليح حسب الطلب.<br />&bull; قص وثني بأحجام مطابقة للمواصفات المطلوبة لتسريع عملية التركيب.<br />&bull; الإنتاج و التسليم حسب المواعيد المجدولة.<br />&bull; التحكم الكامل في الحديد المهدر (السكراب).<br />&bull; تقليل الحاجة إلى العمالة في موقع المشروع.<br />&bull; استغلال أفضل لمساحة المشروع.<br />&bull; توفير كبير في الوقت والجهد المستهلك.</p>', 7, 1),
(34, 'Epoxy Services', '<p>Fulath Factory provides steel reinforcement Epoxy Coating with a solid Epoxy coating to protect reinforcing steel in concrete in the most adverse, corrosion-prone environments, according to ASTM A 775/ A 775M &ndash; 19, ASTM A934/A934M standards.</p>\r\n<p><strong>Product advantages</strong></p>\r\n<p>&bull;Complete size mix of rebar&rsquo;s available on demand.<br />&bull;Cut and bend to exact specifications for quick onsite installation.<br />&bull;Exact production and delivery schedules.<br />&bull;Complete control on steel waste.<br />&bull;Reduce site labor needed.<br />&bull;Better utilization of space on site.<br />&bull;Dramatic time saving.</p>\r\n<p>&nbsp;</p>', 7, 2);

-- --------------------------------------------------------

--
-- Table structure for table `sliders`
--

CREATE TABLE `sliders` (
  `id` bigint UNSIGNED NOT NULL,
  `image` varchar(200) NOT NULL,
  `url` varchar(300) DEFAULT NULL,
  `created_at` timestamp NULL DEFAULT NULL,
  `updated_at` timestamp NULL DEFAULT NULL,
  `deleted_at` timestamp NULL DEFAULT NULL
) ENGINE=InnoDB DEFAULT CHARSET=utf8mb3;

--
-- Dumping data for table `sliders`
--

INSERT INTO `sliders` (`id`, `image`, `url`, `created_at`, `updated_at`, `deleted_at`) VALUES
(1, 'assets/web/images/header-2.jpg', 'https://google.com', '2022-05-01 22:47:31', '2022-05-01 22:47:31', NULL),
(2, '/uploads/images/PIC/6278c563ceb18.jpg', 'https://google.com', '2022-05-01 22:47:31', '2022-05-17 13:53:49', '2022-05-17 13:53:49'),
(3, '/uploads/images/PIC/6278c5b8d7200.jpg', 'https://www.facebook.com/', '2022-05-01 22:47:31', '2022-05-17 13:53:52', '2022-05-17 13:53:52'),
(4, 'assets/web/images/header-3.jpg', 'https://fulath.com/ar', '2022-05-01 22:47:31', '2022-11-28 09:56:57', NULL),
(5, 'assets/web/images/header-2.jpg', 'https://google.com', '2022-05-01 22:47:31', '2022-05-01 22:47:31', NULL),
(6, '/uploads/images/PIC/62791e647aa35.jpg', 'https://www.fulath.com/', '2022-10-17 10:54:09', '2023-01-30 11:07:13', NULL);

-- --------------------------------------------------------

--
-- Table structure for table `slider_descriptions`
--

CREATE TABLE `slider_descriptions` (
  `id` bigint UNSIGNED NOT NULL,
  `title` varchar(100) NOT NULL,
  `slider_id` bigint UNSIGNED NOT NULL,
  `language_id` bigint UNSIGNED NOT NULL
) ENGINE=InnoDB DEFAULT CHARSET=utf8mb3;

--
-- Dumping data for table `slider_descriptions`
--

INSERT INTO `slider_descriptions` (`id`, `title`, `slider_id`, `language_id`) VALUES
(11, 'هناك أكثر من 3,500 صنفاً من الفولاذ وفقاً للاتحاد العالمي للصلب.', 2, 1),
(12, 'There are more than 3,500 grades of steel according to the World Steel Federation.', 2, 2),
(13, 'يتم إنتاج الأنواع المختلفة من الفولاذ حسب الخصائص المطلوبة.', 3, 1),
(14, 'Different types of steel are produced according to the required properties.', 3, 2),
(33, 'نحو مستقبل أفضل', 5, 1),
(34, 'Towards a better future', 5, 2),
(37, 'التميز في منتجاتنا', 4, 1),
(38, 'Excellence in our products', 4, 2),
(39, 'جودة عالية', 1, 1),
(40, 'High Quality', 1, 2),
(41, 'هدفنا مستقبل مشرق', 6, 1),
(42, 'Our target new Future', 6, 2);

-- --------------------------------------------------------

--
-- Table structure for table `suppliers`
--

CREATE TABLE `suppliers` (
  `id` bigint UNSIGNED NOT NULL,
  `image` varchar(250) DEFAULT NULL,
  `deleted_at` timestamp NULL DEFAULT NULL,
  `created_at` timestamp NULL DEFAULT NULL,
  `updated_at` timestamp NULL DEFAULT NULL
) ENGINE=InnoDB DEFAULT CHARSET=utf8mb3;

--
-- Dumping data for table `suppliers`
--

INSERT INTO `suppliers` (`id`, `image`, `deleted_at`, `created_at`, `updated_at`) VALUES
(1, '/uploads/images/Icon/6278dc09bae9d.png', '2022-10-26 11:06:54', '2022-05-01 22:47:44', '2022-10-26 11:06:54'),
(2, '/uploads/images/Icon/6278dc09c68bf.png', '2022-10-26 11:06:54', '2022-05-01 22:47:44', '2022-10-26 11:06:54'),
(3, '/uploads/images/Icon/6278dc09d11fa.png', '2022-10-26 11:06:54', '2022-05-01 22:47:44', '2022-10-26 11:06:54'),
(4, '/uploads/images/Icon/6278dc09e5eb4.png', '2022-10-26 11:06:54', '2022-05-01 22:47:45', '2022-10-26 11:06:54'),
(5, '/uploads/images/Icon/6278dc09ef756.png', '2022-10-26 11:06:54', '2022-05-01 22:47:45', '2022-10-26 11:06:54'),
(6, '/uploads/images/FULATHFILES/63592773aa623.png', NULL, '2022-05-09 09:25:05', '2022-10-26 12:26:35'),
(7, '/uploads/images/FULATHFILES/635928bedb9cf.jpeg', NULL, '2022-10-26 12:32:36', '2022-10-26 12:32:36'),
(8, '/uploads/images/FULATHFILES/635929ca79bed.jpeg', NULL, '2022-10-26 12:36:42', '2022-10-26 12:36:42'),
(9, '/uploads/images/63ea19b70fe31.jpg', NULL, '2023-02-13 11:07:04', '2023-02-13 11:07:04'),
(10, '/uploads/images/63ee02780d0f2.png', NULL, '2023-02-16 10:16:40', '2023-02-16 10:16:40'),
(11, '/uploads/images/63ee033704921.png', NULL, '2023-02-16 10:19:45', '2023-02-16 10:19:45');

-- --------------------------------------------------------

--
-- Table structure for table `supplier_descriptions`
--

CREATE TABLE `supplier_descriptions` (
  `id` bigint UNSIGNED NOT NULL,
  `name` varchar(100) DEFAULT NULL,
  `description` longtext,
  `supplier_id` bigint UNSIGNED DEFAULT NULL,
  `language_id` bigint UNSIGNED DEFAULT NULL
) ENGINE=InnoDB DEFAULT CHARSET=utf8mb3;

--
-- Dumping data for table `supplier_descriptions`
--

INSERT INTO `supplier_descriptions` (`id`, `name`, `description`, `supplier_id`, `language_id`) VALUES
(13, 'أمريكان إكسبريس', '<p>شركة أمريكان اكسبريس &rlm; هي شركة عالمية للخدمات المالية متنوعة مقرها الرئيسي في مدينة نيويورك وقد تأسست في عام 1850، وهي الآن أحد 30 شركة المكونة لمؤشر داو جونز الصناعي. وتشتهر الشركة بعملها في مجالي البطاقات الائتمانية والشيكات السياحية.</p>', 1, 1),
(14, 'American Express', '<p>American Express Corporation is a global diversified financial services company headquartered in New York City that was founded in 1850, and is now one of the 30 companies in the Dow Jones Industrial Average. The company is well known for its credit cards and travellers\' checks business.</p>', 1, 2),
(15, 'أسترازينيكا', '<p>آسترازينيكا &rlm; هي شركة بريطانية سويدية متعددة الجنسيات يقع مقرها الرئيسي في كامبريدج، متخصصة في صناعة الأدوية والمستحضرات الصيدلانية الحيوية.</p>', 2, 1),
(16, 'AstraZeneca', '<p>AstraZeneca is a British-Swedish multinational company headquartered in Cambridge, specializing in the pharmaceutical and biopharmaceutical industries.</p>', 2, 2),
(17, 'باير', '<p>باير هي شركة مساهمة ألمانية متعددة الجنسيات تتكون من 307 مؤسسة باجمالي 115200 موظف. تختص الشركة بصناعة الدواء والصناعات الكيميائية وتُقسم إلى ثلاث قطاعات هي صناعة الدواء وصحة المستهلك وصحة الحيوان. تطرح شركة باير اسهمها ضمن مؤشر داكس في بورصة فرانكفورت. كما يُعرف اسم باير من خلال نادي باير 04 ليفركوزن الرياضي.</p>', 3, 1),
(18, 'BAYER', '<p>Bayer is a German multinational joint-stock company consisting of 307 companies with a total of 115,200 employees. The company specializes in the pharmaceutical and chemical industries and is divided into three sectors: the pharmaceutical industry, consumer health and animal health. Bayer offers its shares in the DAX index on the Frankfurt Stock Exchange. The Bayer name is also known through Bayer 04 Leverkusen FC.</p>', 3, 2),
(19, 'يانسن', '<p>يانسن للأدوية هي شركة صيدلانية بلجيكية تابعة لشركة جونسون آند جونسون الأمريكية. تأسست الشركة في 1953. وفي عام 1961، انضمت لمجموعات شركات جونسون آند جونسون. وفي أوائل عقد تسعينات القرن العشرين اندمجت مع سيلاج لتأسيس يانسن سيلاج.</p>', 4, 1),
(20, 'Janssen', '<p>Janssen Pharmaceuticals is a Belgian pharmaceutical company, a subsidiary of the American company Johnson &amp; Johnson. The company was incorporated in 1953. In 1961, it joined the Johnson &amp; Johnson groups of companies. In the early 1990s, it merged with silage to establish Janssen silage.</p>', 4, 2),
(21, 'جي سي بي', '<p>شركة جي سي بي &rlm; واسمها الكامل شركة جوزيف سيريل بامفورد المحدودة للحفارات &rlm; وتُختصر JCB هي شركة مُصنعة لمُعدت البناء والزراعة ومعالجة النفايات الصلبة والهدم ومقرها في روسيستر في إنجلترا. تُتنج الشركة أكثر من 300 نوع من الآلات، وتشمل الحفارات، والجرارات، ومحركات الديزل.</p>', 5, 1),
(22, 'JCB', '<p>JCB Corporation, whose full name is Joseph Cyril Bamford Excavators Company Limited, or JCB for short, is a manufacturer of construction, agricultural, solid waste and demolition equipment based in Rochester, England. The company produces more than 300 types of machinery, including excavators, tractors, and diesel engines.</p>', 5, 2),
(29, 'حديد الاتفاق', '<p>---------------</p>', 6, 1),
(30, 'Al-Ittfaq Steel', '<p>-----------------</p>', 6, 2),
(31, 'حديد الوطنية', '<p>---------------</p>', 7, 1),
(32, 'Wataniasteel', '<p>-----------------</p>', 7, 2),
(33, 'حديد سابك', '<p>----------------</p>', 8, 1),
(34, 'Sabic Steel', '<p>---------------------</p>', 8, 2),
(35, 'شركة أبناء سويلم الشريف', '<p><strong>Mohammed Sweilem Al-Shareef sons Company</strong>&nbsp;was founded on 1975 which has now become one of the largest companies in importing building materials in the Kingdom of Saudi Arabia. MS Al-Shareef sons Company has achieved strategy partnerships with its customers based on the credibility of the products, on-time delivery, and advance services.</p>', 9, 1),
(36, 'M.S. Sons Company', '<p><strong>Mohammed Sweilem Al-Shareef sons Company</strong>&nbsp;was founded on 1975 which has now become one of the largest companies in importing building materials in the Kingdom of Saudi Arabia. MS Al-Shareef sons Company has achieved strategy partnerships with its customers based on the credibility of the products, on-time delivery, and advance services.</p>', 9, 2),
(37, 'وزارة الصناعة والثروة المعدنية', '<p>وزارة الصناعة والثروة المعدنية</p>', 10, 1),
(38, 'Ministry of industry and mineral resources', '<p>ministry of industry and mineral resources</p>', 10, 2),
(39, 'وزارة التجارة', '<p>وزارة التجارة</p>', 11, 1),
(40, 'Ministry of Commerce', '<p>Ministry of Commerce</p>', 11, 2);

-- --------------------------------------------------------

--
-- Table structure for table `testimonials`
--

CREATE TABLE `testimonials` (
  `id` bigint UNSIGNED NOT NULL,
  `image` varchar(200) NOT NULL,
  `status` tinyint(1) DEFAULT '1',
  `created_at` timestamp NULL DEFAULT NULL,
  `updated_at` timestamp NULL DEFAULT NULL,
  `deleted_at` timestamp NULL DEFAULT NULL
) ENGINE=InnoDB DEFAULT CHARSET=utf8mb3;

--
-- Dumping data for table `testimonials`
--

INSERT INTO `testimonials` (`id`, `image`, `status`, `created_at`, `updated_at`, `deleted_at`) VALUES
(1, '/uploads/images/ourprojects/6351f3e58c393.jpg', 1, '2022-05-01 22:47:47', '2022-10-21 01:20:45', NULL),
(2, '/uploads/images/ourprojects/6351f23bdab13.jpeg', 1, '2022-05-01 22:47:47', '2022-10-21 01:13:38', NULL),
(3, '/uploads/images/ourprojects/6351f0c19e17d.jpg', 1, '2022-05-01 22:47:47', '2022-10-21 01:07:20', NULL),
(4, '/uploads/images/ourprojects/6351f00292768.jpeg', 1, '2022-05-01 22:47:47', '2022-10-21 01:04:11', NULL),
(5, '/uploads/images/ourprojects/6351ee99a3c4c.jpg', 1, '2022-05-01 22:47:48', '2022-10-21 00:58:09', NULL),
(6, '/uploads/images/ourprojects/6351ec789a05c.jpg', 1, '2022-05-01 22:47:48', '2022-10-21 00:49:04', NULL),
(7, '/uploads/images/ourprojects/6351eb89cbf36.jpg', 1, '2022-05-01 22:47:48', '2022-10-21 00:45:05', NULL),
(8, '/uploads/images/ourprojects/6351e9be19bc0.jpg', 1, '2022-05-01 22:47:48', '2022-10-21 00:37:30', NULL),
(9, '/uploads/images/ourprojects/6351e19d0f0c6.jpg', 1, '2022-05-01 22:47:48', '2022-10-21 00:02:46', NULL),
(10, '/uploads/images/ourprojects/6351dc448be84.jpeg', 1, '2022-05-01 22:47:48', '2022-10-20 23:40:03', NULL),
(11, '/uploads/images/ourprojects/6351f571ae277.jpg', 1, '2022-10-21 01:30:10', '2022-10-21 01:30:10', NULL);

-- --------------------------------------------------------

--
-- Table structure for table `testimonial_descriptions`
--

CREATE TABLE `testimonial_descriptions` (
  `id` bigint UNSIGNED NOT NULL,
  `name` varchar(50) NOT NULL,
  `job_title` varchar(100) NOT NULL,
  `comment` varchar(500) NOT NULL,
  `testimonial_id` bigint UNSIGNED NOT NULL,
  `language_id` bigint UNSIGNED NOT NULL
) ENGINE=InnoDB DEFAULT CHARSET=utf8mb3;

--
-- Dumping data for table `testimonial_descriptions`
--

INSERT INTO `testimonial_descriptions` (`id`, `name`, `job_title`, `comment`, `testimonial_id`, `language_id`) VALUES
(71, 'مستشفى الملك فيصل التخصصي', 'King Faisal Specialty Hospital Project', 'المشاركة في مشروع مستشفى الملك فيصل التخصصي', 10, 1),
(72, 'King Faisal Specialty Hospital Project', 'King Faisal Specialty Hospital Project', 'King Faisal Specialty Hospital Project', 10, 2),
(83, 'ميناء جدة الإسلامي', 'المشاركة في مشاريع ميناء جدة الإسلامي', 'المشاركة في مشاريع ميناء جدة الإسلامي', 9, 1),
(84, 'Jeddah Islamic Port', 'Jeddah Islamic Port', 'Jeddah Islamic Port', 9, 2),
(91, 'وزارة النقل', 'Ministry of Transport - (All over Saudi Arabia)', 'المشاركة في مشاريع وزارة النقل – ( في جميع انحاء الملكة)', 11, 1),
(92, 'Ministry of Transport', 'Ministry of Transport - (All over Saudi Arabia)', 'Ministry of Transport - (All over Saudi Arabia)', 11, 2),
(93, 'تصريف مياه الأمطار والسيول', 'المشاركة في مشروع تصريف مياه الأمطار والسيول', 'المشاركة في مشروع تصريف مياه الأمطار والسيول', 7, 1),
(94, 'Rainwater and flood drainage project', 'Rainwater and flood drainage project in different Saudi regions', 'Rainwater and flood drainage project in different\r\nSaudi regions', 7, 2),
(95, 'مشاريع وزارة الإسكان', 'مشاريع االاسكان التابعة لسكني و وزارة الإسكان', 'مشاريع االاسكان التابعة لسكني و وزارة الإسكان', 8, 1),
(96, 'Ministry of Housing', 'Housing projects connected with Sakani and the Ministry of Housing', 'Housing projects connected with Sakani and the\r\nMinistry of Housing', 8, 2),
(97, 'الواجهه البحريه كورنيش جدة', 'المشاركة في مشروع الواجهه البحريه كورنيش جدة', 'المشاركة في مشروع الواجهه البحريه كورنيش جدة', 6, 1),
(98, 'Jeddah Corniche Waterfront', 'Jeddah Corniche Waterfront', 'Jeddah Corniche Waterfront', 6, 2),
(99, 'المشاعر المقدسة', 'المشاركة في مشروع توسعة الجمرات', 'المشاركة في مشروع توسعة الجمرات', 5, 1),
(100, 'Holy Places projects', 'Holy Places projects - expansion of Jamarat', 'Holy Places projects - expansion of Jamarat', 5, 2),
(101, 'مكة المكرمة', 'المشاركة في مشاريع توسعة الحرمين الشريفين', 'المشاركة في مشاريع توسعة الحرمين الشريفين', 4, 1),
(102, 'Holy Mosques expansion projects', 'Two Holy Mosques expansion projects', 'Two Holy Mosques expansion projects', 4, 2),
(103, 'محطات معالجة المياه', 'المشاركة في محطات معالجة المياه في مختلف مناطق المملكة', 'المشاركة في محطات معالجة المياه في مختلف مناطق المملكة', 2, 1),
(104, 'Water treatment plants', 'Water treatment plants in different Saudi regions', 'Water treatment plants in different Saudi regions', 2, 2),
(105, 'مطار المللك عبدالعزيز الدولي الجديد', 'المشاركة في مشروع مطار المللك عبدالعزيز الدولي الجديد', 'المشاركة في مشروع مطار المللك عبدالعزيز الدولي الجديد', 3, 1),
(106, 'King Abdulaziz International Airport project', 'New King Abdulaziz International Airport project', 'New King Abdulaziz International Airport project', 3, 2),
(107, 'مشروع قطار الحرمين', 'مشروع قطار الحرمين ( جدة – مكة – المدينة)', 'مشروع قطار الحرمين ( جدة – مكة – المدينة)', 1, 1),
(108, 'Haramain High Speed Railway Project', 'Haramain High Speed Railway Project (Jeddah – Makkah – Medina)', 'Haramain High Speed Railway\r\nProject (Jeddah – Makkah – Medina)', 1, 2);

-- --------------------------------------------------------

--
-- Table structure for table `user_modules`
--

CREATE TABLE `user_modules` (
  `id` bigint UNSIGNED NOT NULL,
  `user_id` bigint UNSIGNED DEFAULT NULL,
  `module_id` bigint UNSIGNED DEFAULT NULL,
  `created_at` timestamp NULL DEFAULT NULL,
  `updated_at` timestamp NULL DEFAULT NULL
) ENGINE=InnoDB DEFAULT CHARSET=utf8mb3;

--
-- Dumping data for table `user_modules`
--

INSERT INTO `user_modules` (`id`, `user_id`, `module_id`, `created_at`, `updated_at`) VALUES
(1, 1, 1, NULL, NULL),
(2, 1, 2, NULL, NULL),
(3, 1, 3, NULL, NULL),
(4, 1, 4, NULL, NULL),
(5, 1, 5, NULL, NULL),
(6, 1, 6, NULL, NULL),
(7, 1, 7, NULL, NULL),
(8, 1, 8, NULL, NULL),
(9, 1, 9, NULL, NULL),
(10, 1, 10, NULL, NULL),
(11, 1, 11, NULL, NULL),
(12, 1, 12, NULL, NULL),
(13, 1, 13, NULL, NULL),
(14, 1, 14, NULL, NULL),
(15, 1, 15, NULL, NULL),
(16, 1, 16, NULL, NULL),
(17, 1, 17, NULL, NULL);

-- --------------------------------------------------------

--
-- Table structure for table `visitor_messages`
--

CREATE TABLE `visitor_messages` (
  `id` bigint UNSIGNED NOT NULL,
  `name` varchar(100) NOT NULL,
  `email` varchar(100) NOT NULL,
  `phone` varchar(15) NOT NULL,
  `subject` varchar(300) NOT NULL,
  `message` longtext NOT NULL,
  `read` tinyint(1) NOT NULL DEFAULT '0',
  `reply` tinyint(1) NOT NULL DEFAULT '0',
  `deleted_at` timestamp NULL DEFAULT NULL,
  `created_at` timestamp NULL DEFAULT NULL,
  `updated_at` timestamp NULL DEFAULT NULL
) ENGINE=InnoDB DEFAULT CHARSET=utf8mb3;

--
-- Dumping data for table `visitor_messages`
--

INSERT INTO `visitor_messages` (`id`, `name`, `email`, `phone`, `subject`, `message`, `read`, `reply`, `deleted_at`, `created_at`, `updated_at`) VALUES
(1, 'Ipsum.', 'rwolf@example.com', '+3777137966225', 'sales', 'Tenetur animi aspernatur placeat suscipit. Eos consequatur rerum dignissimos velit qui ut. Autem qui vel corrupti earum facilis ea. Ad ut sapiente sint.', 0, 0, NULL, '2022-05-01 22:47:24', '2022-05-01 22:47:24'),
(2, 'Quis.', 'kling.brent@example.net', '+4712276538919', 'complaints_suggestions', 'Earum qui optio quasi et. Veritatis reprehenderit ipsum qui minima. Sunt doloremque et ipsum pariatur consequatur voluptatem culpa. Vero perspiciatis sit incidunt aut.', 0, 0, NULL, '2022-05-01 22:47:24', '2022-05-01 22:47:24'),
(3, 'Ipsum.', 'emmitt.anderson@example.com', '+2319704693532', 'sales', 'Dolores recusandae fugiat aliquid est. Eos sint eum id iure quasi similique nihil. Qui suscipit impedit dolore ex accusantium.', 0, 0, NULL, '2022-05-01 22:47:24', '2022-05-01 22:47:24'),
(4, 'Qui.', 'eschuppe@example.net', '+6667922605262', 'sales', 'Aliquam accusamus ut possimus et tempora magni. Fuga expedita ullam numquam repudiandae atque ab.', 0, 0, NULL, '2022-05-01 22:47:25', '2022-05-01 22:47:25'),
(5, 'Veniam.', 'gerald.fay@example.com', '+9268368332988', 'complaints_suggestions', 'Et quas beatae iusto voluptas nobis non consectetur. Quo et sed est ipsum quia qui voluptas distinctio. Earum vel non dolorum corporis.', 0, 0, NULL, '2022-05-01 22:47:25', '2022-05-01 22:47:25'),
(6, 'Rerum.', 'ioreilly@example.org', '+8164001155402', 'sales', 'Minima suscipit omnis accusamus ipsam placeat. Quidem harum sequi est ut qui autem.', 0, 0, NULL, '2022-05-01 22:47:25', '2022-05-01 22:47:25'),
(7, 'Modi.', 'xgleason@example.org', '+1489007981893', 'complaints_suggestions', 'Reiciendis eos sed eos impedit. Facilis debitis nobis dolorem adipisci veritatis.', 0, 0, NULL, '2022-05-01 22:47:25', '2022-05-01 22:47:25'),
(8, 'Ut.', 'vframi@example.org', '+8936793201971', 'complaints_suggestions', 'Nulla temporibus beatae distinctio itaque pariatur iste explicabo. Libero totam odit occaecati rerum quisquam. Voluptatum consectetur minus hic in sunt accusantium.', 0, 0, NULL, '2022-05-01 22:47:25', '2022-05-01 22:47:25'),
(9, 'Suscipit.', 'tromp.francis@example.org', '+5306277019440', 'sales', 'Id rerum non et quidem. Molestiae et tempora animi voluptas aspernatur. Aperiam illo molestiae iure id. Natus sed et iste culpa dolores ducimus hic. Ut doloribus iste eos ut earum aut sed.', 0, 0, NULL, '2022-05-01 22:47:25', '2022-05-01 22:47:25'),
(10, 'A quae.', 'eileen.hills@example.com', '+2038149854575', 'complaints_suggestions', 'Sunt quo aut aut deserunt numquam optio. Architecto sint dolor itaque quo quae autem aut. Cupiditate et consequatur exercitationem sit voluptatem.', 0, 0, NULL, '2022-05-01 22:47:25', '2022-05-01 22:47:25'),
(11, 'ammar', 'ammar@ammar.com', '0581524713', 'sales', 'تيست', 1, 0, NULL, '2022-05-09 14:42:03', '2022-05-09 14:42:19'),
(12, 'ammar', 'ammar@ammar.com', '0581524713', 'sales', 'تيست', 0, 0, NULL, '2022-05-09 14:42:03', '2022-05-09 14:42:03'),
(13, 'ahmed mohamed lotfy', 'ahmedlotfy492@gmail.com', '0581524713', 'sales', 'test', 1, 0, NULL, '2022-05-10 09:02:35', '2022-05-18 09:48:20'),
(14, 'dkdlkfldkf', 'fares.awad50@gmail.com', '0593080495', 'sales', 'testttttt', 1, 0, NULL, '2022-10-22 10:53:34', '2022-10-22 11:21:35');

-- --------------------------------------------------------

--
-- Table structure for table `visitor_message_replies`
--

CREATE TABLE `visitor_message_replies` (
  `id` bigint UNSIGNED NOT NULL,
  `reply` text,
  `visitor_email` varchar(191) DEFAULT NULL,
  `user_id` bigint UNSIGNED DEFAULT NULL,
  `visitor_message_id` bigint UNSIGNED DEFAULT NULL,
  `created_at` timestamp NULL DEFAULT NULL,
  `updated_at` timestamp NULL DEFAULT NULL
) ENGINE=MyISAM DEFAULT CHARSET=utf8mb3;

-- --------------------------------------------------------

--
-- Table structure for table `website_visitors`
--

CREATE TABLE `website_visitors` (
  `id` bigint UNSIGNED NOT NULL,
  `ip` varchar(45) DEFAULT NULL,
  `created_at` timestamp NULL DEFAULT NULL,
  `updated_at` timestamp NULL DEFAULT NULL
) ENGINE=MyISAM DEFAULT CHARSET=utf8mb3;

--
-- Dumping data for table `website_visitors`
--

INSERT INTO `website_visitors` (`id`, `ip`, `created_at`, `updated_at`) VALUES
(1, '197.63.38.70', '2022-05-01 21:59:20', '2022-05-01 21:59:20'),
(2, '18.206.55.48', '2022-05-02 12:07:25', '2022-05-02 12:07:25'),
(3, '18.206.55.48', '2022-05-02 12:07:26', '2022-05-02 12:07:26'),
(4, '18.206.55.48', '2022-05-02 12:07:26', '2022-05-02 12:07:26'),
(5, '54.227.32.154', '2022-05-02 12:07:36', '2022-05-02 12:07:36'),
(6, '61.164.47.194', '2022-05-02 19:41:53', '2022-05-02 19:41:53'),
(7, '167.71.246.53', '2022-05-02 20:21:10', '2022-05-02 20:21:10'),
(8, '205.210.31.157', '2022-05-03 04:06:53', '2022-05-03 04:06:53'),
(9, '18.206.55.48', '2022-05-03 10:05:39', '2022-05-03 10:05:39'),
(10, '18.206.55.48', '2022-05-03 10:05:39', '2022-05-03 10:05:39'),
(11, '18.206.55.48', '2022-05-03 10:05:40', '2022-05-03 10:05:40'),
(12, '18.206.55.48', '2022-05-03 10:05:40', '2022-05-03 10:05:40'),
(13, '18.206.55.48', '2022-05-03 10:05:40', '2022-05-03 10:05:40'),
(14, '18.206.55.48', '2022-05-03 10:05:40', '2022-05-03 10:05:40'),
(15, '54.227.32.154', '2022-05-03 10:06:01', '2022-05-03 10:06:01'),
(16, '54.227.32.154', '2022-05-03 10:06:01', '2022-05-03 10:06:01'),
(17, '18.206.55.48', '2022-05-03 12:24:33', '2022-05-03 12:24:33'),
(18, '18.206.55.48', '2022-05-03 12:24:38', '2022-05-03 12:24:38'),
(19, '18.206.55.48', '2022-05-03 12:24:39', '2022-05-03 12:24:39'),
(20, '18.206.55.48', '2022-05-03 12:24:39', '2022-05-03 12:24:39'),
(21, '18.206.55.48', '2022-05-03 12:24:43', '2022-05-03 12:24:43'),
(22, '18.206.55.48', '2022-05-03 12:24:44', '2022-05-03 12:24:44'),
(23, '205.210.31.7', '2022-05-04 11:38:35', '2022-05-04 11:38:35'),
(24, '18.206.55.48', '2022-05-04 14:06:27', '2022-05-04 14:06:27'),
(25, '18.206.55.48', '2022-05-04 14:06:27', '2022-05-04 14:06:27'),
(26, '18.206.55.48', '2022-05-04 14:06:28', '2022-05-04 14:06:28'),
(27, '18.206.55.48', '2022-05-04 14:06:32', '2022-05-04 14:06:32'),
(28, '18.206.55.48', '2022-05-04 14:06:32', '2022-05-04 14:06:32'),
(29, '18.206.55.48', '2022-05-04 14:06:32', '2022-05-04 14:06:32'),
(30, '54.227.32.154', '2022-05-04 14:06:38', '2022-05-04 14:06:38'),
(31, '54.227.32.154', '2022-05-04 14:06:42', '2022-05-04 14:06:42'),
(32, '205.210.31.160', '2022-05-04 19:25:12', '2022-05-04 19:25:12'),
(33, '18.206.55.48', '2022-05-06 19:01:13', '2022-05-06 19:01:13'),
(34, '18.206.55.48', '2022-05-06 19:01:14', '2022-05-06 19:01:14'),
(35, '18.206.55.48', '2022-05-06 19:01:14', '2022-05-06 19:01:14'),
(36, '54.227.32.154', '2022-05-06 19:14:42', '2022-05-06 19:14:42'),
(37, '18.206.55.48', '2022-05-06 22:30:03', '2022-05-06 22:30:03'),
(38, '18.206.55.48', '2022-05-06 22:30:03', '2022-05-06 22:30:03'),
(39, '18.206.55.48', '2022-05-06 22:30:04', '2022-05-06 22:30:04'),
(40, '18.206.55.48', '2022-05-06 22:30:04', '2022-05-06 22:30:04'),
(41, '18.206.55.48', '2022-05-06 22:30:04', '2022-05-06 22:30:04'),
(42, '18.206.55.48', '2022-05-06 22:30:04', '2022-05-06 22:30:04'),
(43, '54.227.32.154', '2022-05-06 22:30:14', '2022-05-06 22:30:14'),
(44, '54.227.32.154', '2022-05-06 22:30:14', '2022-05-06 22:30:14'),
(45, '18.206.55.48', '2022-05-07 18:41:15', '2022-05-07 18:41:15'),
(46, '18.206.55.48', '2022-05-07 18:41:16', '2022-05-07 18:41:16'),
(47, '18.206.55.48', '2022-05-07 18:41:16', '2022-05-07 18:41:16'),
(48, '54.227.32.154', '2022-05-07 18:53:48', '2022-05-07 18:53:48'),
(49, '18.206.55.48', '2022-05-07 22:22:50', '2022-05-07 22:22:50'),
(50, '18.206.55.48', '2022-05-07 22:22:50', '2022-05-07 22:22:50'),
(51, '18.206.55.48', '2022-05-07 22:22:50', '2022-05-07 22:22:50'),
(52, '54.227.32.154', '2022-05-07 22:23:00', '2022-05-07 22:23:00'),
(53, '197.63.38.70', '2022-05-08 09:29:13', '2022-05-08 09:29:13'),
(54, '197.61.219.192', '2022-05-08 09:31:09', '2022-05-08 09:31:09'),
(55, '149.154.161.1', '2022-05-08 13:43:43', '2022-05-08 13:43:43'),
(56, '104.131.53.21', '2022-05-08 14:31:55', '2022-05-08 14:31:55'),
(57, '104.131.30.142', '2022-05-08 15:33:54', '2022-05-08 15:33:54'),
(58, '18.206.55.48', '2022-05-08 23:12:43', '2022-05-08 23:12:43'),
(59, '18.206.55.48', '2022-05-08 23:12:43', '2022-05-08 23:12:43'),
(60, '18.206.55.48', '2022-05-08 23:12:44', '2022-05-08 23:12:44'),
(61, '18.206.55.48', '2022-05-08 23:12:44', '2022-05-08 23:12:44'),
(62, '18.206.55.48', '2022-05-08 23:12:44', '2022-05-08 23:12:44'),
(63, '18.206.55.48', '2022-05-08 23:12:44', '2022-05-08 23:12:44'),
(64, '54.227.32.154', '2022-05-08 23:36:00', '2022-05-08 23:36:00'),
(65, '54.227.32.154', '2022-05-08 23:36:00', '2022-05-08 23:36:00'),
(66, '197.61.219.192', '2022-05-09 07:29:32', '2022-05-09 07:29:32'),
(67, '197.61.219.192', '2022-05-09 07:40:34', '2022-05-09 07:40:34'),
(68, '3.84.243.19', '2022-05-09 07:53:02', '2022-05-09 07:53:02'),
(69, '18.206.55.48', '2022-05-09 08:41:17', '2022-05-09 08:41:17'),
(70, '18.206.55.48', '2022-05-09 08:41:18', '2022-05-09 08:41:18'),
(71, '18.206.55.48', '2022-05-09 08:41:18', '2022-05-09 08:41:18'),
(72, '54.227.32.154', '2022-05-09 08:53:18', '2022-05-09 08:53:18'),
(73, '54.210.133.43', '2022-05-09 09:12:44', '2022-05-09 09:12:44'),
(74, '3.93.164.200', '2022-05-09 09:38:11', '2022-05-09 09:38:11'),
(75, '44.203.101.172', '2022-05-09 12:13:11', '2022-05-09 12:13:11'),
(76, '34.207.56.217', '2022-05-09 12:52:44', '2022-05-09 12:52:44'),
(77, '3.236.136.110', '2022-05-09 13:15:56', '2022-05-09 13:15:56'),
(78, '54.166.233.28', '2022-05-09 14:03:55', '2022-05-09 14:03:55'),
(79, '54.166.233.28', '2022-05-09 14:05:07', '2022-05-09 14:05:07'),
(80, '75.101.182.137', '2022-05-09 14:16:55', '2022-05-09 14:16:55'),
(81, '18.212.65.115', '2022-05-09 14:27:44', '2022-05-09 14:27:44'),
(82, '54.211.197.21', '2022-05-09 14:32:22', '2022-05-09 14:32:22'),
(83, '3.84.243.19', '2022-05-09 14:33:31', '2022-05-09 14:33:31'),
(84, '34.207.56.217', '2022-05-09 14:40:57', '2022-05-09 14:40:57'),
(85, '197.61.157.81', '2022-05-10 08:56:54', '2022-05-10 08:56:54'),
(86, '54.208.73.12', '2022-05-10 08:58:11', '2022-05-10 08:58:11'),
(87, '18.206.55.48', '2022-05-10 08:59:26', '2022-05-10 08:59:26'),
(88, '18.206.55.48', '2022-05-10 08:59:27', '2022-05-10 08:59:27'),
(89, '18.206.55.48', '2022-05-10 08:59:27', '2022-05-10 08:59:27'),
(90, '18.206.55.48', '2022-05-10 08:59:27', '2022-05-10 08:59:27'),
(91, '18.206.55.48', '2022-05-10 08:59:27', '2022-05-10 08:59:27'),
(92, '18.206.55.48', '2022-05-10 08:59:28', '2022-05-10 08:59:28'),
(93, '54.147.0.106', '2022-05-10 09:00:00', '2022-05-10 09:00:00'),
(94, '3.89.152.195', '2022-05-10 09:00:38', '2022-05-10 09:00:38'),
(95, '3.85.125.156', '2022-05-10 09:03:36', '2022-05-10 09:03:36'),
(96, '18.212.8.234', '2022-05-10 09:04:04', '2022-05-10 09:04:04'),
(97, '54.227.32.154', '2022-05-10 09:16:49', '2022-05-10 09:16:49'),
(98, '54.227.32.154', '2022-05-10 09:16:50', '2022-05-10 09:16:50'),
(99, '18.206.55.48', '2022-05-11 08:50:30', '2022-05-11 08:50:30'),
(100, '18.206.55.48', '2022-05-11 08:50:31', '2022-05-11 08:50:31'),
(101, '18.206.55.48', '2022-05-11 08:50:31', '2022-05-11 08:50:31'),
(102, '18.206.55.48', '2022-05-11 08:50:31', '2022-05-11 08:50:31'),
(103, '18.206.55.48', '2022-05-11 08:50:31', '2022-05-11 08:50:31'),
(104, '18.206.55.48', '2022-05-11 08:50:31', '2022-05-11 08:50:31'),
(105, '197.61.157.81', '2022-05-11 08:52:10', '2022-05-11 08:52:10'),
(106, '204.236.247.155', '2022-05-11 08:58:38', '2022-05-11 08:58:38'),
(107, '54.227.32.154', '2022-05-11 09:08:32', '2022-05-11 09:08:32'),
(108, '54.227.32.154', '2022-05-11 09:08:32', '2022-05-11 09:08:32'),
(109, '54.165.62.22', '2022-05-11 09:24:27', '2022-05-11 09:24:27'),
(110, '34.227.177.197', '2022-05-11 10:35:18', '2022-05-11 10:35:18'),
(111, '34.207.245.202', '2022-05-11 10:59:21', '2022-05-11 10:59:21'),
(112, '54.166.233.28', '2022-05-11 12:53:47', '2022-05-11 12:53:47'),
(113, '18.212.8.234', '2022-05-11 12:57:15', '2022-05-11 12:57:15'),
(114, '54.224.94.105', '2022-05-11 13:02:42', '2022-05-11 13:02:42'),
(115, '197.61.157.81', '2022-05-11 13:23:28', '2022-05-11 13:23:28'),
(116, '107.23.219.165', '2022-05-11 13:45:03', '2022-05-11 13:45:03'),
(117, '3.91.98.221', '2022-05-11 13:55:57', '2022-05-11 13:55:57'),
(118, '18.234.178.84', '2022-05-11 14:03:17', '2022-05-11 14:03:17'),
(119, '197.61.157.81', '2022-05-11 14:04:56', '2022-05-11 14:04:56'),
(120, '197.61.157.81', '2022-05-11 14:05:50', '2022-05-11 14:05:50'),
(121, '18.212.8.234', '2022-05-11 14:23:52', '2022-05-11 14:23:52'),
(122, '197.61.157.81', '2022-05-11 14:42:47', '2022-05-11 14:42:47'),
(123, '197.61.157.81', '2022-05-11 14:42:49', '2022-05-11 14:42:49'),
(124, '3.89.152.195', '2022-05-11 14:44:05', '2022-05-11 14:44:05'),
(125, '197.61.157.81', '2022-05-12 07:37:39', '2022-05-12 07:37:39'),
(126, '197.61.157.81', '2022-05-12 07:40:39', '2022-05-12 07:40:39'),
(127, '3.89.152.195', '2022-05-12 07:42:20', '2022-05-12 07:42:20'),
(128, '34.207.245.202', '2022-05-12 07:45:41', '2022-05-12 07:45:41'),
(129, '3.91.98.221', '2022-05-12 07:46:06', '2022-05-12 07:46:06'),
(130, '107.23.219.165', '2022-05-12 07:46:11', '2022-05-12 07:46:11'),
(131, '54.166.233.28', '2022-05-12 07:47:33', '2022-05-12 07:47:33'),
(132, '197.61.157.81', '2022-05-12 08:39:27', '2022-05-12 08:39:27'),
(133, '18.206.55.48', '2022-05-12 10:06:45', '2022-05-12 10:06:45'),
(134, '18.206.55.48', '2022-05-12 10:06:46', '2022-05-12 10:06:46'),
(135, '18.206.55.48', '2022-05-12 10:06:46', '2022-05-12 10:06:46'),
(136, '54.227.32.154', '2022-05-12 10:09:15', '2022-05-12 10:09:15'),
(137, '34.239.233.157', '2022-05-12 12:12:11', '2022-05-12 12:12:11'),
(138, '197.63.190.150', '2022-05-12 12:12:54', '2022-05-12 12:12:54'),
(139, '3.85.125.156', '2022-05-12 12:31:15', '2022-05-12 12:31:15'),
(140, '18.212.65.115', '2022-05-12 14:16:54', '2022-05-12 14:16:54'),
(141, '18.206.55.48', '2022-05-12 15:20:07', '2022-05-12 15:20:07'),
(142, '18.206.55.48', '2022-05-12 15:20:07', '2022-05-12 15:20:07'),
(143, '18.206.55.48', '2022-05-12 15:20:08', '2022-05-12 15:20:08'),
(144, '54.227.32.154', '2022-05-12 15:37:19', '2022-05-12 15:37:19'),
(145, '52.90.130.118', '2022-05-12 16:07:31', '2022-05-12 16:07:31'),
(146, '54.211.197.21', '2022-05-12 16:24:16', '2022-05-12 16:24:16'),
(147, '54.147.0.106', '2022-05-12 16:24:16', '2022-05-12 16:24:16'),
(148, '197.63.190.150', '2022-05-12 16:40:50', '2022-05-12 16:40:50'),
(149, '54.198.84.250', '2022-05-12 16:44:16', '2022-05-12 16:44:16'),
(150, '3.84.243.19', '2022-05-12 16:44:35', '2022-05-12 16:44:35'),
(151, '18.206.55.48', '2022-05-13 06:18:49', '2022-05-13 06:18:49'),
(152, '18.206.55.48', '2022-05-13 06:18:49', '2022-05-13 06:18:49'),
(153, '18.206.55.48', '2022-05-13 06:18:50', '2022-05-13 06:18:50'),
(154, '54.227.32.154', '2022-05-13 06:19:08', '2022-05-13 06:19:08'),
(155, '18.206.55.48', '2022-05-13 11:13:47', '2022-05-13 11:13:47'),
(156, '18.206.55.48', '2022-05-13 11:13:48', '2022-05-13 11:13:48'),
(157, '18.206.55.48', '2022-05-13 11:13:48', '2022-05-13 11:13:48'),
(158, '54.227.32.154', '2022-05-13 11:41:28', '2022-05-13 11:41:28'),
(159, '18.206.55.48', '2022-05-13 15:17:47', '2022-05-13 15:17:47'),
(160, '18.206.55.48', '2022-05-13 15:17:47', '2022-05-13 15:17:47'),
(161, '18.206.55.48', '2022-05-13 15:17:48', '2022-05-13 15:17:48'),
(162, '18.206.55.48', '2022-05-13 15:17:48', '2022-05-13 15:17:48'),
(163, '18.206.55.48', '2022-05-13 15:17:48', '2022-05-13 15:17:48'),
(164, '18.206.55.48', '2022-05-13 15:17:48', '2022-05-13 15:17:48'),
(165, '54.227.32.154', '2022-05-13 16:29:06', '2022-05-13 16:29:06'),
(166, '54.227.32.154', '2022-05-13 16:29:07', '2022-05-13 16:29:07'),
(167, '18.206.55.48', '2022-05-14 13:13:13', '2022-05-14 13:13:13'),
(168, '18.206.55.48', '2022-05-14 13:13:14', '2022-05-14 13:13:14'),
(169, '18.206.55.48', '2022-05-14 13:13:15', '2022-05-14 13:13:15'),
(170, '18.206.55.48', '2022-05-14 13:13:15', '2022-05-14 13:13:15'),
(171, '18.206.55.48', '2022-05-14 13:13:15', '2022-05-14 13:13:15'),
(172, '18.206.55.48', '2022-05-14 13:13:15', '2022-05-14 13:13:15'),
(173, '54.227.32.154', '2022-05-14 13:34:42', '2022-05-14 13:34:42'),
(174, '54.227.32.154', '2022-05-14 13:34:42', '2022-05-14 13:34:42'),
(175, '54.210.133.43', '2022-05-15 06:22:37', '2022-05-15 06:22:37'),
(176, '34.227.226.250', '2022-05-15 06:22:59', '2022-05-15 06:22:59'),
(177, '41.34.126.94', '2022-05-15 06:24:26', '2022-05-15 06:24:26'),
(178, '3.93.182.57', '2022-05-15 06:26:41', '2022-05-15 06:26:41'),
(179, '75.101.182.137', '2022-05-15 06:26:48', '2022-05-15 06:26:48'),
(180, '54.211.141.220', '2022-05-15 06:26:48', '2022-05-15 06:26:48'),
(181, '18.206.55.48', '2022-05-15 08:19:37', '2022-05-15 08:19:37'),
(182, '18.206.55.48', '2022-05-15 08:19:38', '2022-05-15 08:19:38'),
(183, '18.206.55.48', '2022-05-15 08:19:38', '2022-05-15 08:19:38'),
(184, '54.227.32.154', '2022-05-15 08:20:48', '2022-05-15 08:20:48'),
(185, '41.45.248.147', '2022-05-15 09:07:34', '2022-05-15 09:07:34'),
(186, '54.166.233.28', '2022-05-15 09:59:48', '2022-05-15 09:59:48'),
(187, '197.63.85.250', '2022-05-15 10:14:54', '2022-05-15 10:14:54'),
(188, '18.206.55.48', '2022-05-15 10:31:50', '2022-05-15 10:31:50'),
(189, '18.206.55.48', '2022-05-15 10:31:50', '2022-05-15 10:31:50'),
(190, '18.206.55.48', '2022-05-15 10:31:50', '2022-05-15 10:31:50'),
(191, '54.227.32.154', '2022-05-15 10:32:53', '2022-05-15 10:32:53'),
(192, '18.206.55.48', '2022-05-15 15:02:31', '2022-05-15 15:02:31'),
(193, '18.206.55.48', '2022-05-15 15:02:31', '2022-05-15 15:02:31'),
(194, '18.206.55.48', '2022-05-15 15:02:32', '2022-05-15 15:02:32'),
(195, '54.227.32.154', '2022-05-15 15:07:01', '2022-05-15 15:07:01'),
(196, '18.205.157.43', '2022-05-15 16:22:18', '2022-05-15 16:22:18'),
(197, '196.153.15.186', '2022-05-15 16:22:22', '2022-05-15 16:22:22'),
(198, '3.93.164.200', '2022-05-15 17:26:03', '2022-05-15 17:26:03'),
(199, '65.154.226.170', '2022-05-15 20:28:01', '2022-05-15 20:28:01'),
(200, '54.82.181.69', '2022-05-15 22:07:24', '2022-05-15 22:07:24'),
(201, '18.206.55.48', '2022-05-16 01:15:59', '2022-05-16 01:15:59'),
(202, '18.206.55.48', '2022-05-16 01:15:59', '2022-05-16 01:15:59'),
(203, '18.206.55.48', '2022-05-16 01:15:59', '2022-05-16 01:15:59'),
(204, '54.227.32.154', '2022-05-16 01:55:00', '2022-05-16 01:55:00'),
(205, '54.211.197.21', '2022-05-16 10:08:45', '2022-05-16 10:08:45'),
(206, '196.153.34.2', '2022-05-16 10:10:29', '2022-05-16 10:10:29'),
(207, '18.206.55.48', '2022-05-16 10:19:23', '2022-05-16 10:19:23'),
(208, '18.206.55.48', '2022-05-16 10:19:24', '2022-05-16 10:19:24'),
(209, '18.206.55.48', '2022-05-16 10:19:24', '2022-05-16 10:19:24'),
(210, '54.227.32.154', '2022-05-16 10:20:27', '2022-05-16 10:20:27'),
(211, '3.93.182.57', '2022-05-16 11:16:51', '2022-05-16 11:16:51'),
(212, '54.211.141.220', '2022-05-16 11:17:28', '2022-05-16 11:17:28'),
(213, '18.212.65.115', '2022-05-16 11:24:56', '2022-05-16 11:24:56'),
(214, '54.224.94.105', '2022-05-16 11:26:22', '2022-05-16 11:26:22'),
(215, '18.234.178.84', '2022-05-16 11:27:39', '2022-05-16 11:27:39'),
(216, '52.90.130.118', '2022-05-16 11:56:32', '2022-05-16 11:56:32'),
(217, '18.234.178.84', '2022-05-16 12:01:59', '2022-05-16 12:01:59'),
(218, '54.166.233.28', '2022-05-16 12:07:08', '2022-05-16 12:07:08'),
(219, '34.227.177.197', '2022-05-16 13:28:20', '2022-05-16 13:28:20'),
(220, '197.61.123.169', '2022-05-16 13:29:17', '2022-05-16 13:29:17'),
(221, '3.91.98.221', '2022-05-16 13:29:39', '2022-05-16 13:29:39'),
(222, '3.235.49.44', '2022-05-16 13:29:42', '2022-05-16 13:29:42'),
(223, '3.236.136.110', '2022-05-16 13:29:43', '2022-05-16 13:29:43'),
(224, '75.101.182.137', '2022-05-16 13:29:48', '2022-05-16 13:29:48'),
(225, '3.93.182.57', '2022-05-16 13:29:51', '2022-05-16 13:29:51'),
(226, '3.85.125.156', '2022-05-16 13:29:54', '2022-05-16 13:29:54'),
(227, '18.212.8.234', '2022-05-16 13:29:58', '2022-05-16 13:29:58'),
(228, '18.206.55.48', '2022-05-16 21:11:04', '2022-05-16 21:11:04'),
(229, '18.206.55.48', '2022-05-16 21:11:04', '2022-05-16 21:11:04'),
(230, '18.206.55.48', '2022-05-16 21:11:05', '2022-05-16 21:11:05'),
(231, '18.206.55.48', '2022-05-16 21:11:54', '2022-05-16 21:11:54'),
(232, '18.206.55.48', '2022-05-16 21:11:54', '2022-05-16 21:11:54'),
(233, '18.206.55.48', '2022-05-16 21:11:55', '2022-05-16 21:11:55'),
(234, '54.227.32.154', '2022-05-16 21:40:39', '2022-05-16 21:40:39'),
(235, '54.227.32.154', '2022-05-16 21:42:14', '2022-05-16 21:42:14'),
(236, '18.206.55.48', '2022-05-17 10:26:50', '2022-05-17 10:26:50'),
(237, '18.206.55.48', '2022-05-17 10:26:50', '2022-05-17 10:26:50'),
(238, '18.206.55.48', '2022-05-17 10:26:51', '2022-05-17 10:26:51'),
(239, '54.227.32.154', '2022-05-17 10:27:14', '2022-05-17 10:27:14'),
(240, '197.61.123.169', '2022-05-17 13:52:01', '2022-05-17 13:52:01'),
(241, '3.91.98.221', '2022-05-17 13:52:52', '2022-05-17 13:52:52'),
(242, '3.235.49.44', '2022-05-17 14:03:22', '2022-05-17 14:03:22'),
(243, '18.205.157.43', '2022-05-17 14:03:41', '2022-05-17 14:03:41'),
(244, '54.224.94.105', '2022-05-17 14:04:30', '2022-05-17 14:04:30'),
(245, '18.212.8.234', '2022-05-17 14:04:44', '2022-05-17 14:04:44'),
(246, '54.198.80.69', '2022-05-17 14:05:53', '2022-05-17 14:05:53'),
(247, '34.205.37.11', '2022-05-17 14:05:59', '2022-05-17 14:05:59'),
(248, '18.205.157.43', '2022-05-17 14:06:28', '2022-05-17 14:06:28'),
(249, '18.206.55.48', '2022-05-17 17:01:39', '2022-05-17 17:01:39'),
(250, '18.206.55.48', '2022-05-17 17:01:39', '2022-05-17 17:01:39'),
(251, '18.206.55.48', '2022-05-17 17:01:40', '2022-05-17 17:01:40'),
(252, '18.206.55.48', '2022-05-17 17:01:40', '2022-05-17 17:01:40'),
(253, '18.206.55.48', '2022-05-17 17:01:40', '2022-05-17 17:01:40'),
(254, '18.206.55.48', '2022-05-17 17:01:40', '2022-05-17 17:01:40'),
(255, '54.227.32.154', '2022-05-17 17:31:08', '2022-05-17 17:31:08'),
(256, '54.227.32.154', '2022-05-17 17:31:08', '2022-05-17 17:31:08'),
(257, '18.206.55.48', '2022-05-18 00:06:36', '2022-05-18 00:06:36'),
(258, '18.206.55.48', '2022-05-18 00:06:37', '2022-05-18 00:06:37'),
(259, '18.206.55.48', '2022-05-18 00:06:37', '2022-05-18 00:06:37'),
(260, '18.206.55.48', '2022-05-18 00:06:41', '2022-05-18 00:06:41'),
(261, '18.206.55.48', '2022-05-18 00:06:42', '2022-05-18 00:06:42'),
(262, '18.206.55.48', '2022-05-18 00:06:42', '2022-05-18 00:06:42'),
(263, '54.227.32.154', '2022-05-18 00:06:52', '2022-05-18 00:06:52'),
(264, '54.227.32.154', '2022-05-18 00:06:56', '2022-05-18 00:06:56'),
(265, '18.206.55.48', '2022-05-18 02:08:27', '2022-05-18 02:08:27'),
(266, '18.206.55.48', '2022-05-18 02:08:27', '2022-05-18 02:08:27'),
(267, '18.206.55.48', '2022-05-18 02:08:27', '2022-05-18 02:08:27'),
(268, '18.206.55.48', '2022-05-18 02:08:27', '2022-05-18 02:08:27'),
(269, '18.206.55.48', '2022-05-18 02:08:27', '2022-05-18 02:08:27'),
(270, '18.206.55.48', '2022-05-18 02:08:27', '2022-05-18 02:08:27'),
(271, '54.227.32.154', '2022-05-18 02:08:39', '2022-05-18 02:08:39'),
(272, '54.227.32.154', '2022-05-18 02:08:40', '2022-05-18 02:08:40'),
(273, '197.61.123.169', '2022-05-18 06:52:33', '2022-05-18 06:52:33'),
(274, '41.37.215.216', '2022-05-18 07:29:16', '2022-05-18 07:29:16'),
(275, '18.206.55.48', '2022-05-18 08:05:18', '2022-05-18 08:05:18'),
(276, '18.206.55.48', '2022-05-18 08:05:18', '2022-05-18 08:05:18'),
(277, '18.206.55.48', '2022-05-18 08:05:18', '2022-05-18 08:05:18'),
(278, '18.206.55.48', '2022-05-18 08:05:18', '2022-05-18 08:05:18'),
(279, '18.206.55.48', '2022-05-18 08:05:19', '2022-05-18 08:05:19'),
(280, '18.206.55.48', '2022-05-18 08:05:19', '2022-05-18 08:05:19'),
(281, '54.227.32.154', '2022-05-18 08:15:57', '2022-05-18 08:15:57'),
(282, '54.227.32.154', '2022-05-18 08:15:57', '2022-05-18 08:15:57'),
(283, '41.37.215.152', '2022-05-18 08:18:52', '2022-05-18 08:18:52'),
(284, '156.199.238.31', '2022-05-18 09:31:56', '2022-05-18 09:31:56'),
(285, '156.199.238.31', '2022-05-18 12:53:16', '2022-05-18 12:53:16'),
(286, '18.206.55.48', '2022-05-19 00:01:56', '2022-05-19 00:01:56'),
(287, '18.206.55.48', '2022-05-19 00:01:58', '2022-05-19 00:01:58'),
(288, '18.206.55.48', '2022-05-19 00:01:59', '2022-05-19 00:01:59'),
(289, '54.227.32.154', '2022-05-19 00:02:12', '2022-05-19 00:02:12'),
(290, '35.208.7.7', '2022-05-19 02:09:14', '2022-05-19 02:09:14'),
(291, '151.255.229.108', '2022-05-19 09:07:33', '2022-05-19 09:07:33'),
(292, '18.206.55.48', '2022-05-19 14:59:06', '2022-05-19 14:59:06'),
(293, '18.206.55.48', '2022-05-19 14:59:07', '2022-05-19 14:59:07'),
(294, '18.206.55.48', '2022-05-19 14:59:07', '2022-05-19 14:59:07'),
(295, '205.210.31.133', '2022-05-19 21:40:13', '2022-05-19 21:40:13'),
(296, '54.227.32.154', '2022-05-19 23:04:33', '2022-05-19 23:04:33'),
(297, '18.206.55.48', '2022-05-20 03:11:56', '2022-05-20 03:11:56'),
(298, '18.206.55.48', '2022-05-20 03:11:56', '2022-05-20 03:11:56'),
(299, '18.206.55.48', '2022-05-20 03:11:59', '2022-05-20 03:11:59'),
(300, '18.206.55.48', '2022-05-20 03:11:59', '2022-05-20 03:11:59'),
(301, '18.206.55.48', '2022-05-20 03:11:59', '2022-05-20 03:11:59'),
(302, '18.206.55.48', '2022-05-20 03:11:59', '2022-05-20 03:11:59'),
(303, '54.227.32.154', '2022-05-20 08:59:06', '2022-05-20 08:59:06'),
(304, '54.227.32.154', '2022-05-20 08:59:08', '2022-05-20 08:59:08'),
(305, '198.235.24.155', '2022-05-20 17:55:35', '2022-05-20 17:55:35'),
(306, '18.206.55.48', '2022-05-20 18:09:41', '2022-05-20 18:09:41'),
(307, '18.206.55.48', '2022-05-20 18:09:41', '2022-05-20 18:09:41'),
(308, '18.206.55.48', '2022-05-20 18:09:42', '2022-05-20 18:09:42'),
(309, '54.227.32.154', '2022-05-20 18:20:14', '2022-05-20 18:20:14'),
(310, '65.154.226.171', '2022-05-22 20:39:14', '2022-05-22 20:39:14'),
(311, '205.210.31.140', '2022-05-23 02:02:27', '2022-05-23 02:02:27'),
(312, '18.206.55.48', '2022-05-23 02:19:07', '2022-05-23 02:19:07'),
(313, '18.206.55.48', '2022-05-23 02:19:08', '2022-05-23 02:19:08'),
(314, '18.206.55.48', '2022-05-23 02:19:08', '2022-05-23 02:19:08'),
(315, '54.227.32.154', '2022-05-23 02:20:02', '2022-05-23 02:20:02'),
(316, '18.206.55.48', '2022-05-24 02:48:29', '2022-05-24 02:48:29'),
(317, '18.206.55.48', '2022-05-24 02:48:29', '2022-05-24 02:48:29'),
(318, '205.210.31.10', '2022-05-24 02:48:30', '2022-05-24 02:48:30'),
(319, '18.206.55.48', '2022-05-24 02:48:31', '2022-05-24 02:48:31'),
(320, '18.206.55.48', '2022-05-24 02:48:31', '2022-05-24 02:48:31'),
(321, '18.206.55.48', '2022-05-24 02:48:31', '2022-05-24 02:48:31'),
(322, '18.206.55.48', '2022-05-24 02:48:31', '2022-05-24 02:48:31'),
(323, '54.227.32.154', '2022-05-24 03:04:46', '2022-05-24 03:04:46'),
(324, '54.227.32.154', '2022-05-24 03:04:46', '2022-05-24 03:04:46'),
(325, '198.235.24.158', '2022-05-24 14:17:22', '2022-05-24 14:17:22'),
(326, '198.235.24.151', '2022-05-24 22:17:16', '2022-05-24 22:17:16'),
(327, '18.206.55.48', '2022-05-25 01:11:27', '2022-05-25 01:11:27'),
(328, '18.206.55.48', '2022-05-25 01:11:27', '2022-05-25 01:11:27'),
(329, '18.206.55.48', '2022-05-25 01:11:28', '2022-05-25 01:11:28'),
(330, '18.206.55.48', '2022-05-25 01:11:28', '2022-05-25 01:11:28'),
(331, '18.206.55.48', '2022-05-25 01:11:28', '2022-05-25 01:11:28'),
(332, '18.206.55.48', '2022-05-25 01:11:28', '2022-05-25 01:11:28'),
(333, '54.227.32.154', '2022-05-25 01:26:34', '2022-05-25 01:26:34'),
(334, '54.227.32.154', '2022-05-25 01:26:34', '2022-05-25 01:26:34'),
(335, '205.210.31.135', '2022-05-25 01:29:24', '2022-05-25 01:29:24'),
(336, '18.206.55.48', '2022-05-25 22:20:29', '2022-05-25 22:20:29'),
(337, '18.206.55.48', '2022-05-25 22:20:30', '2022-05-25 22:20:30'),
(338, '18.206.55.48', '2022-05-25 22:20:30', '2022-05-25 22:20:30'),
(339, '54.227.32.154', '2022-05-25 22:21:37', '2022-05-25 22:21:37'),
(340, '18.206.55.48', '2022-05-26 09:48:44', '2022-05-26 09:48:44'),
(341, '18.206.55.48', '2022-05-26 09:48:44', '2022-05-26 09:48:44'),
(342, '18.206.55.48', '2022-05-26 09:48:45', '2022-05-26 09:48:45'),
(343, '18.206.55.48', '2022-05-26 09:48:45', '2022-05-26 09:48:45'),
(344, '18.206.55.48', '2022-05-26 09:48:46', '2022-05-26 09:48:46'),
(345, '18.206.55.48', '2022-05-26 09:48:46', '2022-05-26 09:48:46'),
(346, '54.227.32.154', '2022-05-26 10:04:54', '2022-05-26 10:04:54'),
(347, '54.227.32.154', '2022-05-26 10:04:56', '2022-05-26 10:04:56'),
(348, '18.206.55.48', '2022-05-27 00:19:39', '2022-05-27 00:19:39'),
(349, '18.206.55.48', '2022-05-27 00:19:40', '2022-05-27 00:19:40'),
(350, '18.206.55.48', '2022-05-27 00:19:41', '2022-05-27 00:19:41'),
(351, '54.227.32.154', '2022-05-27 00:20:02', '2022-05-27 00:20:02'),
(352, '205.210.31.155', '2022-05-27 00:29:31', '2022-05-27 00:29:31'),
(353, '205.210.31.20', '2022-05-27 18:36:44', '2022-05-27 18:36:44'),
(354, '205.210.31.134', '2022-05-28 04:49:28', '2022-05-28 04:49:28'),
(355, '18.206.55.48', '2022-05-28 09:09:57', '2022-05-28 09:09:57'),
(356, '18.206.55.48', '2022-05-28 09:09:58', '2022-05-28 09:09:58'),
(357, '18.206.55.48', '2022-05-28 09:09:58', '2022-05-28 09:09:58'),
(358, '18.206.55.48', '2022-05-28 09:09:58', '2022-05-28 09:09:58'),
(359, '18.206.55.48', '2022-05-28 09:09:59', '2022-05-28 09:09:59'),
(360, '18.206.55.48', '2022-05-28 09:09:59', '2022-05-28 09:09:59'),
(361, '54.227.32.154', '2022-05-28 09:41:18', '2022-05-28 09:41:18'),
(362, '54.227.32.154', '2022-05-28 09:41:19', '2022-05-28 09:41:19'),
(363, '205.210.31.18', '2022-05-29 01:00:05', '2022-05-29 01:00:05'),
(364, '18.206.55.48', '2022-05-30 08:08:35', '2022-05-30 08:08:35'),
(365, '18.206.55.48', '2022-05-30 08:08:37', '2022-05-30 08:08:37'),
(366, '18.206.55.48', '2022-05-30 08:08:37', '2022-05-30 08:08:37'),
(367, '54.227.32.154', '2022-05-30 08:11:50', '2022-05-30 08:11:50'),
(368, '205.210.31.17', '2022-05-30 16:19:05', '2022-05-30 16:19:05'),
(369, '198.235.24.134', '2022-05-31 11:34:58', '2022-05-31 11:34:58'),
(370, '205.210.31.130', '2022-05-31 11:57:31', '2022-05-31 11:57:31'),
(371, '205.210.31.30', '2022-05-31 12:14:48', '2022-05-31 12:14:48'),
(372, '134.209.167.235', '2022-06-01 00:45:41', '2022-06-01 00:45:41'),
(373, '198.235.24.137', '2022-06-01 10:13:33', '2022-06-01 10:13:33'),
(374, '198.235.24.16', '2022-06-01 16:47:00', '2022-06-01 16:47:00'),
(375, '205.210.31.146', '2022-06-01 17:26:33', '2022-06-01 17:26:33'),
(376, '198.235.24.139', '2022-06-01 18:40:57', '2022-06-01 18:40:57'),
(377, '198.235.24.18', '2022-06-03 21:24:38', '2022-06-03 21:24:38'),
(378, '205.210.31.136', '2022-06-04 08:01:17', '2022-06-04 08:01:17'),
(379, '198.235.24.3', '2022-06-04 10:14:18', '2022-06-04 10:14:18'),
(380, '198.235.24.159', '2022-06-04 18:52:00', '2022-06-04 18:52:00'),
(381, '205.210.31.147', '2022-06-04 18:55:32', '2022-06-04 18:55:32'),
(382, '198.235.24.138', '2022-06-04 19:31:20', '2022-06-04 19:31:20'),
(383, '41.232.87.177', '2022-06-05 07:30:06', '2022-06-05 07:30:06'),
(384, '41.232.87.177', '2022-06-05 07:35:46', '2022-06-05 07:35:46'),
(385, '167.172.25.30', '2022-06-05 20:17:20', '2022-06-05 20:17:20'),
(386, '64.225.61.217', '2022-06-05 20:23:45', '2022-06-05 20:23:45'),
(387, '205.210.31.138', '2022-06-05 20:26:57', '2022-06-05 20:26:57'),
(388, '205.210.31.151', '2022-06-06 21:20:13', '2022-06-06 21:20:13'),
(389, '205.210.31.151', '2022-06-07 08:14:37', '2022-06-07 08:14:37'),
(390, '205.210.31.9', '2022-06-08 00:19:43', '2022-06-08 00:19:43'),
(391, '198.235.24.29', '2022-06-08 07:05:36', '2022-06-08 07:05:36'),
(392, '35.180.128.205', '2022-06-09 14:22:16', '2022-06-09 14:22:16'),
(393, '35.180.128.205', '2022-06-09 14:22:17', '2022-06-09 14:22:17'),
(394, '198.235.24.159', '2022-06-09 21:21:00', '2022-06-09 21:21:00'),
(395, '205.210.31.153', '2022-06-11 07:19:41', '2022-06-11 07:19:41'),
(396, '197.61.228.217', '2022-06-11 08:09:08', '2022-06-11 08:09:08'),
(397, '205.210.31.147', '2022-06-11 14:44:51', '2022-06-11 14:44:51'),
(398, '198.235.24.31', '2022-06-12 22:10:17', '2022-06-12 22:10:17'),
(399, '198.235.24.32', '2022-06-14 04:20:57', '2022-06-14 04:20:57'),
(400, '205.210.31.132', '2022-06-14 09:40:48', '2022-06-14 09:40:48'),
(401, '95.186.126.21', '2022-06-15 11:55:32', '2022-06-15 11:55:32'),
(402, '5.109.118.209', '2022-06-15 11:56:45', '2022-06-15 11:56:45'),
(403, '198.235.24.161', '2022-06-15 13:07:24', '2022-06-15 13:07:24'),
(404, '198.235.24.159', '2022-06-15 14:41:11', '2022-06-15 14:41:11'),
(405, '205.210.31.17', '2022-06-15 16:33:20', '2022-06-15 16:33:20'),
(406, '198.235.24.145', '2022-06-15 18:04:16', '2022-06-15 18:04:16'),
(407, '198.235.24.13', '2022-06-16 20:40:40', '2022-06-16 20:40:40'),
(408, '198.235.24.151', '2022-06-17 05:07:53', '2022-06-17 05:07:53'),
(409, '198.235.24.9', '2022-06-18 02:12:30', '2022-06-18 02:12:30'),
(410, '151.255.228.54', '2022-06-18 13:18:59', '2022-06-18 13:18:59'),
(411, '142.154.87.182', '2022-06-19 10:40:29', '2022-06-19 10:40:29'),
(412, '156.207.166.108', '2022-06-19 18:11:13', '2022-06-19 18:11:13'),
(413, '205.210.31.150', '2022-06-20 10:17:20', '2022-06-20 10:17:20'),
(414, '13.38.121.94', '2022-06-21 00:26:52', '2022-06-21 00:26:52'),
(415, '13.38.121.94', '2022-06-21 00:26:53', '2022-06-21 00:26:53'),
(416, '205.210.31.30', '2022-06-21 17:21:24', '2022-06-21 17:21:24'),
(417, '167.94.138.120', '2022-06-23 17:19:20', '2022-06-23 17:19:20'),
(418, '167.94.138.120', '2022-06-23 17:19:20', '2022-06-23 17:19:20'),
(419, '207.154.204.175', '2022-06-24 22:07:44', '2022-06-24 22:07:44'),
(420, '206.81.18.165', '2022-06-24 22:07:44', '2022-06-24 22:07:44'),
(421, '104.248.172.107', '2022-06-24 22:07:44', '2022-06-24 22:07:44'),
(422, '212.71.232.224', '2022-06-24 22:07:44', '2022-06-24 22:07:44'),
(423, '207.154.204.175', '2022-06-24 22:07:44', '2022-06-24 22:07:44'),
(424, '172.105.48.159', '2022-06-24 22:07:45', '2022-06-24 22:07:45'),
(425, '205.169.39.51', '2022-06-24 22:07:45', '2022-06-24 22:07:45'),
(426, '207.154.204.175', '2022-06-24 22:07:45', '2022-06-24 22:07:45'),
(427, '212.71.232.224', '2022-06-24 22:07:45', '2022-06-24 22:07:45'),
(428, '212.71.232.224', '2022-06-24 22:07:45', '2022-06-24 22:07:45'),
(429, '207.154.204.175', '2022-06-24 22:07:45', '2022-06-24 22:07:45'),
(430, '104.248.172.107', '2022-06-24 22:07:46', '2022-06-24 22:07:46'),
(431, '104.248.172.107', '2022-06-24 22:07:46', '2022-06-24 22:07:46'),
(432, '207.154.204.175', '2022-06-24 22:07:46', '2022-06-24 22:07:46'),
(433, '207.154.204.175', '2022-06-24 22:07:46', '2022-06-24 22:07:46'),
(434, '206.81.18.165', '2022-06-24 22:07:46', '2022-06-24 22:07:46'),
(435, '206.81.18.165', '2022-06-24 22:07:47', '2022-06-24 22:07:47'),
(436, '172.105.48.159', '2022-06-24 22:07:49', '2022-06-24 22:07:49'),
(437, '172.105.48.159', '2022-06-24 22:07:49', '2022-06-24 22:07:49'),
(438, '89.175.184.250', '2022-06-24 22:08:36', '2022-06-24 22:08:36'),
(439, '89.175.184.250', '2022-06-24 22:08:36', '2022-06-24 22:08:36'),
(440, '195.211.77.140', '2022-06-24 22:09:12', '2022-06-24 22:09:12'),
(441, '179.43.169.181', '2022-06-24 22:09:39', '2022-06-24 22:09:39'),
(442, '51.81.167.146', '2022-06-24 22:12:28', '2022-06-24 22:12:28'),
(443, '79.104.53.14', '2022-06-24 22:16:20', '2022-06-24 22:16:20'),
(444, '133.242.140.127', '2022-06-25 00:09:03', '2022-06-25 00:09:03'),
(445, '133.242.174.119', '2022-06-25 00:09:36', '2022-06-25 00:09:36'),
(446, '176.53.220.110', '2022-06-25 02:26:30', '2022-06-25 02:26:30'),
(447, '89.104.110.129', '2022-06-25 02:26:30', '2022-06-25 02:26:30'),
(448, '176.53.220.205', '2022-06-25 02:58:57', '2022-06-25 02:58:57'),
(449, '51.255.62.0', '2022-06-25 06:37:54', '2022-06-25 06:37:54'),
(450, '51.255.62.7', '2022-06-25 06:37:54', '2022-06-25 06:37:54'),
(451, '51.255.62.13', '2022-06-25 06:37:54', '2022-06-25 06:37:54'),
(452, '51.255.62.8', '2022-06-25 06:37:54', '2022-06-25 06:37:54'),
(453, '51.254.49.101', '2022-06-25 08:16:35', '2022-06-25 08:16:35'),
(454, '89.104.101.150', '2022-06-25 17:18:30', '2022-06-25 17:18:30'),
(455, '89.104.100.252', '2022-06-25 19:23:32', '2022-06-25 19:23:32'),
(456, '69.25.58.56', '2022-06-25 22:04:46', '2022-06-25 22:04:46'),
(457, '69.25.58.56', '2022-06-25 22:04:46', '2022-06-25 22:04:46'),
(458, '89.104.100.22', '2022-06-26 02:26:48', '2022-06-26 02:26:48'),
(459, '176.53.220.110', '2022-06-26 02:26:48', '2022-06-26 02:26:48'),
(460, '45.90.62.128', '2022-06-26 02:59:37', '2022-06-26 02:59:37'),
(461, '176.53.222.223', '2022-06-26 02:59:38', '2022-06-26 02:59:38'),
(462, '45.90.62.193', '2022-06-26 17:15:46', '2022-06-26 17:15:46'),
(463, '124.126.78.175', '2022-06-26 19:13:19', '2022-06-26 19:13:19'),
(464, '45.90.60.149', '2022-06-26 19:20:27', '2022-06-26 19:20:27'),
(465, '51.255.62.11', '2022-06-27 00:12:48', '2022-06-27 00:12:48'),
(466, '51.255.62.3', '2022-06-27 00:12:48', '2022-06-27 00:12:48'),
(467, '51.255.62.9', '2022-06-27 00:12:48', '2022-06-27 00:12:48'),
(468, '51.255.62.3', '2022-06-27 00:12:48', '2022-06-27 00:12:48'),
(469, '176.53.218.218', '2022-06-27 02:27:23', '2022-06-27 02:27:23'),
(470, '176.53.220.126', '2022-06-27 03:00:17', '2022-06-27 03:00:17'),
(471, '51.255.62.8', '2022-06-29 02:25:46', '2022-06-29 02:25:46'),
(472, '51.255.62.4', '2022-06-29 02:26:10', '2022-06-29 02:26:10'),
(473, '151.106.120.184', '2022-07-01 01:22:17', '2022-07-01 01:22:17'),
(474, '151.106.120.184', '2022-07-01 01:22:17', '2022-07-01 01:22:17'),
(475, '151.106.120.184', '2022-07-01 01:22:17', '2022-07-01 01:22:17'),
(476, '151.106.120.184', '2022-07-01 01:22:20', '2022-07-01 01:22:20'),
(477, '205.210.31.8', '2022-07-01 13:36:56', '2022-07-01 13:36:56'),
(478, '205.210.31.25', '2022-07-01 16:17:07', '2022-07-01 16:17:07'),
(479, '198.235.24.22', '2022-07-01 19:45:43', '2022-07-01 19:45:43'),
(480, '198.235.24.149', '2022-07-03 01:35:55', '2022-07-03 01:35:55'),
(481, '35.206.153.39', '2022-07-03 02:41:28', '2022-07-03 02:41:28'),
(482, '198.235.24.24', '2022-07-03 07:13:12', '2022-07-03 07:13:12'),
(483, '198.235.24.29', '2022-07-03 11:03:29', '2022-07-03 11:03:29'),
(484, '149.154.161.196', '2022-07-03 13:24:45', '2022-07-03 13:24:45'),
(485, '41.233.76.63', '2022-07-03 13:25:01', '2022-07-03 13:25:01'),
(486, '41.233.76.63', '2022-07-03 13:26:39', '2022-07-03 13:26:39'),
(487, '198.235.24.143', '2022-07-04 14:02:55', '2022-07-04 14:02:55'),
(488, '198.235.24.9', '2022-07-05 01:22:30', '2022-07-05 01:22:30'),
(489, '205.210.31.34', '2022-07-05 04:34:52', '2022-07-05 04:34:52'),
(490, '205.210.31.22', '2022-07-05 13:10:05', '2022-07-05 13:10:05'),
(491, '198.235.24.151', '2022-07-06 19:02:39', '2022-07-06 19:02:39'),
(492, '198.235.24.156', '2022-07-06 21:00:37', '2022-07-06 21:00:37'),
(493, '205.210.31.129', '2022-07-07 01:58:51', '2022-07-07 01:58:51'),
(494, '198.235.24.161', '2022-07-07 03:36:18', '2022-07-07 03:36:18'),
(495, '205.210.31.139', '2022-07-07 22:55:54', '2022-07-07 22:55:54'),
(496, '198.235.24.29', '2022-07-08 03:26:47', '2022-07-08 03:26:47'),
(497, '205.210.31.16', '2022-07-08 06:16:23', '2022-07-08 06:16:23'),
(498, '198.235.24.14', '2022-07-08 14:35:25', '2022-07-08 14:35:25'),
(499, '205.210.31.153', '2022-07-09 09:02:10', '2022-07-09 09:02:10'),
(500, '205.210.31.152', '2022-07-09 09:02:50', '2022-07-09 09:02:50'),
(501, '205.210.31.151', '2022-07-09 13:58:16', '2022-07-09 13:58:16'),
(502, '198.235.24.3', '2022-07-10 02:12:20', '2022-07-10 02:12:20'),
(503, '198.235.24.153', '2022-07-11 08:18:35', '2022-07-11 08:18:35'),
(504, '198.235.24.158', '2022-07-11 20:02:56', '2022-07-11 20:02:56'),
(505, '205.210.31.138', '2022-07-11 20:26:17', '2022-07-11 20:26:17'),
(506, '205.210.31.134', '2022-07-12 03:38:43', '2022-07-12 03:38:43'),
(507, '174.138.62.253', '2022-07-12 06:57:37', '2022-07-12 06:57:37'),
(508, '157.245.216.118', '2022-07-12 18:26:58', '2022-07-12 18:26:58'),
(509, '198.235.24.25', '2022-07-13 02:24:31', '2022-07-13 02:24:31'),
(510, '198.235.24.148', '2022-07-13 12:32:55', '2022-07-13 12:32:55'),
(511, '198.235.24.141', '2022-07-13 13:14:13', '2022-07-13 13:14:13'),
(512, '198.235.24.161', '2022-07-13 13:49:32', '2022-07-13 13:49:32'),
(513, '198.235.24.158', '2022-07-13 15:28:43', '2022-07-13 15:28:43'),
(514, '144.91.106.14', '2022-07-13 16:04:41', '2022-07-13 16:04:41'),
(515, '144.91.106.14', '2022-07-13 16:04:41', '2022-07-13 16:04:41'),
(516, '144.91.106.14', '2022-07-13 16:04:42', '2022-07-13 16:04:42'),
(517, '144.91.106.14', '2022-07-13 16:04:42', '2022-07-13 16:04:42'),
(518, '205.210.31.128', '2022-07-14 22:03:50', '2022-07-14 22:03:50'),
(519, '198.235.24.28', '2022-07-15 07:43:55', '2022-07-15 07:43:55'),
(520, '205.210.31.158', '2022-07-15 11:28:52', '2022-07-15 11:28:52'),
(521, '65.154.226.171', '2022-07-15 22:48:11', '2022-07-15 22:48:11'),
(522, '65.154.226.168', '2022-07-15 23:06:11', '2022-07-15 23:06:11'),
(523, '198.235.24.148', '2022-07-16 03:43:27', '2022-07-16 03:43:27'),
(524, '64.137.245.128', '2022-07-16 06:26:17', '2022-07-16 06:26:17'),
(525, '65.154.226.167', '2022-07-16 10:33:57', '2022-07-16 10:33:57'),
(526, '205.210.31.144', '2022-07-16 11:08:34', '2022-07-16 11:08:34'),
(527, '65.154.226.168', '2022-07-16 11:26:24', '2022-07-16 11:26:24'),
(528, '205.210.31.27', '2022-07-16 11:48:29', '2022-07-16 11:48:29'),
(529, '198.235.24.30', '2022-07-18 06:20:16', '2022-07-18 06:20:16'),
(530, '198.235.24.151', '2022-07-18 21:48:38', '2022-07-18 21:48:38'),
(531, '198.235.24.27', '2022-07-19 04:43:25', '2022-07-19 04:43:25'),
(532, '205.210.31.9', '2022-07-19 05:08:02', '2022-07-19 05:08:02'),
(533, '205.210.31.22', '2022-07-19 06:40:47', '2022-07-19 06:40:47'),
(534, '198.235.24.10', '2022-07-19 17:02:10', '2022-07-19 17:02:10'),
(535, '205.210.31.139', '2022-07-19 20:07:19', '2022-07-19 20:07:19'),
(536, '205.210.31.18', '2022-07-20 08:12:33', '2022-07-20 08:12:33'),
(537, '197.61.195.84', '2022-07-20 09:04:21', '2022-07-20 09:04:21'),
(538, '149.154.161.249', '2022-07-20 09:59:28', '2022-07-20 09:59:28'),
(539, '41.44.122.47', '2022-07-20 10:00:00', '2022-07-20 10:00:00'),
(540, '196.154.211.54', '2022-07-20 12:43:42', '2022-07-20 12:43:42'),
(541, '41.44.122.47', '2022-07-20 12:52:20', '2022-07-20 12:52:20'),
(542, '197.41.135.165', '2022-07-20 17:37:12', '2022-07-20 17:37:12'),
(543, '198.235.24.159', '2022-07-21 00:46:13', '2022-07-21 00:46:13'),
(544, '205.210.31.133', '2022-07-21 01:22:22', '2022-07-21 01:22:22'),
(545, '198.235.24.145', '2022-07-21 03:03:03', '2022-07-21 03:03:03'),
(546, '205.210.31.142', '2022-07-21 06:48:03', '2022-07-21 06:48:03'),
(547, '41.44.122.47', '2022-07-21 11:33:57', '2022-07-21 11:33:57'),
(548, '197.61.209.216', '2022-07-24 16:26:00', '2022-07-24 16:26:00'),
(549, '197.61.209.216', '2022-07-25 07:06:48', '2022-07-25 07:06:48'),
(550, '54.210.133.43', '2022-07-25 08:59:53', '2022-07-25 08:59:53'),
(551, '54.208.73.12', '2022-07-25 15:32:12', '2022-07-25 15:32:12'),
(552, '196.158.153.29', '2022-07-27 08:50:16', '2022-07-27 08:50:16'),
(553, '64.137.194.28', '2022-07-28 09:42:54', '2022-07-28 09:42:54'),
(554, '64.137.194.28', '2022-07-28 09:42:54', '2022-07-28 09:42:54'),
(555, '167.94.138.117', '2022-07-30 00:13:53', '2022-07-30 00:13:53'),
(556, '167.94.138.117', '2022-07-30 00:13:53', '2022-07-30 00:13:53'),
(557, '31.167.183.217', '2022-08-06 16:05:09', '2022-08-06 16:05:09'),
(558, '5.109.181.146', '2022-08-06 16:05:37', '2022-08-06 16:05:37'),
(559, '167.99.116.167', '2022-08-10 20:13:47', '2022-08-10 20:13:47'),
(560, '167.71.164.82', '2022-08-10 23:23:36', '2022-08-10 23:23:36'),
(561, '5.156.62.40', '2022-08-15 09:54:35', '2022-08-15 09:54:35'),
(562, '149.154.161.249', '2022-08-17 08:10:26', '2022-08-17 08:10:26'),
(563, '102.46.159.45', '2022-08-17 08:10:27', '2022-08-17 08:10:27'),
(564, '51.36.221.181', '2022-08-18 16:35:50', '2022-08-18 16:35:50'),
(565, '95.186.121.152', '2022-08-18 16:36:00', '2022-08-18 16:36:00'),
(566, '51.36.221.181', '2022-08-18 16:36:14', '2022-08-18 16:36:14'),
(567, '175.110.185.21', '2022-08-18 23:13:19', '2022-08-18 23:13:19'),
(568, '207.154.241.99', '2022-08-24 22:08:47', '2022-08-24 22:08:47'),
(569, '207.154.241.99', '2022-08-24 22:08:47', '2022-08-24 22:08:47'),
(570, '139.59.168.195', '2022-08-24 22:08:47', '2022-08-24 22:08:47'),
(571, '207.154.241.99', '2022-08-24 22:08:49', '2022-08-24 22:08:49'),
(572, '207.154.241.99', '2022-08-24 22:08:49', '2022-08-24 22:08:49'),
(573, '139.59.168.195', '2022-08-24 22:08:49', '2022-08-24 22:08:49'),
(574, '139.59.168.195', '2022-08-24 22:08:49', '2022-08-24 22:08:49'),
(575, '207.154.241.99', '2022-08-24 22:08:50', '2022-08-24 22:08:50'),
(576, '207.154.241.99', '2022-08-24 22:08:51', '2022-08-24 22:08:51'),
(577, '51.81.167.146', '2022-08-24 22:09:30', '2022-08-24 22:09:30'),
(578, '79.104.53.14', '2022-08-24 22:12:05', '2022-08-24 22:12:05'),
(579, '39.110.218.101', '2022-08-25 00:08:14', '2022-08-25 00:08:14'),
(580, '39.110.218.101', '2022-08-25 00:08:22', '2022-08-25 00:08:22'),
(581, '133.242.140.127', '2022-08-25 00:09:06', '2022-08-25 00:09:06'),
(582, '133.242.174.119', '2022-08-25 00:09:07', '2022-08-25 00:09:07'),
(583, '133.242.140.127', '2022-08-25 00:09:19', '2022-08-25 00:09:19'),
(584, '133.242.174.119', '2022-08-25 00:09:20', '2022-08-25 00:09:20'),
(585, '89.104.110.232', '2022-08-25 02:47:07', '2022-08-25 02:47:07'),
(586, '176.53.216.113', '2022-08-25 02:47:09', '2022-08-25 02:47:09'),
(587, '176.53.222.193', '2022-08-25 03:24:15', '2022-08-25 03:24:15'),
(588, '176.53.216.242', '2022-08-25 03:24:16', '2022-08-25 03:24:16'),
(589, '80.87.206.248', '2022-08-25 10:22:39', '2022-08-25 10:22:39'),
(590, '80.87.206.248', '2022-08-25 10:29:29', '2022-08-25 10:29:29'),
(591, '95.185.66.204', '2022-08-25 10:35:13', '2022-08-25 10:35:13'),
(592, '95.185.66.204', '2022-08-25 10:44:59', '2022-08-25 10:44:59'),
(593, '176.53.222.137', '2022-08-25 17:41:08', '2022-08-25 17:41:08'),
(594, '176.53.218.168', '2022-08-25 20:22:38', '2022-08-25 20:22:38'),
(595, '80.87.206.219', '2022-08-25 20:58:54', '2022-08-25 20:58:54'),
(596, '167.94.138.61', '2022-08-26 01:17:03', '2022-08-26 01:17:03'),
(597, '167.94.138.61', '2022-08-26 01:17:03', '2022-08-26 01:17:03'),
(598, '176.113.42.180', '2022-08-26 03:19:23', '2022-08-26 03:19:23'),
(599, '176.53.223.126', '2022-08-26 03:19:25', '2022-08-26 03:19:25'),
(600, '45.90.63.253', '2022-08-26 03:53:55', '2022-08-26 03:53:55'),
(601, '176.53.218.95', '2022-08-26 03:53:55', '2022-08-26 03:53:55'),
(602, '89.104.100.22', '2022-08-26 17:40:01', '2022-08-26 17:40:01'),
(603, '176.53.221.238', '2022-08-26 20:20:36', '2022-08-26 20:20:36'),
(604, '176.53.218.143', '2022-08-27 06:47:11', '2022-08-27 06:47:11'),
(605, '89.104.111.13', '2022-08-27 07:21:41', '2022-08-27 07:21:41'),
(606, '51.36.218.122', '2022-08-28 12:00:50', '2022-08-28 12:00:50'),
(607, '51.36.218.122', '2022-08-28 12:00:58', '2022-08-28 12:00:58'),
(608, '51.36.218.122', '2022-08-28 12:02:19', '2022-08-28 12:02:19'),
(609, '95.185.140.83', '2022-08-29 18:01:33', '2022-08-29 18:01:33'),
(610, '65.154.226.166', '2022-08-29 22:59:58', '2022-08-29 22:59:58'),
(611, '198.235.24.172', '2022-08-29 23:59:30', '2022-08-29 23:59:30'),
(612, '212.138.160.2', '2022-08-30 11:05:16', '2022-08-30 11:05:16'),
(613, '212.138.160.2', '2022-08-30 11:05:25', '2022-08-30 11:05:25'),
(614, '212.138.160.2', '2022-08-30 14:54:13', '2022-08-30 14:54:13'),
(615, '141.164.150.112', '2022-08-30 20:14:32', '2022-08-30 20:14:32'),
(616, '141.164.150.112', '2022-08-30 22:17:33', '2022-08-30 22:17:33'),
(617, '141.164.150.112', '2022-08-30 23:19:26', '2022-08-30 23:19:26'),
(618, '64.65.111.222', '2022-08-31 11:08:09', '2022-08-31 11:08:09'),
(619, '64.65.111.222', '2022-08-31 11:08:09', '2022-08-31 11:08:09'),
(620, '95.185.66.204', '2022-08-31 11:51:02', '2022-08-31 11:51:02'),
(621, '141.164.150.112', '2022-08-31 17:42:26', '2022-08-31 17:42:26'),
(622, '141.164.150.112', '2022-08-31 17:42:26', '2022-08-31 17:42:26'),
(623, '141.164.150.112', '2022-08-31 21:10:53', '2022-08-31 21:10:53'),
(624, '95.185.66.204', '2022-09-01 11:01:47', '2022-09-01 11:01:47'),
(625, '5.41.39.205', '2022-09-01 11:16:39', '2022-09-01 11:16:39'),
(626, '95.186.131.49', '2022-09-01 11:19:44', '2022-09-01 11:19:44'),
(627, '95.186.77.61', '2022-09-01 15:43:48', '2022-09-01 15:43:48'),
(628, '51.36.218.152', '2022-09-01 17:21:45', '2022-09-01 17:21:45'),
(629, '95.186.154.236', '2022-09-03 03:28:06', '2022-09-03 03:28:06'),
(630, '95.185.66.204', '2022-09-03 11:24:41', '2022-09-03 11:24:41'),
(631, '151.255.153.118', '2022-09-03 18:08:56', '2022-09-03 18:08:56'),
(632, '128.127.210.104', '2022-09-04 08:30:57', '2022-09-04 08:30:57'),
(633, '149.154.161.220', '2022-09-04 08:32:16', '2022-09-04 08:32:16'),
(634, '197.61.140.172', '2022-09-04 08:32:47', '2022-09-04 08:32:47'),
(635, '5.41.105.62', '2022-09-04 10:51:30', '2022-09-04 10:51:30'),
(636, '198.235.24.44', '2022-09-04 21:18:52', '2022-09-04 21:18:52'),
(637, '198.235.24.6', '2022-09-04 21:27:39', '2022-09-04 21:27:39'),
(638, '198.235.24.159', '2022-09-04 22:55:34', '2022-09-04 22:55:34'),
(639, '41.232.91.169', '2022-09-05 13:29:58', '2022-09-05 13:29:58'),
(640, '205.210.31.165', '2022-09-06 10:10:00', '2022-09-06 10:10:00'),
(641, '205.210.31.146', '2022-09-06 15:53:46', '2022-09-06 15:53:46'),
(642, '198.235.24.14', '2022-09-09 02:29:35', '2022-09-09 02:29:35'),
(643, '205.210.31.60', '2022-09-09 06:15:49', '2022-09-09 06:15:49'),
(644, '205.210.31.134', '2022-09-09 07:39:05', '2022-09-09 07:39:05'),
(645, '198.235.24.145', '2022-09-09 11:04:32', '2022-09-09 11:04:32'),
(646, '167.248.133.119', '2022-09-09 18:41:58', '2022-09-09 18:41:58'),
(647, '167.248.133.119', '2022-09-09 18:41:58', '2022-09-09 18:41:58'),
(648, '205.210.31.182', '2022-09-10 05:24:28', '2022-09-10 05:24:28'),
(649, '167.99.124.75', '2022-09-10 06:56:59', '2022-09-10 06:56:59'),
(650, '205.210.31.50', '2022-09-10 07:34:30', '2022-09-10 07:34:30'),
(651, '138.197.3.164', '2022-09-10 07:40:13', '2022-09-10 07:40:13'),
(652, '205.210.31.50', '2022-09-10 11:34:33', '2022-09-10 11:34:33'),
(653, '5.82.122.59', '2022-09-10 12:01:38', '2022-09-10 12:01:38'),
(654, '198.235.24.25', '2022-09-11 14:12:12', '2022-09-11 14:12:12'),
(655, '31.167.156.82', '2022-09-11 15:54:01', '2022-09-11 15:54:01'),
(656, '31.167.156.82', '2022-09-11 15:54:20', '2022-09-11 15:54:20'),
(657, '142.154.67.53', '2022-09-11 16:56:32', '2022-09-11 16:56:32'),
(658, '205.210.31.41', '2022-09-12 07:25:06', '2022-09-12 07:25:06'),
(659, '205.210.31.26', '2022-09-12 17:35:23', '2022-09-12 17:35:23'),
(660, '198.235.24.168', '2022-09-12 19:31:08', '2022-09-12 19:31:08'),
(661, '205.210.31.172', '2022-09-12 20:30:28', '2022-09-12 20:30:28'),
(662, '198.235.24.19', '2022-09-13 01:59:12', '2022-09-13 01:59:12'),
(663, '205.210.31.18', '2022-09-13 03:47:16', '2022-09-13 03:47:16'),
(664, '198.235.24.59', '2022-09-14 00:44:29', '2022-09-14 00:44:29'),
(665, '167.94.138.60', '2022-09-14 03:35:44', '2022-09-14 03:35:44'),
(666, '167.94.138.60', '2022-09-14 03:35:44', '2022-09-14 03:35:44'),
(667, '205.210.31.149', '2022-09-14 19:43:08', '2022-09-14 19:43:08'),
(668, '205.210.31.139', '2022-09-14 21:34:47', '2022-09-14 21:34:47'),
(669, '65.154.226.168', '2022-09-14 22:12:08', '2022-09-14 22:12:08'),
(670, '65.154.226.166', '2022-09-14 22:39:09', '2022-09-14 22:39:09'),
(671, '5.41.106.121', '2022-09-15 08:33:07', '2022-09-15 08:33:07'),
(672, '205.210.31.3', '2022-09-16 11:13:09', '2022-09-16 11:13:09'),
(673, '198.235.24.48', '2022-09-16 19:22:52', '2022-09-16 19:22:52'),
(674, '198.235.24.142', '2022-09-17 00:28:56', '2022-09-17 00:28:56'),
(675, '198.235.24.58', '2022-09-17 01:30:11', '2022-09-17 01:30:11'),
(676, '205.210.31.181', '2022-09-17 08:37:54', '2022-09-17 08:37:54'),
(677, '205.210.31.16', '2022-09-17 22:09:16', '2022-09-17 22:09:16'),
(678, '198.235.24.34', '2022-09-20 04:37:01', '2022-09-20 04:37:01'),
(679, '212.138.160.2', '2022-09-20 10:06:39', '2022-09-20 10:06:39'),
(680, '205.210.31.169', '2022-09-20 21:44:14', '2022-09-20 21:44:14'),
(681, '51.36.219.18', '2022-09-21 17:23:39', '2022-09-21 17:23:39'),
(682, '149.154.161.232', '2022-09-21 17:23:57', '2022-09-21 17:23:57'),
(683, '31.13.127.11', '2022-09-21 17:26:28', '2022-09-21 17:26:28'),
(684, '173.252.111.24', '2022-09-21 17:26:29', '2022-09-21 17:26:29'),
(685, '69.171.249.23', '2022-09-21 17:27:10', '2022-09-21 17:27:10'),
(686, '51.36.219.18', '2022-09-21 17:44:21', '2022-09-21 17:44:21'),
(687, '51.36.219.18', '2022-09-21 17:47:41', '2022-09-21 17:47:41'),
(688, '51.36.219.18', '2022-09-22 00:10:32', '2022-09-22 00:10:32'),
(689, '35.212.153.217', '2022-09-22 04:39:42', '2022-09-22 04:39:42'),
(690, '5.109.126.95', '2022-09-22 12:02:24', '2022-09-22 12:02:24'),
(691, '173.252.95.14', '2022-09-22 17:22:34', '2022-09-22 17:22:34'),
(692, '51.39.72.222', '2022-09-22 20:29:05', '2022-09-22 20:29:05'),
(693, '51.39.72.222', '2022-09-22 20:29:30', '2022-09-22 20:29:30'),
(694, '5.156.61.22', '2022-09-22 21:30:27', '2022-09-22 21:30:27'),
(695, '198.235.24.148', '2022-09-23 18:32:26', '2022-09-23 18:32:26'),
(696, '198.235.24.16', '2022-09-24 00:44:28', '2022-09-24 00:44:28'),
(697, '31.167.87.227', '2022-09-24 03:12:57', '2022-09-24 03:12:57'),
(698, '31.167.87.227', '2022-09-24 03:13:13', '2022-09-24 03:13:13'),
(699, '151.254.131.140', '2022-09-24 14:27:51', '2022-09-24 14:27:51'),
(700, '205.210.31.159', '2022-09-24 14:33:20', '2022-09-24 14:33:20'),
(701, '64.65.116.204', '2022-09-25 07:58:42', '2022-09-25 07:58:42'),
(702, '173.252.95.4', '2022-09-25 12:53:30', '2022-09-25 12:53:30'),
(703, '31.167.34.14', '2022-09-26 00:57:55', '2022-09-26 00:57:55'),
(704, '197.63.7.171', '2022-09-27 14:35:08', '2022-09-27 14:35:08'),
(705, '197.61.183.63', '2022-09-27 14:35:37', '2022-09-27 14:35:37'),
(706, '141.94.199.35', '2022-09-27 14:35:52', '2022-09-27 14:35:52'),
(707, '141.94.199.35', '2022-09-27 15:05:53', '2022-09-27 15:05:53'),
(708, '5.109.143.112', '2022-09-27 15:12:32', '2022-09-27 15:12:32'),
(709, '5.109.143.112', '2022-09-27 15:12:46', '2022-09-27 15:12:46'),
(710, '141.94.199.35', '2022-09-27 15:35:53', '2022-09-27 15:35:53'),
(711, '141.94.199.35', '2022-09-27 16:05:53', '2022-09-27 16:05:53'),
(712, '141.94.199.35', '2022-09-27 16:35:53', '2022-09-27 16:35:53'),
(713, '164.132.63.146', '2022-09-27 16:56:47', '2022-09-27 16:56:47'),
(714, '141.94.199.35', '2022-09-27 17:05:53', '2022-09-27 17:05:53'),
(715, '141.94.199.35', '2022-09-27 17:35:53', '2022-09-27 17:35:53'),
(716, '141.94.199.35', '2022-09-27 18:05:54', '2022-09-27 18:05:54'),
(717, '141.94.199.35', '2022-09-27 18:35:53', '2022-09-27 18:35:53'),
(718, '141.94.199.35', '2022-09-27 19:05:54', '2022-09-27 19:05:54'),
(719, '141.94.199.35', '2022-09-27 19:35:53', '2022-09-27 19:35:53'),
(720, '141.94.199.35', '2022-09-27 20:05:54', '2022-09-27 20:05:54'),
(721, '141.94.199.35', '2022-09-27 20:35:54', '2022-09-27 20:35:54'),
(722, '141.94.199.35', '2022-09-27 21:00:07', '2022-09-27 21:00:07'),
(723, '141.94.199.35', '2022-09-27 21:30:07', '2022-09-27 21:30:07'),
(724, '141.94.199.35', '2022-09-27 22:00:07', '2022-09-27 22:00:07'),
(725, '141.94.199.35', '2022-09-27 22:30:07', '2022-09-27 22:30:07'),
(726, '141.94.199.35', '2022-09-27 23:00:07', '2022-09-27 23:00:07'),
(727, '141.94.199.35', '2022-09-27 23:30:07', '2022-09-27 23:30:07'),
(728, '141.94.199.35', '2022-09-28 00:00:11', '2022-09-28 00:00:11'),
(729, '141.94.199.35', '2022-09-28 00:30:12', '2022-09-28 00:30:12'),
(730, '141.94.199.35', '2022-09-28 01:00:08', '2022-09-28 01:00:08'),
(731, '141.94.199.35', '2022-09-28 01:30:08', '2022-09-28 01:30:08'),
(732, '141.94.199.35', '2022-09-28 02:00:08', '2022-09-28 02:00:08'),
(733, '141.94.199.35', '2022-09-28 02:30:09', '2022-09-28 02:30:09'),
(734, '141.94.199.35', '2022-09-28 03:00:08', '2022-09-28 03:00:08'),
(735, '141.94.199.35', '2022-09-28 03:30:08', '2022-09-28 03:30:08'),
(736, '141.94.199.35', '2022-09-28 04:00:12', '2022-09-28 04:00:12');
INSERT INTO `website_visitors` (`id`, `ip`, `created_at`, `updated_at`) VALUES
(737, '141.94.199.35', '2022-09-28 04:30:08', '2022-09-28 04:30:08'),
(738, '141.94.199.35', '2022-09-28 05:00:08', '2022-09-28 05:00:08'),
(739, '141.94.199.35', '2022-09-28 05:30:08', '2022-09-28 05:30:08'),
(740, '141.94.199.35', '2022-09-28 06:00:08', '2022-09-28 06:00:08'),
(741, '141.94.199.35', '2022-09-28 06:30:08', '2022-09-28 06:30:08'),
(742, '141.94.199.35', '2022-09-28 07:00:08', '2022-09-28 07:00:08'),
(743, '141.94.199.35', '2022-09-28 07:30:08', '2022-09-28 07:30:08'),
(744, '141.94.199.35', '2022-09-28 08:00:08', '2022-09-28 08:00:08'),
(745, '141.94.199.35', '2022-09-28 08:30:08', '2022-09-28 08:30:08'),
(746, '64.65.116.204', '2022-09-28 08:31:28', '2022-09-28 08:31:28'),
(747, '141.94.199.35', '2022-09-28 09:00:07', '2022-09-28 09:00:07'),
(748, '141.94.199.35', '2022-09-28 09:30:08', '2022-09-28 09:30:08'),
(749, '141.94.199.35', '2022-09-28 10:00:08', '2022-09-28 10:00:08'),
(750, '3.235.49.44', '2022-09-28 10:24:02', '2022-09-28 10:24:02'),
(751, '141.94.199.35', '2022-09-28 10:30:07', '2022-09-28 10:30:07'),
(752, '178.86.110.150', '2022-09-28 10:32:36', '2022-09-28 10:32:36'),
(753, '141.94.199.35', '2022-09-28 11:00:07', '2022-09-28 11:00:07'),
(754, '175.110.146.198', '2022-09-28 11:11:39', '2022-09-28 11:11:39'),
(755, '141.94.199.35', '2022-09-28 11:30:08', '2022-09-28 11:30:08'),
(756, '141.94.199.35', '2022-09-28 12:00:08', '2022-09-28 12:00:08'),
(757, '141.94.199.35', '2022-09-28 12:30:08', '2022-09-28 12:30:08'),
(758, '141.94.199.35', '2022-09-28 13:00:08', '2022-09-28 13:00:08'),
(759, '141.94.199.35', '2022-09-28 13:30:08', '2022-09-28 13:30:08'),
(760, '141.94.199.35', '2022-09-28 14:00:08', '2022-09-28 14:00:08'),
(761, '141.94.199.35', '2022-09-28 14:30:08', '2022-09-28 14:30:08'),
(762, '34.205.37.11', '2022-09-28 14:37:30', '2022-09-28 14:37:30'),
(763, '141.94.199.35', '2022-09-28 15:00:08', '2022-09-28 15:00:08'),
(764, '141.94.199.35', '2022-09-28 15:30:08', '2022-09-28 15:30:08'),
(765, '141.94.199.35', '2022-09-28 16:00:08', '2022-09-28 16:00:08'),
(766, '141.94.199.35', '2022-09-28 16:30:08', '2022-09-28 16:30:08'),
(767, '178.86.110.150', '2022-09-28 16:34:48', '2022-09-28 16:34:48'),
(768, '141.94.199.35', '2022-09-28 17:00:08', '2022-09-28 17:00:08'),
(769, '141.94.199.35', '2022-09-28 17:30:08', '2022-09-28 17:30:08'),
(770, '141.94.199.35', '2022-09-28 18:00:08', '2022-09-28 18:00:08'),
(771, '141.94.199.35', '2022-09-28 18:30:08', '2022-09-28 18:30:08'),
(772, '141.94.199.35', '2022-09-28 19:00:08', '2022-09-28 19:00:08'),
(773, '141.94.199.35', '2022-09-28 19:30:08', '2022-09-28 19:30:08'),
(774, '141.94.199.35', '2022-09-28 20:00:09', '2022-09-28 20:00:09'),
(775, '141.94.199.35', '2022-09-28 20:30:08', '2022-09-28 20:30:08'),
(776, '141.94.199.35', '2022-09-28 21:00:07', '2022-09-28 21:00:07'),
(777, '141.94.199.35', '2022-09-28 21:30:07', '2022-09-28 21:30:07'),
(778, '141.94.199.35', '2022-09-28 22:00:06', '2022-09-28 22:00:06'),
(779, '141.94.199.35', '2022-09-28 22:30:06', '2022-09-28 22:30:06'),
(780, '141.94.199.35', '2022-09-28 23:00:07', '2022-09-28 23:00:07'),
(781, '141.94.199.35', '2022-09-28 23:30:07', '2022-09-28 23:30:07'),
(782, '141.94.199.35', '2022-09-29 00:00:07', '2022-09-29 00:00:07'),
(783, '141.94.199.35', '2022-09-29 00:30:07', '2022-09-29 00:30:07'),
(784, '141.94.199.35', '2022-09-29 01:00:07', '2022-09-29 01:00:07'),
(785, '141.94.199.35', '2022-09-29 01:30:07', '2022-09-29 01:30:07'),
(786, '141.94.199.35', '2022-09-29 02:00:07', '2022-09-29 02:00:07'),
(787, '141.94.199.35', '2022-09-29 02:30:07', '2022-09-29 02:30:07'),
(788, '141.94.199.35', '2022-09-29 03:00:06', '2022-09-29 03:00:06'),
(789, '141.94.199.35', '2022-09-29 03:30:06', '2022-09-29 03:30:06'),
(790, '141.94.199.35', '2022-09-29 04:00:07', '2022-09-29 04:00:07'),
(791, '141.94.199.35', '2022-09-29 04:30:07', '2022-09-29 04:30:07'),
(792, '141.94.199.35', '2022-09-29 05:00:07', '2022-09-29 05:00:07'),
(793, '141.94.199.35', '2022-09-29 05:30:07', '2022-09-29 05:30:07'),
(794, '141.94.199.35', '2022-09-29 06:00:07', '2022-09-29 06:00:07'),
(795, '141.94.199.35', '2022-09-29 06:30:07', '2022-09-29 06:30:07'),
(796, '141.94.199.35', '2022-09-29 07:00:07', '2022-09-29 07:00:07'),
(797, '141.94.199.35', '2022-09-29 07:30:07', '2022-09-29 07:30:07'),
(798, '141.94.199.35', '2022-09-29 08:00:07', '2022-09-29 08:00:07'),
(799, '141.94.199.35', '2022-09-29 08:30:07', '2022-09-29 08:30:07'),
(800, '141.94.199.35', '2022-09-29 09:00:07', '2022-09-29 09:00:07'),
(801, '141.94.199.35', '2022-09-29 09:30:07', '2022-09-29 09:30:07'),
(802, '175.110.146.198', '2022-09-29 09:52:55', '2022-09-29 09:52:55'),
(803, '149.154.161.214', '2022-09-29 09:52:58', '2022-09-29 09:52:58'),
(804, '154.134.140.88', '2022-09-29 09:53:05', '2022-09-29 09:53:05'),
(805, '141.94.199.35', '2022-09-29 10:00:06', '2022-09-29 10:00:06'),
(806, '141.94.199.35', '2022-09-29 10:30:07', '2022-09-29 10:30:07'),
(807, '141.94.199.35', '2022-09-29 11:00:07', '2022-09-29 11:00:07'),
(808, '141.94.199.35', '2022-09-29 11:30:07', '2022-09-29 11:30:07'),
(809, '141.94.199.35', '2022-09-29 12:00:07', '2022-09-29 12:00:07'),
(810, '141.94.199.35', '2022-09-29 12:30:07', '2022-09-29 12:30:07'),
(811, '141.94.199.35', '2022-09-29 13:00:06', '2022-09-29 13:00:06'),
(812, '141.94.199.35', '2022-09-29 13:30:07', '2022-09-29 13:30:07'),
(813, '3.238.53.52', '2022-09-29 13:45:04', '2022-09-29 13:45:04'),
(814, '141.94.199.35', '2022-09-29 14:00:06', '2022-09-29 14:00:06'),
(815, '141.94.199.35', '2022-09-29 14:30:06', '2022-09-29 14:30:06'),
(816, '141.94.199.35', '2022-09-29 15:00:06', '2022-09-29 15:00:06'),
(817, '141.94.199.35', '2022-09-29 15:30:07', '2022-09-29 15:30:07'),
(818, '141.94.199.35', '2022-09-29 16:00:07', '2022-09-29 16:00:07'),
(819, '141.94.199.35', '2022-09-29 16:30:06', '2022-09-29 16:30:06'),
(820, '141.94.199.35', '2022-09-29 17:00:07', '2022-09-29 17:00:07'),
(821, '167.94.138.47', '2022-09-29 17:06:00', '2022-09-29 17:06:00'),
(822, '167.94.138.47', '2022-09-29 17:06:00', '2022-09-29 17:06:00'),
(823, '141.94.199.35', '2022-09-29 17:30:07', '2022-09-29 17:30:07'),
(824, '141.94.199.35', '2022-09-29 18:00:07', '2022-09-29 18:00:07'),
(825, '141.94.199.35', '2022-09-29 18:30:09', '2022-09-29 18:30:09'),
(826, '141.94.199.35', '2022-09-29 19:00:07', '2022-09-29 19:00:07'),
(827, '141.94.199.35', '2022-09-29 19:30:07', '2022-09-29 19:30:07'),
(828, '141.94.199.35', '2022-09-29 20:00:07', '2022-09-29 20:00:07'),
(829, '141.94.199.35', '2022-09-29 20:30:07', '2022-09-29 20:30:07'),
(830, '141.94.199.35', '2022-09-29 21:00:07', '2022-09-29 21:00:07'),
(831, '141.94.199.35', '2022-09-29 21:30:07', '2022-09-29 21:30:07'),
(832, '141.94.199.35', '2022-09-29 22:00:08', '2022-09-29 22:00:08'),
(833, '141.94.199.35', '2022-09-29 22:30:07', '2022-09-29 22:30:07'),
(834, '141.94.199.35', '2022-09-29 23:00:08', '2022-09-29 23:00:08'),
(835, '141.94.199.35', '2022-09-29 23:30:07', '2022-09-29 23:30:07'),
(836, '141.94.199.35', '2022-09-30 00:00:07', '2022-09-30 00:00:07'),
(837, '141.94.199.35', '2022-09-30 00:30:07', '2022-09-30 00:30:07'),
(838, '141.94.199.35', '2022-09-30 01:00:07', '2022-09-30 01:00:07'),
(839, '141.94.199.35', '2022-09-30 01:30:06', '2022-09-30 01:30:06'),
(840, '141.94.199.35', '2022-09-30 02:00:07', '2022-09-30 02:00:07'),
(841, '141.94.199.35', '2022-09-30 02:30:07', '2022-09-30 02:30:07'),
(842, '141.94.199.35', '2022-09-30 03:00:07', '2022-09-30 03:00:07'),
(843, '141.94.199.35', '2022-09-30 03:30:07', '2022-09-30 03:30:07'),
(844, '141.94.199.35', '2022-09-30 04:00:07', '2022-09-30 04:00:07'),
(845, '141.94.199.35', '2022-09-30 04:30:07', '2022-09-30 04:30:07'),
(846, '141.94.199.35', '2022-09-30 05:00:06', '2022-09-30 05:00:06'),
(847, '141.94.199.35', '2022-09-30 05:30:07', '2022-09-30 05:30:07'),
(848, '141.94.199.35', '2022-09-30 06:00:07', '2022-09-30 06:00:07'),
(849, '141.94.199.35', '2022-09-30 06:30:07', '2022-09-30 06:30:07'),
(850, '195.201.222.201', '2022-09-30 06:30:42', '2022-09-30 06:30:42'),
(851, '195.201.222.201', '2022-09-30 06:30:43', '2022-09-30 06:30:43'),
(852, '141.94.199.35', '2022-09-30 07:00:07', '2022-09-30 07:00:07'),
(853, '141.94.199.35', '2022-09-30 07:30:07', '2022-09-30 07:30:07'),
(854, '141.94.199.35', '2022-09-30 08:00:11', '2022-09-30 08:00:11'),
(855, '141.94.199.35', '2022-09-30 08:30:11', '2022-09-30 08:30:11'),
(856, '141.94.199.35', '2022-09-30 09:00:07', '2022-09-30 09:00:07'),
(857, '141.94.199.35', '2022-09-30 09:30:07', '2022-09-30 09:30:07'),
(858, '141.94.199.35', '2022-09-30 10:00:06', '2022-09-30 10:00:06'),
(859, '141.94.199.35', '2022-09-30 10:30:11', '2022-09-30 10:30:11'),
(860, '141.94.199.35', '2022-09-30 11:00:06', '2022-09-30 11:00:06'),
(861, '141.94.199.35', '2022-09-30 11:30:06', '2022-09-30 11:30:06'),
(862, '141.94.199.35', '2022-09-30 12:00:07', '2022-09-30 12:00:07'),
(863, '141.94.199.35', '2022-09-30 12:30:07', '2022-09-30 12:30:07'),
(864, '141.94.199.35', '2022-09-30 13:00:07', '2022-09-30 13:00:07'),
(865, '141.94.199.35', '2022-09-30 13:30:07', '2022-09-30 13:30:07'),
(866, '141.94.199.35', '2022-09-30 14:00:07', '2022-09-30 14:00:07'),
(867, '141.94.199.35', '2022-09-30 14:30:06', '2022-09-30 14:30:06'),
(868, '141.94.199.35', '2022-09-30 15:00:07', '2022-09-30 15:00:07'),
(869, '141.94.199.35', '2022-09-30 15:30:06', '2022-09-30 15:30:06'),
(870, '141.94.199.35', '2022-09-30 16:00:07', '2022-09-30 16:00:07'),
(871, '141.94.199.35', '2022-09-30 16:30:07', '2022-09-30 16:30:07'),
(872, '141.94.199.35', '2022-09-30 17:00:07', '2022-09-30 17:00:07'),
(873, '141.94.199.35', '2022-09-30 17:30:07', '2022-09-30 17:30:07'),
(874, '141.94.199.35', '2022-09-30 18:00:07', '2022-09-30 18:00:07'),
(875, '141.94.199.35', '2022-09-30 18:30:07', '2022-09-30 18:30:07'),
(876, '141.94.199.35', '2022-09-30 19:00:07', '2022-09-30 19:00:07'),
(877, '141.94.199.35', '2022-09-30 19:30:07', '2022-09-30 19:30:07'),
(878, '141.94.199.35', '2022-09-30 20:00:07', '2022-09-30 20:00:07'),
(879, '141.94.199.35', '2022-09-30 20:30:07', '2022-09-30 20:30:07'),
(880, '141.94.199.35', '2022-09-30 21:00:04', '2022-09-30 21:00:04'),
(881, '141.94.199.35', '2022-09-30 21:30:04', '2022-09-30 21:30:04'),
(882, '141.94.199.35', '2022-09-30 22:00:04', '2022-09-30 22:00:04'),
(883, '141.94.199.35', '2022-09-30 22:30:04', '2022-09-30 22:30:04'),
(884, '141.94.199.35', '2022-09-30 23:00:04', '2022-09-30 23:00:04'),
(885, '31.167.93.118', '2022-09-30 23:20:08', '2022-09-30 23:20:08'),
(886, '141.94.199.35', '2022-09-30 23:30:04', '2022-09-30 23:30:04'),
(887, '141.94.199.35', '2022-10-01 00:00:04', '2022-10-01 00:00:04'),
(888, '141.94.199.35', '2022-10-01 00:30:04', '2022-10-01 00:30:04'),
(889, '141.94.199.35', '2022-10-01 01:00:04', '2022-10-01 01:00:04'),
(890, '141.94.199.35', '2022-10-01 01:30:04', '2022-10-01 01:30:04'),
(891, '141.94.199.35', '2022-10-01 02:00:04', '2022-10-01 02:00:04'),
(892, '141.94.199.35', '2022-10-01 02:30:04', '2022-10-01 02:30:04'),
(893, '141.94.199.35', '2022-10-01 03:00:04', '2022-10-01 03:00:04'),
(894, '141.94.199.35', '2022-10-01 03:30:04', '2022-10-01 03:30:04'),
(895, '141.94.199.35', '2022-10-01 04:00:04', '2022-10-01 04:00:04'),
(896, '141.94.199.35', '2022-10-01 04:30:04', '2022-10-01 04:30:04'),
(897, '141.94.199.35', '2022-10-01 05:00:04', '2022-10-01 05:00:04'),
(898, '141.94.199.35', '2022-10-01 05:30:04', '2022-10-01 05:30:04'),
(899, '141.94.199.35', '2022-10-01 06:00:04', '2022-10-01 06:00:04'),
(900, '141.94.199.35', '2022-10-01 06:30:04', '2022-10-01 06:30:04'),
(901, '141.94.199.35', '2022-10-01 07:00:04', '2022-10-01 07:00:04'),
(902, '141.94.199.35', '2022-10-01 07:30:04', '2022-10-01 07:30:04'),
(903, '141.94.199.35', '2022-10-01 08:00:04', '2022-10-01 08:00:04'),
(904, '141.94.199.35', '2022-10-01 08:30:04', '2022-10-01 08:30:04'),
(905, '141.94.199.35', '2022-10-01 09:00:04', '2022-10-01 09:00:04'),
(906, '141.94.199.35', '2022-10-01 09:30:04', '2022-10-01 09:30:04'),
(907, '141.94.199.35', '2022-10-01 10:00:04', '2022-10-01 10:00:04'),
(908, '141.94.199.35', '2022-10-01 10:30:04', '2022-10-01 10:30:04'),
(909, '141.94.199.35', '2022-10-01 11:00:03', '2022-10-01 11:00:03'),
(910, '141.94.199.35', '2022-10-01 11:30:04', '2022-10-01 11:30:04'),
(911, '141.94.199.35', '2022-10-01 12:00:03', '2022-10-01 12:00:03'),
(912, '141.94.199.35', '2022-10-01 12:30:04', '2022-10-01 12:30:04'),
(913, '141.94.199.35', '2022-10-01 13:00:04', '2022-10-01 13:00:04'),
(914, '141.94.199.35', '2022-10-01 13:30:04', '2022-10-01 13:30:04'),
(915, '141.94.199.35', '2022-10-01 14:00:04', '2022-10-01 14:00:04'),
(916, '141.94.199.35', '2022-10-01 14:30:04', '2022-10-01 14:30:04'),
(917, '141.94.199.35', '2022-10-01 15:00:04', '2022-10-01 15:00:04'),
(918, '141.94.199.35', '2022-10-01 15:30:04', '2022-10-01 15:30:04'),
(919, '141.94.199.35', '2022-10-01 16:00:04', '2022-10-01 16:00:04'),
(920, '141.94.199.35', '2022-10-01 16:30:04', '2022-10-01 16:30:04'),
(921, '141.94.199.35', '2022-10-01 17:00:04', '2022-10-01 17:00:04'),
(922, '141.94.199.35', '2022-10-01 17:30:04', '2022-10-01 17:30:04'),
(923, '141.94.199.35', '2022-10-01 18:00:04', '2022-10-01 18:00:04'),
(924, '141.94.199.35', '2022-10-01 18:30:03', '2022-10-01 18:30:03'),
(925, '141.94.199.35', '2022-10-01 19:00:04', '2022-10-01 19:00:04'),
(926, '141.94.199.35', '2022-10-01 19:30:04', '2022-10-01 19:30:04'),
(927, '149.154.161.249', '2022-10-01 19:41:47', '2022-10-01 19:41:47'),
(928, '141.94.199.35', '2022-10-01 20:00:04', '2022-10-01 20:00:04'),
(929, '141.94.199.35', '2022-10-01 20:30:04', '2022-10-01 20:30:04'),
(930, '141.94.199.35', '2022-10-01 21:00:07', '2022-10-01 21:00:07'),
(931, '141.94.199.35', '2022-10-01 21:30:07', '2022-10-01 21:30:07'),
(932, '141.94.199.35', '2022-10-01 22:00:07', '2022-10-01 22:00:07'),
(933, '141.94.199.35', '2022-10-01 22:30:07', '2022-10-01 22:30:07'),
(934, '141.94.199.35', '2022-10-01 23:00:07', '2022-10-01 23:00:07'),
(935, '141.94.199.35', '2022-10-01 23:30:07', '2022-10-01 23:30:07'),
(936, '141.94.199.35', '2022-10-02 00:00:07', '2022-10-02 00:00:07'),
(937, '141.94.199.35', '2022-10-02 00:30:06', '2022-10-02 00:30:06'),
(938, '141.94.199.35', '2022-10-02 01:00:07', '2022-10-02 01:00:07'),
(939, '141.94.199.35', '2022-10-02 01:30:07', '2022-10-02 01:30:07'),
(940, '141.94.199.35', '2022-10-02 02:00:07', '2022-10-02 02:00:07'),
(941, '141.94.199.35', '2022-10-02 02:30:06', '2022-10-02 02:30:06'),
(942, '141.94.199.35', '2022-10-02 03:00:07', '2022-10-02 03:00:07'),
(943, '141.94.199.35', '2022-10-02 03:30:07', '2022-10-02 03:30:07'),
(944, '141.94.199.35', '2022-10-02 04:00:07', '2022-10-02 04:00:07'),
(945, '141.94.199.35', '2022-10-02 04:30:07', '2022-10-02 04:30:07'),
(946, '141.94.199.35', '2022-10-02 05:00:07', '2022-10-02 05:00:07'),
(947, '141.94.199.35', '2022-10-02 05:30:07', '2022-10-02 05:30:07'),
(948, '141.94.199.35', '2022-10-02 06:00:08', '2022-10-02 06:00:08'),
(949, '141.94.199.35', '2022-10-02 06:30:07', '2022-10-02 06:30:07'),
(950, '141.94.199.35', '2022-10-02 07:00:08', '2022-10-02 07:00:08'),
(951, '141.94.199.35', '2022-10-02 07:30:07', '2022-10-02 07:30:07'),
(952, '34.227.226.250', '2022-10-02 07:42:08', '2022-10-02 07:42:08'),
(953, '141.94.199.35', '2022-10-02 08:00:07', '2022-10-02 08:00:07'),
(954, '141.94.199.35', '2022-10-02 08:30:08', '2022-10-02 08:30:08'),
(955, '141.94.199.35', '2022-10-02 09:00:07', '2022-10-02 09:00:07'),
(956, '3.235.49.44', '2022-10-02 09:01:02', '2022-10-02 09:01:02'),
(957, '141.94.199.35', '2022-10-02 09:30:07', '2022-10-02 09:30:07'),
(958, '141.94.199.35', '2022-10-02 10:00:07', '2022-10-02 10:00:07'),
(959, '141.94.199.35', '2022-10-02 10:30:07', '2022-10-02 10:30:07'),
(960, '64.65.116.204', '2022-10-02 10:39:35', '2022-10-02 10:39:35'),
(961, '141.94.199.35', '2022-10-02 11:00:07', '2022-10-02 11:00:07'),
(962, '35.170.51.103', '2022-10-02 11:04:41', '2022-10-02 11:04:41'),
(963, '141.94.199.35', '2022-10-02 11:30:07', '2022-10-02 11:30:07'),
(964, '141.94.199.35', '2022-10-02 12:00:07', '2022-10-02 12:00:07'),
(965, '141.94.199.35', '2022-10-02 12:30:08', '2022-10-02 12:30:08'),
(966, '54.166.233.28', '2022-10-02 12:39:45', '2022-10-02 12:39:45'),
(967, '141.94.199.35', '2022-10-02 13:00:07', '2022-10-02 13:00:07'),
(968, '141.94.199.35', '2022-10-02 13:30:07', '2022-10-02 13:30:07'),
(969, '141.94.199.35', '2022-10-02 14:00:07', '2022-10-02 14:00:07'),
(970, '141.94.199.35', '2022-10-02 14:30:07', '2022-10-02 14:30:07'),
(971, '3.84.243.19', '2022-10-02 14:58:31', '2022-10-02 14:58:31'),
(972, '141.94.199.35', '2022-10-02 15:00:07', '2022-10-02 15:00:07'),
(973, '141.94.199.35', '2022-10-02 15:30:07', '2022-10-02 15:30:07'),
(974, '141.94.199.35', '2022-10-02 16:00:07', '2022-10-02 16:00:07'),
(975, '141.94.199.35', '2022-10-02 16:30:07', '2022-10-02 16:30:07'),
(976, '141.94.199.35', '2022-10-02 17:00:07', '2022-10-02 17:00:07'),
(977, '141.94.199.35', '2022-10-02 17:30:07', '2022-10-02 17:30:07'),
(978, '162.142.125.219', '2022-10-02 17:57:59', '2022-10-02 17:57:59'),
(979, '162.142.125.219', '2022-10-02 17:57:59', '2022-10-02 17:57:59'),
(980, '141.94.199.35', '2022-10-02 18:00:12', '2022-10-02 18:00:12'),
(981, '167.94.138.117', '2022-10-02 18:03:47', '2022-10-02 18:03:47'),
(982, '167.94.138.117', '2022-10-02 18:03:48', '2022-10-02 18:03:48'),
(983, '141.94.199.35', '2022-10-02 18:30:12', '2022-10-02 18:30:12'),
(984, '141.94.199.35', '2022-10-02 19:00:07', '2022-10-02 19:00:07'),
(985, '141.94.199.35', '2022-10-02 19:30:08', '2022-10-02 19:30:08'),
(986, '141.94.199.35', '2022-10-02 20:00:07', '2022-10-02 20:00:07'),
(987, '141.94.199.35', '2022-10-02 20:30:07', '2022-10-02 20:30:07'),
(988, '141.94.199.35', '2022-10-02 21:00:03', '2022-10-02 21:00:03'),
(989, '141.94.199.35', '2022-10-02 21:30:04', '2022-10-02 21:30:04'),
(990, '141.94.199.35', '2022-10-02 22:00:04', '2022-10-02 22:00:04'),
(991, '141.94.199.35', '2022-10-02 22:30:03', '2022-10-02 22:30:03'),
(992, '141.94.199.35', '2022-10-02 23:00:03', '2022-10-02 23:00:03'),
(993, '141.94.199.35', '2022-10-02 23:30:04', '2022-10-02 23:30:04'),
(994, '141.94.199.35', '2022-10-03 00:00:04', '2022-10-03 00:00:04'),
(995, '141.94.199.35', '2022-10-03 00:30:04', '2022-10-03 00:30:04'),
(996, '141.94.199.35', '2022-10-03 01:00:04', '2022-10-03 01:00:04'),
(997, '141.94.199.35', '2022-10-03 01:30:04', '2022-10-03 01:30:04'),
(998, '141.94.199.35', '2022-10-03 02:00:03', '2022-10-03 02:00:03'),
(999, '141.94.199.35', '2022-10-03 02:30:04', '2022-10-03 02:30:04'),
(1000, '141.94.199.35', '2022-10-03 03:00:04', '2022-10-03 03:00:04'),
(1001, '141.94.199.35', '2022-10-03 03:30:04', '2022-10-03 03:30:04'),
(1002, '141.94.199.35', '2022-10-03 04:00:04', '2022-10-03 04:00:04'),
(1003, '141.94.199.35', '2022-10-03 04:30:04', '2022-10-03 04:30:04'),
(1004, '141.94.199.35', '2022-10-03 05:00:03', '2022-10-03 05:00:03'),
(1005, '141.94.199.35', '2022-10-03 05:30:04', '2022-10-03 05:30:04'),
(1006, '141.94.199.35', '2022-10-03 06:00:04', '2022-10-03 06:00:04'),
(1007, '141.94.199.35', '2022-10-03 06:30:03', '2022-10-03 06:30:03'),
(1008, '141.94.199.35', '2022-10-03 07:00:04', '2022-10-03 07:00:04'),
(1009, '141.94.199.35', '2022-10-03 07:30:04', '2022-10-03 07:30:04'),
(1010, '141.94.199.35', '2022-10-03 08:00:04', '2022-10-03 08:00:04'),
(1011, '141.94.199.35', '2022-10-03 08:30:04', '2022-10-03 08:30:04'),
(1012, '141.94.199.35', '2022-10-03 09:00:04', '2022-10-03 09:00:04'),
(1013, '141.94.199.35', '2022-10-03 09:30:04', '2022-10-03 09:30:04'),
(1014, '141.94.199.35', '2022-10-03 10:00:04', '2022-10-03 10:00:04'),
(1015, '141.94.199.35', '2022-10-03 10:30:04', '2022-10-03 10:30:04'),
(1016, '141.94.199.35', '2022-10-03 11:00:04', '2022-10-03 11:00:04'),
(1017, '141.94.199.35', '2022-10-03 11:30:04', '2022-10-03 11:30:04'),
(1018, '141.94.199.35', '2022-10-03 12:00:03', '2022-10-03 12:00:03'),
(1019, '54.211.141.220', '2022-10-03 12:19:24', '2022-10-03 12:19:24'),
(1020, '141.94.199.35', '2022-10-03 12:30:04', '2022-10-03 12:30:04'),
(1021, '141.94.199.35', '2022-10-03 13:00:04', '2022-10-03 13:00:04'),
(1022, '141.94.199.35', '2022-10-03 13:30:03', '2022-10-03 13:30:03'),
(1023, '141.94.199.35', '2022-10-03 14:00:04', '2022-10-03 14:00:04'),
(1024, '102.42.95.50', '2022-10-03 14:00:07', '2022-10-03 14:00:07'),
(1025, '141.94.199.35', '2022-10-03 14:30:03', '2022-10-03 14:30:03'),
(1026, '141.94.199.35', '2022-10-03 15:00:04', '2022-10-03 15:00:04'),
(1027, '154.128.241.50', '2022-10-03 15:03:52', '2022-10-03 15:03:52'),
(1028, '141.94.199.35', '2022-10-03 15:30:04', '2022-10-03 15:30:04'),
(1029, '141.94.199.35', '2022-10-03 16:00:03', '2022-10-03 16:00:03'),
(1030, '141.94.199.35', '2022-10-03 16:30:04', '2022-10-03 16:30:04'),
(1031, '141.94.199.35', '2022-10-03 17:00:04', '2022-10-03 17:00:04'),
(1032, '102.42.95.50', '2022-10-03 17:20:31', '2022-10-03 17:20:31'),
(1033, '141.94.199.35', '2022-10-03 17:30:04', '2022-10-03 17:30:04'),
(1034, '141.94.199.35', '2022-10-03 18:00:04', '2022-10-03 18:00:04'),
(1035, '3.93.182.57', '2022-10-03 18:18:20', '2022-10-03 18:18:20'),
(1036, '141.94.199.35', '2022-10-03 18:30:04', '2022-10-03 18:30:04'),
(1037, '141.94.199.35', '2022-10-03 19:00:04', '2022-10-03 19:00:04'),
(1038, '141.94.199.35', '2022-10-03 19:30:04', '2022-10-03 19:30:04'),
(1039, '141.94.199.35', '2022-10-03 20:00:04', '2022-10-03 20:00:04'),
(1040, '141.94.199.35', '2022-10-03 20:30:04', '2022-10-03 20:30:04'),
(1041, '141.94.199.35', '2022-10-03 21:00:06', '2022-10-03 21:00:06'),
(1042, '141.94.199.35', '2022-10-03 21:30:06', '2022-10-03 21:30:06'),
(1043, '141.94.199.35', '2022-10-03 22:00:06', '2022-10-03 22:00:06'),
(1044, '141.94.199.35', '2022-10-03 22:30:06', '2022-10-03 22:30:06'),
(1045, '141.94.199.35', '2022-10-03 23:00:06', '2022-10-03 23:00:06'),
(1046, '141.94.199.35', '2022-10-03 23:30:06', '2022-10-03 23:30:06'),
(1047, '141.94.199.35', '2022-10-04 00:00:07', '2022-10-04 00:00:07'),
(1048, '141.94.199.35', '2022-10-04 00:30:06', '2022-10-04 00:30:06'),
(1049, '141.94.199.35', '2022-10-04 01:00:06', '2022-10-04 01:00:06'),
(1050, '141.94.199.35', '2022-10-04 01:30:07', '2022-10-04 01:30:07'),
(1051, '141.94.199.35', '2022-10-04 02:00:07', '2022-10-04 02:00:07'),
(1052, '141.94.199.35', '2022-10-04 02:30:22', '2022-10-04 02:30:22'),
(1053, '141.94.199.35', '2022-10-04 03:00:06', '2022-10-04 03:00:06'),
(1054, '141.94.199.35', '2022-10-04 03:30:06', '2022-10-04 03:30:06'),
(1055, '141.94.199.35', '2022-10-04 04:00:39', '2022-10-04 04:00:39'),
(1056, '141.94.199.35', '2022-10-04 04:30:07', '2022-10-04 04:30:07'),
(1057, '141.94.199.35', '2022-10-04 05:00:06', '2022-10-04 05:00:06'),
(1058, '141.94.199.35', '2022-10-04 05:30:06', '2022-10-04 05:30:06'),
(1059, '141.94.199.35', '2022-10-04 06:00:06', '2022-10-04 06:00:06'),
(1060, '141.94.199.35', '2022-10-04 06:30:07', '2022-10-04 06:30:07'),
(1061, '141.94.199.35', '2022-10-04 07:00:07', '2022-10-04 07:00:07'),
(1062, '141.94.199.35', '2022-10-04 07:30:07', '2022-10-04 07:30:07'),
(1063, '141.94.199.35', '2022-10-04 08:00:06', '2022-10-04 08:00:06'),
(1064, '141.94.199.35', '2022-10-04 08:30:07', '2022-10-04 08:30:07'),
(1065, '54.224.94.105', '2022-10-04 08:55:30', '2022-10-04 08:55:30'),
(1066, '141.94.199.35', '2022-10-04 09:00:06', '2022-10-04 09:00:06'),
(1067, '141.94.199.35', '2022-10-04 09:30:06', '2022-10-04 09:30:06'),
(1068, '141.94.199.35', '2022-10-04 10:00:07', '2022-10-04 10:00:07'),
(1069, '156.217.69.40', '2022-10-04 10:13:15', '2022-10-04 10:13:15'),
(1070, '141.94.199.35', '2022-10-04 10:30:07', '2022-10-04 10:30:07'),
(1071, '196.155.220.231', '2022-10-04 10:39:30', '2022-10-04 10:39:30'),
(1072, '102.42.95.50', '2022-10-04 10:40:33', '2022-10-04 10:40:33'),
(1073, '141.94.199.35', '2022-10-04 11:00:07', '2022-10-04 11:00:07'),
(1074, '141.94.199.35', '2022-10-04 11:30:07', '2022-10-04 11:30:07'),
(1075, '141.94.199.35', '2022-10-04 12:00:06', '2022-10-04 12:00:06'),
(1076, '141.94.199.35', '2022-10-04 12:30:07', '2022-10-04 12:30:07'),
(1077, '141.94.199.35', '2022-10-04 13:00:07', '2022-10-04 13:00:07'),
(1078, '141.94.199.35', '2022-10-04 13:30:06', '2022-10-04 13:30:06'),
(1079, '34.227.226.250', '2022-10-04 13:44:42', '2022-10-04 13:44:42'),
(1080, '141.94.199.35', '2022-10-04 14:00:07', '2022-10-04 14:00:07'),
(1081, '102.42.95.50', '2022-10-04 14:00:31', '2022-10-04 14:00:31'),
(1082, '154.133.140.168', '2022-10-04 14:10:25', '2022-10-04 14:10:25'),
(1083, '141.94.199.35', '2022-10-04 14:30:07', '2022-10-04 14:30:07'),
(1084, '141.94.199.35', '2022-10-04 15:00:06', '2022-10-04 15:00:06'),
(1085, '54.147.0.106', '2022-10-04 15:15:39', '2022-10-04 15:15:39'),
(1086, '141.94.199.35', '2022-10-04 15:30:07', '2022-10-04 15:30:07'),
(1087, '141.94.199.35', '2022-10-04 16:00:06', '2022-10-04 16:00:06'),
(1088, '151.254.230.185', '2022-10-04 16:05:19', '2022-10-04 16:05:19'),
(1089, '141.94.199.35', '2022-10-04 16:30:07', '2022-10-04 16:30:07'),
(1090, '141.94.199.35', '2022-10-04 17:00:07', '2022-10-04 17:00:07'),
(1091, '141.94.199.35', '2022-10-04 17:30:06', '2022-10-04 17:30:06'),
(1092, '141.94.199.35', '2022-10-04 18:00:07', '2022-10-04 18:00:07'),
(1093, '141.94.199.35', '2022-10-04 18:30:07', '2022-10-04 18:30:07'),
(1094, '141.94.199.35', '2022-10-04 19:00:07', '2022-10-04 19:00:07'),
(1095, '141.94.199.35', '2022-10-04 19:30:06', '2022-10-04 19:30:06'),
(1096, '142.93.190.254', '2022-10-04 19:44:48', '2022-10-04 19:44:48'),
(1097, '141.94.199.35', '2022-10-04 20:00:07', '2022-10-04 20:00:07'),
(1098, '141.94.199.35', '2022-10-04 20:30:06', '2022-10-04 20:30:06'),
(1099, '141.94.199.35', '2022-10-04 21:00:08', '2022-10-04 21:00:08'),
(1100, '141.94.199.35', '2022-10-04 21:30:08', '2022-10-04 21:30:08'),
(1101, '141.94.199.35', '2022-10-04 22:00:08', '2022-10-04 22:00:08'),
(1102, '141.94.199.35', '2022-10-04 22:30:08', '2022-10-04 22:30:08'),
(1103, '141.94.199.35', '2022-10-04 23:00:08', '2022-10-04 23:00:08'),
(1104, '141.94.199.35', '2022-10-04 23:30:08', '2022-10-04 23:30:08'),
(1105, '141.94.199.35', '2022-10-05 00:00:08', '2022-10-05 00:00:08'),
(1106, '141.94.199.35', '2022-10-05 00:30:08', '2022-10-05 00:30:08'),
(1107, '141.94.199.35', '2022-10-05 01:00:08', '2022-10-05 01:00:08'),
(1108, '141.94.199.35', '2022-10-05 01:30:11', '2022-10-05 01:30:11'),
(1109, '141.94.199.35', '2022-10-05 02:00:09', '2022-10-05 02:00:09'),
(1110, '141.94.199.35', '2022-10-05 02:32:40', '2022-10-05 02:32:40'),
(1111, '141.94.199.35', '2022-10-05 03:00:07', '2022-10-05 03:00:07'),
(1112, '141.94.199.35', '2022-10-05 03:30:08', '2022-10-05 03:30:08'),
(1113, '141.94.199.35', '2022-10-05 04:00:26', '2022-10-05 04:00:26'),
(1114, '141.94.199.35', '2022-10-05 05:00:08', '2022-10-05 05:00:08'),
(1115, '141.94.199.35', '2022-10-05 05:30:08', '2022-10-05 05:30:08'),
(1116, '141.94.199.35', '2022-10-05 06:00:08', '2022-10-05 06:00:08'),
(1117, '141.94.199.35', '2022-10-05 06:30:09', '2022-10-05 06:30:09'),
(1118, '141.94.199.35', '2022-10-05 07:00:08', '2022-10-05 07:00:08'),
(1119, '141.94.199.35', '2022-10-05 07:30:08', '2022-10-05 07:30:08'),
(1120, '54.211.141.220', '2022-10-05 07:44:22', '2022-10-05 07:44:22'),
(1121, '141.94.199.35', '2022-10-05 08:00:11', '2022-10-05 08:00:11'),
(1122, '151.255.141.133', '2022-10-05 08:07:14', '2022-10-05 08:07:14'),
(1123, '141.94.199.35', '2022-10-05 08:30:08', '2022-10-05 08:30:08'),
(1124, '141.94.199.35', '2022-10-05 09:00:08', '2022-10-05 09:00:08'),
(1125, '141.94.199.35', '2022-10-05 09:30:08', '2022-10-05 09:30:08'),
(1126, '154.133.104.73', '2022-10-05 09:56:07', '2022-10-05 09:56:07'),
(1127, '141.94.199.35', '2022-10-05 10:00:08', '2022-10-05 10:00:08'),
(1128, '141.94.199.35', '2022-10-05 10:30:08', '2022-10-05 10:30:08'),
(1129, '141.94.199.35', '2022-10-05 11:00:12', '2022-10-05 11:00:12'),
(1130, '141.94.199.35', '2022-10-05 11:30:08', '2022-10-05 11:30:08'),
(1131, '141.94.199.35', '2022-10-05 12:00:08', '2022-10-05 12:00:08'),
(1132, '141.94.199.35', '2022-10-05 12:30:08', '2022-10-05 12:30:08'),
(1133, '141.94.199.35', '2022-10-05 13:00:08', '2022-10-05 13:00:08'),
(1134, '141.94.199.35', '2022-10-05 13:30:09', '2022-10-05 13:30:09'),
(1135, '141.94.199.35', '2022-10-05 14:00:08', '2022-10-05 14:00:08'),
(1136, '141.94.199.35', '2022-10-05 14:30:08', '2022-10-05 14:30:08'),
(1137, '141.94.199.35', '2022-10-05 15:00:08', '2022-10-05 15:00:08'),
(1138, '141.94.199.35', '2022-10-05 15:30:08', '2022-10-05 15:30:08'),
(1139, '141.94.199.35', '2022-10-05 16:00:08', '2022-10-05 16:00:08'),
(1140, '141.94.199.35', '2022-10-05 16:30:08', '2022-10-05 16:30:08'),
(1141, '141.94.199.35', '2022-10-05 17:00:08', '2022-10-05 17:00:08'),
(1142, '64.65.97.119', '2022-10-05 17:08:09', '2022-10-05 17:08:09'),
(1143, '141.94.199.35', '2022-10-05 17:30:08', '2022-10-05 17:30:08'),
(1144, '141.94.199.35', '2022-10-05 18:00:08', '2022-10-05 18:00:08'),
(1145, '141.94.199.35', '2022-10-05 18:30:08', '2022-10-05 18:30:08'),
(1146, '141.94.199.35', '2022-10-05 19:00:12', '2022-10-05 19:00:12'),
(1147, '141.94.199.35', '2022-10-05 19:30:08', '2022-10-05 19:30:08'),
(1148, '141.94.199.35', '2022-10-05 20:00:08', '2022-10-05 20:00:08'),
(1149, '141.94.199.35', '2022-10-05 20:30:13', '2022-10-05 20:30:13'),
(1150, '141.94.199.35', '2022-10-05 21:00:08', '2022-10-05 21:00:08'),
(1151, '141.94.199.35', '2022-10-05 21:30:08', '2022-10-05 21:30:08'),
(1152, '141.94.199.35', '2022-10-05 22:00:08', '2022-10-05 22:00:08'),
(1153, '141.94.199.35', '2022-10-05 22:30:08', '2022-10-05 22:30:08'),
(1154, '141.94.199.35', '2022-10-05 23:00:08', '2022-10-05 23:00:08'),
(1155, '141.94.199.35', '2022-10-05 23:30:08', '2022-10-05 23:30:08'),
(1156, '141.94.199.35', '2022-10-06 00:00:08', '2022-10-06 00:00:08'),
(1157, '141.94.199.35', '2022-10-06 00:30:08', '2022-10-06 00:30:08'),
(1158, '141.94.199.35', '2022-10-06 01:00:09', '2022-10-06 01:00:09'),
(1159, '141.94.199.35', '2022-10-06 01:30:09', '2022-10-06 01:30:09'),
(1160, '65.154.226.169', '2022-10-06 01:46:29', '2022-10-06 01:46:29'),
(1161, '141.94.199.35', '2022-10-06 02:00:09', '2022-10-06 02:00:09'),
(1162, '141.94.199.35', '2022-10-06 02:30:10', '2022-10-06 02:30:10'),
(1163, '141.94.199.35', '2022-10-06 03:00:11', '2022-10-06 03:00:11'),
(1164, '141.94.199.35', '2022-10-06 03:30:09', '2022-10-06 03:30:09'),
(1165, '141.94.199.35', '2022-10-06 04:00:08', '2022-10-06 04:00:08'),
(1166, '141.94.199.35', '2022-10-06 04:30:08', '2022-10-06 04:30:08'),
(1167, '141.94.199.35', '2022-10-06 05:00:08', '2022-10-06 05:00:08'),
(1168, '141.94.199.35', '2022-10-06 05:30:08', '2022-10-06 05:30:08'),
(1169, '141.94.199.35', '2022-10-06 06:00:08', '2022-10-06 06:00:08'),
(1170, '141.94.199.35', '2022-10-06 06:30:08', '2022-10-06 06:30:08'),
(1171, '141.94.199.35', '2022-10-06 07:00:09', '2022-10-06 07:00:09'),
(1172, '141.94.199.35', '2022-10-06 07:30:08', '2022-10-06 07:30:08'),
(1173, '141.94.199.35', '2022-10-06 08:00:11', '2022-10-06 08:00:11'),
(1174, '141.94.199.35', '2022-10-06 08:30:08', '2022-10-06 08:30:08'),
(1175, '141.94.199.35', '2022-10-06 09:00:08', '2022-10-06 09:00:08'),
(1176, '93.169.233.162', '2022-10-06 09:14:51', '2022-10-06 09:14:51'),
(1177, '141.94.199.35', '2022-10-06 09:30:09', '2022-10-06 09:30:09'),
(1178, '141.94.199.35', '2022-10-06 10:00:08', '2022-10-06 10:00:08'),
(1179, '141.94.199.35', '2022-10-06 10:30:08', '2022-10-06 10:30:08'),
(1180, '141.94.199.35', '2022-10-06 11:00:08', '2022-10-06 11:00:08'),
(1181, '141.94.199.35', '2022-10-06 11:30:09', '2022-10-06 11:30:09'),
(1182, '3.236.136.110', '2022-10-06 11:52:41', '2022-10-06 11:52:41'),
(1183, '141.94.199.35', '2022-10-06 12:00:08', '2022-10-06 12:00:08'),
(1184, '141.94.199.35', '2022-10-06 12:30:08', '2022-10-06 12:30:08'),
(1185, '141.94.199.35', '2022-10-06 13:00:08', '2022-10-06 13:00:08'),
(1186, '141.94.199.35', '2022-10-06 13:30:09', '2022-10-06 13:30:09'),
(1187, '141.94.199.35', '2022-10-06 14:00:08', '2022-10-06 14:00:08'),
(1188, '141.94.199.35', '2022-10-06 14:30:08', '2022-10-06 14:30:08'),
(1189, '141.94.199.35', '2022-10-06 15:00:08', '2022-10-06 15:00:08'),
(1190, '141.94.199.35', '2022-10-06 15:30:08', '2022-10-06 15:30:08'),
(1191, '141.94.199.35', '2022-10-06 16:00:08', '2022-10-06 16:00:08'),
(1192, '141.94.199.35', '2022-10-06 16:30:09', '2022-10-06 16:30:09'),
(1193, '141.94.199.35', '2022-10-06 17:00:11', '2022-10-06 17:00:11'),
(1194, '141.94.199.35', '2022-10-06 17:30:08', '2022-10-06 17:30:08'),
(1195, '162.142.125.10', '2022-10-06 17:41:56', '2022-10-06 17:41:56'),
(1196, '162.142.125.10', '2022-10-06 17:41:56', '2022-10-06 17:41:56'),
(1197, '141.94.199.35', '2022-10-06 18:00:08', '2022-10-06 18:00:08'),
(1198, '141.94.199.35', '2022-10-06 18:30:08', '2022-10-06 18:30:08'),
(1199, '141.94.199.35', '2022-10-06 19:00:09', '2022-10-06 19:00:09'),
(1200, '141.94.199.35', '2022-10-06 19:30:08', '2022-10-06 19:30:08'),
(1201, '141.94.199.35', '2022-10-06 20:00:08', '2022-10-06 20:00:08'),
(1202, '141.94.199.35', '2022-10-06 20:30:09', '2022-10-06 20:30:09'),
(1203, '141.94.199.35', '2022-10-06 21:00:04', '2022-10-06 21:00:04'),
(1204, '141.94.199.35', '2022-10-06 21:30:04', '2022-10-06 21:30:04'),
(1205, '141.94.199.35', '2022-10-06 22:00:04', '2022-10-06 22:00:04'),
(1206, '141.94.199.35', '2022-10-06 22:30:04', '2022-10-06 22:30:04'),
(1207, '141.94.199.35', '2022-10-06 23:00:04', '2022-10-06 23:00:04'),
(1208, '141.94.199.35', '2022-10-06 23:30:04', '2022-10-06 23:30:04'),
(1209, '141.94.199.35', '2022-10-07 00:00:03', '2022-10-07 00:00:03'),
(1210, '141.94.199.35', '2022-10-07 00:30:04', '2022-10-07 00:30:04'),
(1211, '141.94.199.35', '2022-10-07 01:00:03', '2022-10-07 01:00:03'),
(1212, '141.94.199.35', '2022-10-07 01:30:03', '2022-10-07 01:30:03'),
(1213, '141.94.199.35', '2022-10-07 02:00:04', '2022-10-07 02:00:04'),
(1214, '141.94.199.35', '2022-10-07 02:30:04', '2022-10-07 02:30:04'),
(1215, '141.94.199.35', '2022-10-07 03:00:03', '2022-10-07 03:00:03'),
(1216, '141.94.199.35', '2022-10-07 03:30:03', '2022-10-07 03:30:03'),
(1217, '141.94.199.35', '2022-10-07 04:00:04', '2022-10-07 04:00:04'),
(1218, '141.94.199.35', '2022-10-07 04:30:04', '2022-10-07 04:30:04'),
(1219, '141.94.199.35', '2022-10-07 05:00:03', '2022-10-07 05:00:03'),
(1220, '141.94.199.35', '2022-10-07 05:30:04', '2022-10-07 05:30:04'),
(1221, '141.94.199.35', '2022-10-07 06:00:04', '2022-10-07 06:00:04'),
(1222, '141.94.199.35', '2022-10-07 06:30:03', '2022-10-07 06:30:03'),
(1223, '141.94.199.35', '2022-10-07 07:00:04', '2022-10-07 07:00:04'),
(1224, '141.94.199.35', '2022-10-07 07:30:04', '2022-10-07 07:30:04'),
(1225, '141.94.199.35', '2022-10-07 08:00:03', '2022-10-07 08:00:03'),
(1226, '141.94.199.35', '2022-10-07 08:30:04', '2022-10-07 08:30:04'),
(1227, '141.94.199.35', '2022-10-07 09:00:04', '2022-10-07 09:00:04'),
(1228, '141.94.199.35', '2022-10-07 09:30:04', '2022-10-07 09:30:04'),
(1229, '141.94.199.35', '2022-10-07 10:00:04', '2022-10-07 10:00:04'),
(1230, '141.94.199.35', '2022-10-07 10:30:04', '2022-10-07 10:30:04'),
(1231, '141.94.199.35', '2022-10-07 11:00:04', '2022-10-07 11:00:04'),
(1232, '141.94.199.35', '2022-10-07 11:30:03', '2022-10-07 11:30:03'),
(1233, '141.94.199.35', '2022-10-07 12:00:04', '2022-10-07 12:00:04'),
(1234, '141.94.199.35', '2022-10-07 12:30:03', '2022-10-07 12:30:03'),
(1235, '141.94.199.35', '2022-10-07 13:00:03', '2022-10-07 13:00:03'),
(1236, '141.94.199.35', '2022-10-07 13:30:03', '2022-10-07 13:30:03'),
(1237, '141.94.199.35', '2022-10-07 14:00:04', '2022-10-07 14:00:04'),
(1238, '141.94.199.35', '2022-10-07 14:30:04', '2022-10-07 14:30:04'),
(1239, '141.94.199.35', '2022-10-07 15:00:04', '2022-10-07 15:00:04'),
(1240, '141.94.199.35', '2022-10-07 15:30:04', '2022-10-07 15:30:04'),
(1241, '141.94.199.35', '2022-10-07 16:00:04', '2022-10-07 16:00:04'),
(1242, '141.94.199.35', '2022-10-07 16:30:04', '2022-10-07 16:30:04'),
(1243, '141.94.199.35', '2022-10-07 17:00:04', '2022-10-07 17:00:04'),
(1244, '167.248.133.44', '2022-10-07 17:27:46', '2022-10-07 17:27:46'),
(1245, '167.248.133.44', '2022-10-07 17:27:46', '2022-10-07 17:27:46'),
(1246, '141.94.199.35', '2022-10-07 17:30:04', '2022-10-07 17:30:04'),
(1247, '141.94.199.35', '2022-10-07 18:00:04', '2022-10-07 18:00:04'),
(1248, '141.94.199.35', '2022-10-07 18:30:04', '2022-10-07 18:30:04'),
(1249, '141.94.199.35', '2022-10-07 19:00:03', '2022-10-07 19:00:03'),
(1250, '141.94.199.35', '2022-10-07 19:30:03', '2022-10-07 19:30:03'),
(1251, '141.94.199.35', '2022-10-07 20:00:04', '2022-10-07 20:00:04'),
(1252, '141.94.199.35', '2022-10-07 20:30:03', '2022-10-07 20:30:03'),
(1253, '141.94.199.35', '2022-10-07 21:00:04', '2022-10-07 21:00:04'),
(1254, '141.94.199.35', '2022-10-07 21:30:04', '2022-10-07 21:30:04'),
(1255, '164.132.63.146', '2022-10-07 21:51:38', '2022-10-07 21:51:38'),
(1256, '141.94.199.35', '2022-10-07 22:00:04', '2022-10-07 22:00:04'),
(1257, '141.94.199.35', '2022-10-07 22:30:04', '2022-10-07 22:30:04'),
(1258, '141.94.199.35', '2022-10-07 23:00:04', '2022-10-07 23:00:04'),
(1259, '141.94.199.35', '2022-10-07 23:30:04', '2022-10-07 23:30:04'),
(1260, '141.94.199.35', '2022-10-08 00:00:05', '2022-10-08 00:00:05'),
(1261, '141.94.199.35', '2022-10-08 00:30:04', '2022-10-08 00:30:04'),
(1262, '141.94.199.35', '2022-10-08 01:00:05', '2022-10-08 01:00:05'),
(1263, '141.94.199.35', '2022-10-08 01:30:05', '2022-10-08 01:30:05'),
(1264, '141.94.199.35', '2022-10-08 02:00:04', '2022-10-08 02:00:04'),
(1265, '141.94.199.35', '2022-10-08 02:30:04', '2022-10-08 02:30:04'),
(1266, '141.94.199.35', '2022-10-08 03:00:04', '2022-10-08 03:00:04'),
(1267, '141.94.199.35', '2022-10-08 03:30:05', '2022-10-08 03:30:05'),
(1268, '141.94.199.35', '2022-10-08 04:00:04', '2022-10-08 04:00:04'),
(1269, '141.94.199.35', '2022-10-08 04:30:05', '2022-10-08 04:30:05'),
(1270, '141.94.199.35', '2022-10-08 05:00:04', '2022-10-08 05:00:04'),
(1271, '167.172.225.87', '2022-10-08 05:24:01', '2022-10-08 05:24:01'),
(1272, '141.94.199.35', '2022-10-08 05:30:04', '2022-10-08 05:30:04'),
(1273, '141.94.199.35', '2022-10-08 06:00:04', '2022-10-08 06:00:04'),
(1274, '141.94.199.35', '2022-10-08 06:30:04', '2022-10-08 06:30:04'),
(1275, '141.94.199.35', '2022-10-08 07:00:04', '2022-10-08 07:00:04'),
(1276, '167.71.185.185', '2022-10-08 07:13:27', '2022-10-08 07:13:27'),
(1277, '141.94.199.35', '2022-10-08 07:30:04', '2022-10-08 07:30:04'),
(1278, '141.94.199.35', '2022-10-08 08:00:05', '2022-10-08 08:00:05'),
(1279, '141.94.199.35', '2022-10-08 08:30:04', '2022-10-08 08:30:04'),
(1280, '164.132.63.146', '2022-10-08 08:43:59', '2022-10-08 08:43:59'),
(1281, '141.94.199.35', '2022-10-08 09:00:05', '2022-10-08 09:00:05'),
(1282, '141.94.199.35', '2022-10-08 09:30:05', '2022-10-08 09:30:05'),
(1283, '141.94.199.35', '2022-10-08 10:00:04', '2022-10-08 10:00:04'),
(1284, '141.94.199.35', '2022-10-08 10:30:04', '2022-10-08 10:30:04'),
(1285, '141.94.199.35', '2022-10-08 11:00:05', '2022-10-08 11:00:05'),
(1286, '141.94.199.35', '2022-10-08 11:30:04', '2022-10-08 11:30:04'),
(1287, '141.94.199.35', '2022-10-08 12:00:05', '2022-10-08 12:00:05'),
(1288, '141.94.199.35', '2022-10-08 12:30:04', '2022-10-08 12:30:04'),
(1289, '141.94.199.35', '2022-10-08 13:00:04', '2022-10-08 13:00:04'),
(1290, '141.94.199.35', '2022-10-08 13:30:04', '2022-10-08 13:30:04'),
(1291, '141.94.199.35', '2022-10-08 14:00:05', '2022-10-08 14:00:05'),
(1292, '141.94.199.35', '2022-10-08 14:30:04', '2022-10-08 14:30:04'),
(1293, '141.94.199.35', '2022-10-08 15:00:04', '2022-10-08 15:00:04'),
(1294, '141.94.199.35', '2022-10-08 15:30:04', '2022-10-08 15:30:04'),
(1295, '141.94.199.35', '2022-10-08 16:00:04', '2022-10-08 16:00:04'),
(1296, '141.94.199.35', '2022-10-08 16:30:04', '2022-10-08 16:30:04'),
(1297, '141.94.199.35', '2022-10-08 17:00:04', '2022-10-08 17:00:04'),
(1298, '141.94.199.35', '2022-10-08 17:30:04', '2022-10-08 17:30:04'),
(1299, '141.94.199.35', '2022-10-08 18:00:04', '2022-10-08 18:00:04'),
(1300, '141.94.199.35', '2022-10-08 18:30:05', '2022-10-08 18:30:05'),
(1301, '141.94.199.35', '2022-10-08 19:00:05', '2022-10-08 19:00:05'),
(1302, '141.94.199.35', '2022-10-08 19:30:04', '2022-10-08 19:30:04'),
(1303, '141.94.199.35', '2022-10-08 20:00:04', '2022-10-08 20:00:04'),
(1304, '141.94.199.35', '2022-10-08 20:30:05', '2022-10-08 20:30:05'),
(1305, '141.94.199.35', '2022-10-08 21:00:04', '2022-10-08 21:00:04'),
(1306, '141.94.199.35', '2022-10-08 21:30:04', '2022-10-08 21:30:04'),
(1307, '141.94.199.35', '2022-10-08 22:00:04', '2022-10-08 22:00:04'),
(1308, '141.94.199.35', '2022-10-08 22:30:04', '2022-10-08 22:30:04'),
(1309, '141.94.199.35', '2022-10-08 23:00:04', '2022-10-08 23:00:04'),
(1310, '141.94.199.35', '2022-10-08 23:30:04', '2022-10-08 23:30:04'),
(1311, '141.94.199.35', '2022-10-09 00:00:04', '2022-10-09 00:00:04'),
(1312, '141.94.199.35', '2022-10-09 00:30:04', '2022-10-09 00:30:04'),
(1313, '141.94.199.35', '2022-10-09 01:00:04', '2022-10-09 01:00:04'),
(1314, '141.94.199.35', '2022-10-09 01:30:04', '2022-10-09 01:30:04'),
(1315, '141.94.199.35', '2022-10-09 02:00:04', '2022-10-09 02:00:04'),
(1316, '141.94.199.35', '2022-10-09 02:30:04', '2022-10-09 02:30:04'),
(1317, '141.94.199.35', '2022-10-09 03:00:04', '2022-10-09 03:00:04'),
(1318, '141.94.199.35', '2022-10-09 03:30:04', '2022-10-09 03:30:04'),
(1319, '141.94.199.35', '2022-10-09 04:00:03', '2022-10-09 04:00:03'),
(1320, '141.94.199.35', '2022-10-09 04:30:04', '2022-10-09 04:30:04'),
(1321, '141.94.199.35', '2022-10-09 05:00:04', '2022-10-09 05:00:04'),
(1322, '141.94.199.35', '2022-10-09 05:30:04', '2022-10-09 05:30:04'),
(1323, '141.94.199.35', '2022-10-09 06:00:03', '2022-10-09 06:00:03'),
(1324, '141.94.199.35', '2022-10-09 06:30:03', '2022-10-09 06:30:03'),
(1325, '3.83.149.198', '2022-10-09 06:56:03', '2022-10-09 06:56:03'),
(1326, '141.94.199.35', '2022-10-09 07:00:04', '2022-10-09 07:00:04'),
(1327, '141.94.199.35', '2022-10-09 07:30:04', '2022-10-09 07:30:04'),
(1328, '141.94.199.35', '2022-10-09 08:00:03', '2022-10-09 08:00:03'),
(1329, '141.94.199.35', '2022-10-09 08:30:04', '2022-10-09 08:30:04'),
(1330, '141.94.199.35', '2022-10-09 09:00:04', '2022-10-09 09:00:04'),
(1331, '141.94.199.35', '2022-10-09 09:30:04', '2022-10-09 09:30:04'),
(1332, '141.94.199.35', '2022-10-09 10:00:04', '2022-10-09 10:00:04'),
(1333, '141.94.199.35', '2022-10-09 10:30:03', '2022-10-09 10:30:03'),
(1334, '3.231.60.29', '2022-10-09 10:35:27', '2022-10-09 10:35:27'),
(1335, '141.94.199.35', '2022-10-09 11:00:04', '2022-10-09 11:00:04'),
(1336, '141.94.199.35', '2022-10-09 11:30:04', '2022-10-09 11:30:04'),
(1337, '141.94.199.35', '2022-10-09 12:00:04', '2022-10-09 12:00:04'),
(1338, '141.94.199.35', '2022-10-09 12:30:04', '2022-10-09 12:30:04'),
(1339, '141.94.199.35', '2022-10-09 13:00:04', '2022-10-09 13:00:04'),
(1340, '141.94.199.35', '2022-10-09 13:30:04', '2022-10-09 13:30:04'),
(1341, '141.94.199.35', '2022-10-09 14:00:04', '2022-10-09 14:00:04'),
(1342, '141.94.199.35', '2022-10-09 14:30:04', '2022-10-09 14:30:04'),
(1343, '141.94.199.35', '2022-10-09 15:00:04', '2022-10-09 15:00:04'),
(1344, '141.94.199.35', '2022-10-09 15:30:04', '2022-10-09 15:30:04'),
(1345, '141.94.199.35', '2022-10-09 16:00:04', '2022-10-09 16:00:04'),
(1346, '141.94.199.35', '2022-10-09 16:30:04', '2022-10-09 16:30:04'),
(1347, '141.94.199.35', '2022-10-09 17:00:04', '2022-10-09 17:00:04'),
(1348, '141.94.199.35', '2022-10-09 17:30:03', '2022-10-09 17:30:03'),
(1349, '141.94.199.35', '2022-10-09 18:00:04', '2022-10-09 18:00:04'),
(1350, '141.94.199.35', '2022-10-09 18:30:03', '2022-10-09 18:30:03'),
(1351, '141.94.199.35', '2022-10-09 19:00:04', '2022-10-09 19:00:04'),
(1352, '141.94.199.35', '2022-10-09 19:30:04', '2022-10-09 19:30:04'),
(1353, '141.94.199.35', '2022-10-09 20:00:04', '2022-10-09 20:00:04'),
(1354, '141.94.199.35', '2022-10-09 20:30:04', '2022-10-09 20:30:04'),
(1355, '141.94.199.35', '2022-10-09 21:00:04', '2022-10-09 21:00:04'),
(1356, '141.94.199.35', '2022-10-09 21:30:04', '2022-10-09 21:30:04'),
(1357, '141.94.199.35', '2022-10-09 22:00:04', '2022-10-09 22:00:04'),
(1358, '141.94.199.35', '2022-10-09 22:30:04', '2022-10-09 22:30:04'),
(1359, '141.94.199.35', '2022-10-09 23:00:04', '2022-10-09 23:00:04'),
(1360, '141.94.199.35', '2022-10-09 23:30:04', '2022-10-09 23:30:04'),
(1361, '141.94.199.35', '2022-10-10 00:00:04', '2022-10-10 00:00:04'),
(1362, '141.94.199.35', '2022-10-10 00:30:04', '2022-10-10 00:30:04'),
(1363, '141.94.199.35', '2022-10-10 01:00:04', '2022-10-10 01:00:04'),
(1364, '141.94.199.35', '2022-10-10 01:30:04', '2022-10-10 01:30:04'),
(1365, '141.94.199.35', '2022-10-10 02:00:04', '2022-10-10 02:00:04'),
(1366, '141.94.199.35', '2022-10-10 02:30:04', '2022-10-10 02:30:04'),
(1367, '141.94.199.35', '2022-10-10 03:00:04', '2022-10-10 03:00:04'),
(1368, '141.94.199.35', '2022-10-10 03:30:03', '2022-10-10 03:30:03'),
(1369, '141.94.199.35', '2022-10-10 04:00:04', '2022-10-10 04:00:04'),
(1370, '141.94.199.35', '2022-10-10 04:30:04', '2022-10-10 04:30:04'),
(1371, '141.94.199.35', '2022-10-10 05:00:04', '2022-10-10 05:00:04'),
(1372, '141.94.199.35', '2022-10-10 05:30:04', '2022-10-10 05:30:04'),
(1373, '141.94.199.35', '2022-10-10 06:00:03', '2022-10-10 06:00:03'),
(1374, '18.212.65.115', '2022-10-10 06:29:13', '2022-10-10 06:29:13'),
(1375, '141.94.199.35', '2022-10-10 06:30:03', '2022-10-10 06:30:03'),
(1376, '141.94.199.35', '2022-10-10 07:00:04', '2022-10-10 07:00:04'),
(1377, '141.94.199.35', '2022-10-10 07:30:03', '2022-10-10 07:30:03'),
(1378, '141.94.199.35', '2022-10-10 08:00:03', '2022-10-10 08:00:03'),
(1379, '141.94.199.35', '2022-10-10 08:30:03', '2022-10-10 08:30:03'),
(1380, '141.94.199.35', '2022-10-10 09:00:04', '2022-10-10 09:00:04'),
(1381, '141.94.199.35', '2022-10-10 09:30:04', '2022-10-10 09:30:04'),
(1382, '141.94.199.35', '2022-10-10 10:00:04', '2022-10-10 10:00:04'),
(1383, '141.94.199.35', '2022-10-10 10:30:04', '2022-10-10 10:30:04'),
(1384, '141.94.199.35', '2022-10-10 11:00:04', '2022-10-10 11:00:04'),
(1385, '141.94.199.35', '2022-10-10 11:30:03', '2022-10-10 11:30:03'),
(1386, '141.94.199.35', '2022-10-10 12:00:04', '2022-10-10 12:00:04'),
(1387, '204.236.247.155', '2022-10-10 12:16:33', '2022-10-10 12:16:33'),
(1388, '141.94.199.35', '2022-10-10 12:30:04', '2022-10-10 12:30:04'),
(1389, '141.94.199.35', '2022-10-10 13:00:04', '2022-10-10 13:00:04'),
(1390, '141.94.199.35', '2022-10-10 13:30:04', '2022-10-10 13:30:04'),
(1391, '141.94.199.35', '2022-10-10 14:00:04', '2022-10-10 14:00:04'),
(1392, '141.94.199.35', '2022-10-10 14:30:04', '2022-10-10 14:30:04'),
(1393, '141.94.199.35', '2022-10-10 15:00:03', '2022-10-10 15:00:03'),
(1394, '141.94.199.35', '2022-10-10 15:30:03', '2022-10-10 15:30:03'),
(1395, '141.94.199.35', '2022-10-10 16:00:04', '2022-10-10 16:00:04'),
(1396, '141.94.199.35', '2022-10-10 16:30:03', '2022-10-10 16:30:03'),
(1397, '141.94.199.35', '2022-10-10 17:00:04', '2022-10-10 17:00:04'),
(1398, '141.94.199.35', '2022-10-10 17:30:04', '2022-10-10 17:30:04'),
(1399, '141.94.199.35', '2022-10-10 18:00:03', '2022-10-10 18:00:03'),
(1400, '141.94.199.35', '2022-10-10 18:30:03', '2022-10-10 18:30:03'),
(1401, '141.94.199.35', '2022-10-10 19:00:04', '2022-10-10 19:00:04'),
(1402, '141.94.199.35', '2022-10-10 19:30:04', '2022-10-10 19:30:04'),
(1403, '141.94.199.35', '2022-10-10 20:00:04', '2022-10-10 20:00:04'),
(1404, '141.94.199.35', '2022-10-10 20:30:03', '2022-10-10 20:30:03'),
(1405, '141.94.199.35', '2022-10-10 21:00:08', '2022-10-10 21:00:08'),
(1406, '18.168.150.152', '2022-10-10 21:08:30', '2022-10-10 21:08:30'),
(1407, '18.168.150.152', '2022-10-10 21:08:35', '2022-10-10 21:08:35'),
(1408, '18.168.150.152', '2022-10-10 21:08:40', '2022-10-10 21:08:40'),
(1409, '18.168.150.152', '2022-10-10 21:08:47', '2022-10-10 21:08:47'),
(1410, '18.168.150.152', '2022-10-10 21:08:53', '2022-10-10 21:08:53'),
(1411, '18.168.150.152', '2022-10-10 21:08:58', '2022-10-10 21:08:58'),
(1412, '141.94.199.35', '2022-10-10 21:30:08', '2022-10-10 21:30:08'),
(1413, '141.94.199.35', '2022-10-10 22:00:09', '2022-10-10 22:00:09'),
(1414, '141.94.199.35', '2022-10-10 22:30:08', '2022-10-10 22:30:08'),
(1415, '64.137.228.195', '2022-10-10 22:40:19', '2022-10-10 22:40:19'),
(1416, '64.137.228.195', '2022-10-10 22:41:02', '2022-10-10 22:41:02'),
(1417, '141.94.199.35', '2022-10-10 23:00:08', '2022-10-10 23:00:08'),
(1418, '141.94.199.35', '2022-10-10 23:30:08', '2022-10-10 23:30:08'),
(1419, '141.94.199.35', '2022-10-11 00:00:08', '2022-10-11 00:00:08'),
(1420, '141.94.199.35', '2022-10-11 00:30:08', '2022-10-11 00:30:08'),
(1421, '141.94.199.35', '2022-10-11 01:00:08', '2022-10-11 01:00:08'),
(1422, '198.235.24.36', '2022-10-11 01:15:58', '2022-10-11 01:15:58'),
(1423, '141.94.199.35', '2022-10-11 01:30:08', '2022-10-11 01:30:08'),
(1424, '141.94.199.35', '2022-10-11 02:00:08', '2022-10-11 02:00:08'),
(1425, '141.94.199.35', '2022-10-11 02:30:08', '2022-10-11 02:30:08'),
(1426, '141.94.199.35', '2022-10-11 03:00:08', '2022-10-11 03:00:08'),
(1427, '141.94.199.35', '2022-10-11 03:30:07', '2022-10-11 03:30:07'),
(1428, '141.94.199.35', '2022-10-11 04:00:08', '2022-10-11 04:00:08'),
(1429, '141.94.199.35', '2022-10-11 04:30:08', '2022-10-11 04:30:08'),
(1430, '141.94.199.35', '2022-10-11 05:00:08', '2022-10-11 05:00:08'),
(1431, '141.94.199.35', '2022-10-11 05:30:07', '2022-10-11 05:30:07'),
(1432, '141.94.199.35', '2022-10-11 06:00:08', '2022-10-11 06:00:08'),
(1433, '141.94.199.35', '2022-10-11 06:30:08', '2022-10-11 06:30:08'),
(1434, '141.94.199.35', '2022-10-11 07:00:08', '2022-10-11 07:00:08'),
(1435, '141.94.199.35', '2022-10-11 07:30:08', '2022-10-11 07:30:08'),
(1436, '141.94.199.35', '2022-10-11 08:00:08', '2022-10-11 08:00:08'),
(1437, '141.94.199.35', '2022-10-11 08:30:08', '2022-10-11 08:30:08'),
(1438, '141.94.199.35', '2022-10-11 09:00:08', '2022-10-11 09:00:08'),
(1439, '141.94.199.35', '2022-10-11 09:30:08', '2022-10-11 09:30:08'),
(1440, '141.94.199.35', '2022-10-11 10:00:08', '2022-10-11 10:00:08'),
(1441, '141.94.199.35', '2022-10-11 10:30:08', '2022-10-11 10:30:08'),
(1442, '141.94.199.35', '2022-10-11 11:00:08', '2022-10-11 11:00:08'),
(1443, '141.94.199.35', '2022-10-11 11:30:08', '2022-10-11 11:30:08'),
(1444, '141.94.199.35', '2022-10-11 12:00:08', '2022-10-11 12:00:08'),
(1445, '141.94.199.35', '2022-10-11 12:30:08', '2022-10-11 12:30:08'),
(1446, '173.252.95.15', '2022-10-11 12:30:14', '2022-10-11 12:30:14'),
(1447, '141.94.199.35', '2022-10-11 13:00:08', '2022-10-11 13:00:08'),
(1448, '141.94.199.35', '2022-10-11 13:30:08', '2022-10-11 13:30:08'),
(1449, '52.90.130.118', '2022-10-11 13:52:04', '2022-10-11 13:52:04'),
(1450, '141.94.199.35', '2022-10-11 14:00:08', '2022-10-11 14:00:08'),
(1451, '141.94.199.35', '2022-10-11 14:30:08', '2022-10-11 14:30:08'),
(1452, '141.94.199.35', '2022-10-11 15:00:08', '2022-10-11 15:00:08'),
(1453, '141.94.199.35', '2022-10-11 15:30:08', '2022-10-11 15:30:08'),
(1454, '141.94.199.35', '2022-10-11 16:00:08', '2022-10-11 16:00:08'),
(1455, '141.94.199.35', '2022-10-11 16:30:08', '2022-10-11 16:30:08'),
(1456, '141.94.199.35', '2022-10-11 17:00:08', '2022-10-11 17:00:08'),
(1457, '141.94.199.35', '2022-10-11 17:30:08', '2022-10-11 17:30:08'),
(1458, '162.142.125.222', '2022-10-11 17:38:28', '2022-10-11 17:38:28'),
(1459, '162.142.125.222', '2022-10-11 17:38:28', '2022-10-11 17:38:28'),
(1460, '141.94.199.35', '2022-10-11 18:00:08', '2022-10-11 18:00:08'),
(1461, '141.94.199.35', '2022-10-11 18:30:08', '2022-10-11 18:30:08'),
(1462, '141.94.199.35', '2022-10-11 19:00:08', '2022-10-11 19:00:08');
INSERT INTO `website_visitors` (`id`, `ip`, `created_at`, `updated_at`) VALUES
(1463, '141.94.199.35', '2022-10-11 19:30:08', '2022-10-11 19:30:08'),
(1464, '141.94.199.35', '2022-10-11 20:00:08', '2022-10-11 20:00:08'),
(1465, '141.94.199.35', '2022-10-11 20:30:07', '2022-10-11 20:30:07'),
(1466, '141.94.199.35', '2022-10-11 21:00:07', '2022-10-11 21:00:07'),
(1467, '141.94.199.35', '2022-10-11 21:30:07', '2022-10-11 21:30:07'),
(1468, '141.94.199.35', '2022-10-11 22:00:07', '2022-10-11 22:00:07'),
(1469, '141.94.199.35', '2022-10-11 22:30:07', '2022-10-11 22:30:07'),
(1470, '141.94.199.35', '2022-10-11 23:00:07', '2022-10-11 23:00:07'),
(1471, '141.94.199.35', '2022-10-11 23:30:08', '2022-10-11 23:30:08'),
(1472, '141.94.199.35', '2022-10-12 00:00:08', '2022-10-12 00:00:08'),
(1473, '141.94.199.35', '2022-10-12 00:30:08', '2022-10-12 00:30:08'),
(1474, '141.94.199.35', '2022-10-12 01:00:07', '2022-10-12 01:00:07'),
(1475, '141.94.199.35', '2022-10-12 01:30:08', '2022-10-12 01:30:08'),
(1476, '141.94.199.35', '2022-10-12 02:00:08', '2022-10-12 02:00:08'),
(1477, '141.94.199.35', '2022-10-12 03:32:23', '2022-10-12 03:32:23'),
(1478, '141.94.199.35', '2022-10-12 04:00:08', '2022-10-12 04:00:08'),
(1479, '141.94.199.35', '2022-10-12 04:30:08', '2022-10-12 04:30:08'),
(1480, '141.94.199.35', '2022-10-12 05:00:07', '2022-10-12 05:00:07'),
(1481, '141.94.199.35', '2022-10-12 05:30:08', '2022-10-12 05:30:08'),
(1482, '141.94.199.35', '2022-10-12 06:00:10', '2022-10-12 06:00:10'),
(1483, '141.94.199.35', '2022-10-12 06:30:08', '2022-10-12 06:30:08'),
(1484, '141.94.199.35', '2022-10-12 07:00:10', '2022-10-12 07:00:10'),
(1485, '141.94.199.35', '2022-10-12 07:30:08', '2022-10-12 07:30:08'),
(1486, '141.94.199.35', '2022-10-12 08:00:08', '2022-10-12 08:00:08'),
(1487, '141.94.199.35', '2022-10-12 08:30:06', '2022-10-12 08:30:06'),
(1488, '141.94.199.35', '2022-10-12 09:00:07', '2022-10-12 09:00:07'),
(1489, '141.94.199.35', '2022-10-12 09:30:07', '2022-10-12 09:30:07'),
(1490, '141.94.199.35', '2022-10-12 10:00:07', '2022-10-12 10:00:07'),
(1491, '141.94.199.35', '2022-10-12 10:30:07', '2022-10-12 10:30:07'),
(1492, '141.94.199.35', '2022-10-12 11:00:07', '2022-10-12 11:00:07'),
(1493, '141.94.199.35', '2022-10-12 11:30:07', '2022-10-12 11:30:07'),
(1494, '141.94.199.35', '2022-10-12 12:00:10', '2022-10-12 12:00:10'),
(1495, '141.94.199.35', '2022-10-12 12:30:09', '2022-10-12 12:30:09'),
(1496, '141.94.199.35', '2022-10-12 13:00:07', '2022-10-12 13:00:07'),
(1497, '141.94.199.35', '2022-10-12 13:30:07', '2022-10-12 13:30:07'),
(1498, '141.94.199.35', '2022-10-12 14:00:11', '2022-10-12 14:00:11'),
(1499, '141.94.199.35', '2022-10-12 14:30:07', '2022-10-12 14:30:07'),
(1500, '141.94.199.35', '2022-10-12 15:00:07', '2022-10-12 15:00:07'),
(1501, '141.94.199.35', '2022-10-12 15:30:06', '2022-10-12 15:30:06'),
(1502, '141.94.199.35', '2022-10-12 16:00:07', '2022-10-12 16:00:07'),
(1503, '141.94.199.35', '2022-10-12 16:30:07', '2022-10-12 16:30:07'),
(1504, '141.94.199.35', '2022-10-12 17:00:07', '2022-10-12 17:00:07'),
(1505, '141.94.199.35', '2022-10-12 17:30:07', '2022-10-12 17:30:07'),
(1506, '3.89.152.195', '2022-10-12 17:58:25', '2022-10-12 17:58:25'),
(1507, '141.94.199.35', '2022-10-12 18:00:07', '2022-10-12 18:00:07'),
(1508, '141.94.199.35', '2022-10-12 18:30:07', '2022-10-12 18:30:07'),
(1509, '141.94.199.35', '2022-10-12 19:00:07', '2022-10-12 19:00:07'),
(1510, '141.94.199.35', '2022-10-12 19:30:06', '2022-10-12 19:30:06'),
(1511, '141.94.199.35', '2022-10-12 20:00:07', '2022-10-12 20:00:07'),
(1512, '141.94.199.35', '2022-10-12 20:30:07', '2022-10-12 20:30:07'),
(1513, '141.94.199.35', '2022-10-12 21:00:09', '2022-10-12 21:00:09'),
(1514, '141.94.199.35', '2022-10-12 21:30:08', '2022-10-12 21:30:08'),
(1515, '141.94.199.35', '2022-10-12 22:00:10', '2022-10-12 22:00:10'),
(1516, '141.94.199.35', '2022-10-12 22:30:10', '2022-10-12 22:30:10'),
(1517, '141.94.199.35', '2022-10-12 23:00:09', '2022-10-12 23:00:09'),
(1518, '141.94.199.35', '2022-10-12 23:30:10', '2022-10-12 23:30:10'),
(1519, '141.94.199.35', '2022-10-13 00:00:10', '2022-10-13 00:00:10'),
(1520, '141.94.199.35', '2022-10-13 00:30:10', '2022-10-13 00:30:10'),
(1521, '141.94.199.35', '2022-10-13 01:00:09', '2022-10-13 01:00:09'),
(1522, '141.94.199.35', '2022-10-13 01:30:10', '2022-10-13 01:30:10'),
(1523, '141.94.199.35', '2022-10-13 02:00:10', '2022-10-13 02:00:10'),
(1524, '141.94.199.35', '2022-10-13 02:30:11', '2022-10-13 02:30:11'),
(1525, '141.94.199.35', '2022-10-13 03:00:10', '2022-10-13 03:00:10'),
(1526, '141.94.199.35', '2022-10-13 03:30:10', '2022-10-13 03:30:10'),
(1527, '141.94.199.35', '2022-10-13 04:00:10', '2022-10-13 04:00:10'),
(1528, '141.94.199.35', '2022-10-13 04:30:10', '2022-10-13 04:30:10'),
(1529, '141.94.199.35', '2022-10-13 05:00:10', '2022-10-13 05:00:10'),
(1530, '141.94.199.35', '2022-10-13 05:30:10', '2022-10-13 05:30:10'),
(1531, '141.94.199.35', '2022-10-13 06:00:16', '2022-10-13 06:00:16'),
(1532, '141.94.199.35', '2022-10-13 06:30:11', '2022-10-13 06:30:11'),
(1533, '141.94.199.35', '2022-10-13 07:00:09', '2022-10-13 07:00:09'),
(1534, '141.94.199.35', '2022-10-13 07:30:09', '2022-10-13 07:30:09'),
(1535, '141.94.199.35', '2022-10-13 08:00:10', '2022-10-13 08:00:10'),
(1536, '141.94.199.35', '2022-10-13 08:30:09', '2022-10-13 08:30:09'),
(1537, '141.94.199.35', '2022-10-13 09:00:09', '2022-10-13 09:00:09'),
(1538, '141.94.199.35', '2022-10-13 09:30:10', '2022-10-13 09:30:10'),
(1539, '141.94.199.35', '2022-10-13 10:00:10', '2022-10-13 10:00:10'),
(1540, '141.94.199.35', '2022-10-13 10:30:09', '2022-10-13 10:30:09'),
(1541, '52.90.130.118', '2022-10-13 10:50:38', '2022-10-13 10:50:38'),
(1542, '141.94.199.35', '2022-10-13 11:00:10', '2022-10-13 11:00:10'),
(1543, '141.94.199.35', '2022-10-13 11:30:10', '2022-10-13 11:30:10'),
(1544, '141.94.199.35', '2022-10-13 12:00:10', '2022-10-13 12:00:10'),
(1545, '141.94.199.35', '2022-10-13 12:30:10', '2022-10-13 12:30:10'),
(1546, '141.94.199.35', '2022-10-13 13:00:09', '2022-10-13 13:00:09'),
(1547, '141.94.199.35', '2022-10-13 13:30:10', '2022-10-13 13:30:10'),
(1548, '141.94.199.35', '2022-10-13 14:00:10', '2022-10-13 14:00:10'),
(1549, '3.231.60.29', '2022-10-13 14:19:41', '2022-10-13 14:19:41'),
(1550, '141.94.199.35', '2022-10-13 14:30:10', '2022-10-13 14:30:10'),
(1551, '141.94.199.35', '2022-10-13 15:00:10', '2022-10-13 15:00:10'),
(1552, '141.94.199.35', '2022-10-13 15:30:10', '2022-10-13 15:30:10'),
(1553, '54.198.83.141', '2022-10-13 15:48:43', '2022-10-13 15:48:43'),
(1554, '141.94.199.35', '2022-10-13 16:00:10', '2022-10-13 16:00:10'),
(1555, '141.94.199.35', '2022-10-13 16:30:10', '2022-10-13 16:30:10'),
(1556, '141.94.199.35', '2022-10-13 17:00:10', '2022-10-13 17:00:10'),
(1557, '141.94.199.35', '2022-10-13 17:30:10', '2022-10-13 17:30:10'),
(1558, '141.94.199.35', '2022-10-13 18:00:10', '2022-10-13 18:00:10'),
(1559, '141.94.199.35', '2022-10-13 18:30:10', '2022-10-13 18:30:10'),
(1560, '141.94.199.35', '2022-10-13 19:00:10', '2022-10-13 19:00:10'),
(1561, '141.94.199.35', '2022-10-13 19:30:10', '2022-10-13 19:30:10'),
(1562, '141.94.199.35', '2022-10-13 20:00:10', '2022-10-13 20:00:10'),
(1563, '141.94.199.35', '2022-10-13 20:30:09', '2022-10-13 20:30:09'),
(1564, '141.94.199.35', '2022-10-13 21:00:03', '2022-10-13 21:00:03'),
(1565, '141.94.199.35', '2022-10-13 21:30:03', '2022-10-13 21:30:03'),
(1566, '141.94.199.35', '2022-10-13 22:00:03', '2022-10-13 22:00:03'),
(1567, '198.235.24.48', '2022-10-13 22:04:23', '2022-10-13 22:04:23'),
(1568, '141.94.199.35', '2022-10-13 22:30:03', '2022-10-13 22:30:03'),
(1569, '141.94.199.35', '2022-10-13 23:00:03', '2022-10-13 23:00:03'),
(1570, '141.94.199.35', '2022-10-13 23:30:03', '2022-10-13 23:30:03'),
(1571, '141.94.199.35', '2022-10-14 00:00:04', '2022-10-14 00:00:04'),
(1572, '141.94.199.35', '2022-10-14 00:30:03', '2022-10-14 00:30:03'),
(1573, '141.94.199.35', '2022-10-14 01:00:03', '2022-10-14 01:00:03'),
(1574, '141.94.199.35', '2022-10-14 01:30:03', '2022-10-14 01:30:03'),
(1575, '141.94.199.35', '2022-10-14 02:00:03', '2022-10-14 02:00:03'),
(1576, '141.94.199.35', '2022-10-14 02:30:03', '2022-10-14 02:30:03'),
(1577, '141.94.199.35', '2022-10-14 03:00:03', '2022-10-14 03:00:03'),
(1578, '141.94.199.35', '2022-10-14 03:30:04', '2022-10-14 03:30:04'),
(1579, '141.94.199.35', '2022-10-14 04:00:03', '2022-10-14 04:00:03'),
(1580, '141.94.199.35', '2022-10-14 04:30:03', '2022-10-14 04:30:03'),
(1581, '141.94.199.35', '2022-10-14 05:00:03', '2022-10-14 05:00:03'),
(1582, '141.94.199.35', '2022-10-14 05:30:04', '2022-10-14 05:30:04'),
(1583, '141.94.199.35', '2022-10-14 06:00:03', '2022-10-14 06:00:03'),
(1584, '141.94.199.35', '2022-10-14 06:30:03', '2022-10-14 06:30:03'),
(1585, '141.94.199.35', '2022-10-14 07:00:04', '2022-10-14 07:00:04'),
(1586, '141.94.199.35', '2022-10-14 07:30:03', '2022-10-14 07:30:03'),
(1587, '141.94.199.35', '2022-10-14 08:00:04', '2022-10-14 08:00:04'),
(1588, '141.94.199.35', '2022-10-14 08:30:03', '2022-10-14 08:30:03'),
(1589, '141.94.199.35', '2022-10-14 09:00:03', '2022-10-14 09:00:03'),
(1590, '141.94.199.35', '2022-10-14 09:30:04', '2022-10-14 09:30:04'),
(1591, '141.94.199.35', '2022-10-14 10:00:03', '2022-10-14 10:00:03'),
(1592, '141.94.199.35', '2022-10-14 10:30:04', '2022-10-14 10:30:04'),
(1593, '141.94.199.35', '2022-10-14 11:00:03', '2022-10-14 11:00:03'),
(1594, '141.94.199.35', '2022-10-14 11:30:04', '2022-10-14 11:30:04'),
(1595, '141.94.199.35', '2022-10-14 12:00:03', '2022-10-14 12:00:03'),
(1596, '141.94.199.35', '2022-10-14 12:30:04', '2022-10-14 12:30:04'),
(1597, '141.94.199.35', '2022-10-14 13:00:04', '2022-10-14 13:00:04'),
(1598, '141.94.199.35', '2022-10-14 13:30:03', '2022-10-14 13:30:03'),
(1599, '141.94.199.35', '2022-10-14 14:00:03', '2022-10-14 14:00:03'),
(1600, '141.94.199.35', '2022-10-14 14:30:03', '2022-10-14 14:30:03'),
(1601, '141.94.199.35', '2022-10-14 15:00:04', '2022-10-14 15:00:04'),
(1602, '141.94.199.35', '2022-10-14 15:30:03', '2022-10-14 15:30:03'),
(1603, '141.94.199.35', '2022-10-14 16:00:04', '2022-10-14 16:00:04'),
(1604, '141.94.199.35', '2022-10-14 16:30:03', '2022-10-14 16:30:03'),
(1605, '141.94.199.35', '2022-10-14 17:00:04', '2022-10-14 17:00:04'),
(1606, '141.94.199.35', '2022-10-14 17:30:04', '2022-10-14 17:30:04'),
(1607, '141.94.199.35', '2022-10-14 18:00:03', '2022-10-14 18:00:03'),
(1608, '141.94.199.35', '2022-10-14 18:30:04', '2022-10-14 18:30:04'),
(1609, '141.94.199.35', '2022-10-14 19:00:04', '2022-10-14 19:00:04'),
(1610, '141.94.199.35', '2022-10-14 19:30:03', '2022-10-14 19:30:03'),
(1611, '141.94.199.35', '2022-10-14 20:00:03', '2022-10-14 20:00:03'),
(1612, '141.94.199.35', '2022-10-14 20:30:04', '2022-10-14 20:30:04'),
(1613, '141.94.199.35', '2022-10-14 21:00:04', '2022-10-14 21:00:04'),
(1614, '198.235.24.176', '2022-10-14 21:24:24', '2022-10-14 21:24:24'),
(1615, '141.94.199.35', '2022-10-14 21:30:03', '2022-10-14 21:30:03'),
(1616, '141.94.199.35', '2022-10-14 22:00:03', '2022-10-14 22:00:03'),
(1617, '141.94.199.35', '2022-10-14 22:30:03', '2022-10-14 22:30:03'),
(1618, '141.94.199.35', '2022-10-14 23:00:04', '2022-10-14 23:00:04'),
(1619, '141.94.199.35', '2022-10-14 23:30:03', '2022-10-14 23:30:03'),
(1620, '141.94.199.35', '2022-10-15 00:00:04', '2022-10-15 00:00:04'),
(1621, '141.94.199.35', '2022-10-15 00:30:03', '2022-10-15 00:30:03'),
(1622, '141.94.199.35', '2022-10-15 01:00:03', '2022-10-15 01:00:03'),
(1623, '141.94.199.35', '2022-10-15 01:30:03', '2022-10-15 01:30:03'),
(1624, '141.94.199.35', '2022-10-15 02:00:03', '2022-10-15 02:00:03'),
(1625, '141.94.199.35', '2022-10-15 02:30:03', '2022-10-15 02:30:03'),
(1626, '141.94.199.35', '2022-10-15 03:00:03', '2022-10-15 03:00:03'),
(1627, '141.94.199.35', '2022-10-15 03:30:03', '2022-10-15 03:30:03'),
(1628, '141.94.199.35', '2022-10-15 04:00:03', '2022-10-15 04:00:03'),
(1629, '141.94.199.35', '2022-10-15 04:30:03', '2022-10-15 04:30:03'),
(1630, '141.94.199.35', '2022-10-15 05:00:03', '2022-10-15 05:00:03'),
(1631, '141.94.199.35', '2022-10-15 05:30:03', '2022-10-15 05:30:03'),
(1632, '141.94.199.35', '2022-10-15 06:00:03', '2022-10-15 06:00:03'),
(1633, '141.94.199.35', '2022-10-15 06:30:03', '2022-10-15 06:30:03'),
(1634, '141.94.199.35', '2022-10-15 07:00:03', '2022-10-15 07:00:03'),
(1635, '141.94.199.35', '2022-10-15 07:30:03', '2022-10-15 07:30:03'),
(1636, '141.94.199.35', '2022-10-15 08:00:03', '2022-10-15 08:00:03'),
(1637, '141.94.199.35', '2022-10-15 08:30:03', '2022-10-15 08:30:03'),
(1638, '141.94.199.35', '2022-10-15 09:00:03', '2022-10-15 09:00:03'),
(1639, '93.169.233.162', '2022-10-15 09:23:54', '2022-10-15 09:23:54'),
(1640, '141.94.199.35', '2022-10-15 09:30:02', '2022-10-15 09:30:02'),
(1641, '141.94.199.35', '2022-10-15 10:00:03', '2022-10-15 10:00:03'),
(1642, '141.94.199.35', '2022-10-15 10:30:03', '2022-10-15 10:30:03'),
(1643, '141.94.199.35', '2022-10-15 11:00:03', '2022-10-15 11:00:03'),
(1644, '93.169.176.246', '2022-10-15 11:10:00', '2022-10-15 11:10:00'),
(1645, '141.94.199.35', '2022-10-15 11:30:03', '2022-10-15 11:30:03'),
(1646, '141.94.199.35', '2022-10-15 12:00:03', '2022-10-15 12:00:03'),
(1647, '3.91.98.221', '2022-10-15 12:09:47', '2022-10-15 12:09:47'),
(1648, '141.94.199.35', '2022-10-15 12:30:03', '2022-10-15 12:30:03'),
(1649, '141.94.199.35', '2022-10-15 13:00:03', '2022-10-15 13:00:03'),
(1650, '141.94.199.35', '2022-10-15 13:30:03', '2022-10-15 13:30:03'),
(1651, '141.94.199.35', '2022-10-15 14:00:03', '2022-10-15 14:00:03'),
(1652, '141.94.199.35', '2022-10-15 14:30:03', '2022-10-15 14:30:03'),
(1653, '141.94.199.35', '2022-10-15 15:00:03', '2022-10-15 15:00:03'),
(1654, '141.94.199.35', '2022-10-15 15:30:03', '2022-10-15 15:30:03'),
(1655, '141.94.199.35', '2022-10-15 16:00:03', '2022-10-15 16:00:03'),
(1656, '141.94.199.35', '2022-10-15 16:30:03', '2022-10-15 16:30:03'),
(1657, '141.94.199.35', '2022-10-15 17:00:03', '2022-10-15 17:00:03'),
(1658, '141.94.199.35', '2022-10-15 17:30:03', '2022-10-15 17:30:03'),
(1659, '141.94.199.35', '2022-10-15 18:00:03', '2022-10-15 18:00:03'),
(1660, '141.94.199.35', '2022-10-15 18:30:03', '2022-10-15 18:30:03'),
(1661, '141.94.199.35', '2022-10-15 19:00:03', '2022-10-15 19:00:03'),
(1662, '141.94.199.35', '2022-10-15 19:30:03', '2022-10-15 19:30:03'),
(1663, '141.94.199.35', '2022-10-15 20:00:03', '2022-10-15 20:00:03'),
(1664, '141.94.199.35', '2022-10-15 20:30:03', '2022-10-15 20:30:03'),
(1665, '141.94.199.35', '2022-10-15 21:00:04', '2022-10-15 21:00:04'),
(1666, '141.94.199.35', '2022-10-15 21:30:03', '2022-10-15 21:30:03'),
(1667, '141.94.199.35', '2022-10-15 22:00:04', '2022-10-15 22:00:04'),
(1668, '141.94.199.35', '2022-10-15 22:30:04', '2022-10-15 22:30:04'),
(1669, '141.94.199.35', '2022-10-15 23:00:04', '2022-10-15 23:00:04'),
(1670, '141.94.199.35', '2022-10-15 23:30:04', '2022-10-15 23:30:04'),
(1671, '141.94.199.35', '2022-10-16 00:00:04', '2022-10-16 00:00:04'),
(1672, '141.94.199.35', '2022-10-16 00:30:04', '2022-10-16 00:30:04'),
(1673, '141.94.199.35', '2022-10-16 01:00:04', '2022-10-16 01:00:04'),
(1674, '141.94.199.35', '2022-10-16 01:30:04', '2022-10-16 01:30:04'),
(1675, '141.94.199.35', '2022-10-16 02:00:04', '2022-10-16 02:00:04'),
(1676, '141.94.199.35', '2022-10-16 02:30:04', '2022-10-16 02:30:04'),
(1677, '141.94.199.35', '2022-10-16 03:00:04', '2022-10-16 03:00:04'),
(1678, '141.94.199.35', '2022-10-16 03:30:04', '2022-10-16 03:30:04'),
(1679, '141.94.199.35', '2022-10-16 04:00:03', '2022-10-16 04:00:03'),
(1680, '141.94.199.35', '2022-10-16 04:30:04', '2022-10-16 04:30:04'),
(1681, '141.94.199.35', '2022-10-16 05:00:03', '2022-10-16 05:00:03'),
(1682, '141.94.199.35', '2022-10-16 05:30:04', '2022-10-16 05:30:04'),
(1683, '141.94.199.35', '2022-10-16 06:00:04', '2022-10-16 06:00:04'),
(1684, '141.94.199.35', '2022-10-16 06:30:04', '2022-10-16 06:30:04'),
(1685, '141.94.199.35', '2022-10-16 07:00:04', '2022-10-16 07:00:04'),
(1686, '141.94.199.35', '2022-10-16 07:30:04', '2022-10-16 07:30:04'),
(1687, '141.94.199.35', '2022-10-16 08:00:04', '2022-10-16 08:00:04'),
(1688, '141.94.199.35', '2022-10-16 08:30:04', '2022-10-16 08:30:04'),
(1689, '3.235.49.44', '2022-10-16 08:46:00', '2022-10-16 08:46:00'),
(1690, '141.94.199.35', '2022-10-16 09:00:04', '2022-10-16 09:00:04'),
(1691, '141.94.199.35', '2022-10-16 09:30:04', '2022-10-16 09:30:04'),
(1692, '141.94.199.35', '2022-10-16 10:00:04', '2022-10-16 10:00:04'),
(1693, '141.94.199.35', '2022-10-16 10:30:04', '2022-10-16 10:30:04'),
(1694, '141.94.199.35', '2022-10-16 11:00:04', '2022-10-16 11:00:04'),
(1695, '141.94.199.35', '2022-10-16 11:30:04', '2022-10-16 11:30:04'),
(1696, '141.94.199.35', '2022-10-16 12:00:04', '2022-10-16 12:00:04'),
(1697, '141.94.199.35', '2022-10-16 12:30:04', '2022-10-16 12:30:04'),
(1698, '141.94.199.35', '2022-10-16 13:00:04', '2022-10-16 13:00:04'),
(1699, '141.94.199.35', '2022-10-16 13:30:04', '2022-10-16 13:30:04'),
(1700, '198.235.24.30', '2022-10-16 13:41:29', '2022-10-16 13:41:29'),
(1701, '141.94.199.35', '2022-10-16 14:00:04', '2022-10-16 14:00:04'),
(1702, '141.94.199.35', '2022-10-16 14:30:04', '2022-10-16 14:30:04'),
(1703, '141.94.199.35', '2022-10-16 15:00:04', '2022-10-16 15:00:04'),
(1704, '141.94.199.35', '2022-10-16 15:30:04', '2022-10-16 15:30:04'),
(1705, '141.94.199.35', '2022-10-16 16:00:04', '2022-10-16 16:00:04'),
(1706, '141.94.199.35', '2022-10-16 16:30:04', '2022-10-16 16:30:04'),
(1707, '141.94.199.35', '2022-10-16 17:00:04', '2022-10-16 17:00:04'),
(1708, '141.94.199.35', '2022-10-16 17:30:04', '2022-10-16 17:30:04'),
(1709, '141.94.199.35', '2022-10-16 18:00:04', '2022-10-16 18:00:04'),
(1710, '141.94.199.35', '2022-10-16 18:30:04', '2022-10-16 18:30:04'),
(1711, '141.94.199.35', '2022-10-16 19:00:04', '2022-10-16 19:00:04'),
(1712, '141.94.199.35', '2022-10-16 19:30:04', '2022-10-16 19:30:04'),
(1713, '141.94.199.35', '2022-10-16 20:00:04', '2022-10-16 20:00:04'),
(1714, '141.94.199.35', '2022-10-16 20:30:04', '2022-10-16 20:30:04'),
(1715, '141.94.199.35', '2022-10-16 21:00:03', '2022-10-16 21:00:03'),
(1716, '141.94.199.35', '2022-10-16 21:30:03', '2022-10-16 21:30:03'),
(1717, '141.94.199.35', '2022-10-16 22:00:03', '2022-10-16 22:00:03'),
(1718, '141.94.199.35', '2022-10-16 22:30:03', '2022-10-16 22:30:03'),
(1719, '141.94.199.35', '2022-10-16 23:00:03', '2022-10-16 23:00:03'),
(1720, '141.94.199.35', '2022-10-16 23:30:03', '2022-10-16 23:30:03'),
(1721, '141.94.199.35', '2022-10-17 00:00:05', '2022-10-17 00:00:05'),
(1722, '141.94.199.35', '2022-10-17 00:30:02', '2022-10-17 00:30:02'),
(1723, '141.94.199.35', '2022-10-17 01:00:02', '2022-10-17 01:00:02'),
(1724, '141.94.199.35', '2022-10-17 01:30:02', '2022-10-17 01:30:02'),
(1725, '141.94.199.35', '2022-10-17 02:00:03', '2022-10-17 02:00:03'),
(1726, '141.94.199.35', '2022-10-17 02:30:02', '2022-10-17 02:30:02'),
(1727, '141.94.199.35', '2022-10-17 03:00:02', '2022-10-17 03:00:02'),
(1728, '141.94.199.35', '2022-10-17 03:30:02', '2022-10-17 03:30:02'),
(1729, '141.94.199.35', '2022-10-17 04:00:02', '2022-10-17 04:00:02'),
(1730, '141.94.199.35', '2022-10-17 04:30:02', '2022-10-17 04:30:02'),
(1731, '141.94.199.35', '2022-10-17 05:00:02', '2022-10-17 05:00:02'),
(1732, '141.94.199.35', '2022-10-17 05:30:03', '2022-10-17 05:30:03'),
(1733, '34.207.245.202', '2022-10-17 05:56:42', '2022-10-17 05:56:42'),
(1734, '141.94.199.35', '2022-10-17 06:00:02', '2022-10-17 06:00:02'),
(1735, '141.94.199.35', '2022-10-17 06:30:03', '2022-10-17 06:30:03'),
(1736, '141.94.199.35', '2022-10-17 07:00:06', '2022-10-17 07:00:06'),
(1737, '141.94.199.35', '2022-10-17 07:30:02', '2022-10-17 07:30:02'),
(1738, '141.94.199.35', '2022-10-17 08:00:02', '2022-10-17 08:00:02'),
(1739, '141.94.199.35', '2022-10-17 08:30:02', '2022-10-17 08:30:02'),
(1740, '141.94.199.35', '2022-10-17 09:00:02', '2022-10-17 09:00:02'),
(1741, '151.255.254.110', '2022-10-17 09:09:56', '2022-10-17 09:09:56'),
(1742, '141.94.199.35', '2022-10-17 09:30:02', '2022-10-17 09:30:02'),
(1743, '141.94.199.35', '2022-10-17 10:00:02', '2022-10-17 10:00:02'),
(1744, '141.94.199.35', '2022-10-17 10:30:02', '2022-10-17 10:30:02'),
(1745, '141.94.199.35', '2022-10-17 11:00:02', '2022-10-17 11:00:02'),
(1746, '141.94.199.35', '2022-10-17 11:30:02', '2022-10-17 11:30:02'),
(1747, '141.94.199.35', '2022-10-17 12:00:03', '2022-10-17 12:00:03'),
(1748, '141.94.199.35', '2022-10-17 12:30:02', '2022-10-17 12:30:02'),
(1749, '141.94.199.35', '2022-10-17 13:00:03', '2022-10-17 13:00:03'),
(1750, '141.94.199.35', '2022-10-17 13:30:03', '2022-10-17 13:30:03'),
(1751, '141.94.199.35', '2022-10-17 14:00:02', '2022-10-17 14:00:02'),
(1752, '141.94.199.35', '2022-10-17 14:30:02', '2022-10-17 14:30:02'),
(1753, '141.94.199.35', '2022-10-17 15:00:02', '2022-10-17 15:00:02'),
(1754, '141.94.199.35', '2022-10-17 15:30:02', '2022-10-17 15:30:02'),
(1755, '54.208.73.12', '2022-10-17 15:38:48', '2022-10-17 15:38:48'),
(1756, '141.94.199.35', '2022-10-17 16:00:02', '2022-10-17 16:00:02'),
(1757, '141.94.199.35', '2022-10-17 16:30:02', '2022-10-17 16:30:02'),
(1758, '141.94.199.35', '2022-10-17 17:00:02', '2022-10-17 17:00:02'),
(1759, '141.94.199.35', '2022-10-17 17:30:02', '2022-10-17 17:30:02'),
(1760, '141.94.199.35', '2022-10-17 18:00:02', '2022-10-17 18:00:02'),
(1761, '141.94.199.35', '2022-10-17 18:30:02', '2022-10-17 18:30:02'),
(1762, '141.94.199.35', '2022-10-17 19:00:03', '2022-10-17 19:00:03'),
(1763, '51.159.99.249', '2022-10-17 19:04:02', '2022-10-17 19:04:02'),
(1764, '141.94.199.35', '2022-10-17 19:30:02', '2022-10-17 19:30:02'),
(1765, '141.94.199.35', '2022-10-17 20:00:02', '2022-10-17 20:00:02'),
(1766, '141.94.199.35', '2022-10-17 20:30:02', '2022-10-17 20:30:02'),
(1767, '141.94.199.35', '2022-10-17 21:00:05', '2022-10-17 21:00:05'),
(1768, '141.94.199.35', '2022-10-17 21:30:05', '2022-10-17 21:30:05'),
(1769, '141.94.199.35', '2022-10-17 22:00:05', '2022-10-17 22:00:05'),
(1770, '141.94.199.35', '2022-10-17 22:30:05', '2022-10-17 22:30:05'),
(1771, '141.94.199.35', '2022-10-17 23:00:05', '2022-10-17 23:00:05'),
(1772, '141.94.199.35', '2022-10-17 23:30:04', '2022-10-17 23:30:04'),
(1773, '141.94.199.35', '2022-10-18 00:00:04', '2022-10-18 00:00:04'),
(1774, '141.94.199.35', '2022-10-18 00:30:05', '2022-10-18 00:30:05'),
(1775, '141.94.199.35', '2022-10-18 01:00:05', '2022-10-18 01:00:05'),
(1776, '141.94.199.35', '2022-10-18 01:30:05', '2022-10-18 01:30:05'),
(1777, '141.94.199.35', '2022-10-18 02:00:05', '2022-10-18 02:00:05'),
(1778, '141.94.199.35', '2022-10-18 02:30:05', '2022-10-18 02:30:05'),
(1779, '141.94.199.35', '2022-10-18 03:00:05', '2022-10-18 03:00:05'),
(1780, '141.94.199.35', '2022-10-18 03:30:05', '2022-10-18 03:30:05'),
(1781, '141.94.199.35', '2022-10-18 04:00:05', '2022-10-18 04:00:05'),
(1782, '141.94.199.35', '2022-10-18 04:30:05', '2022-10-18 04:30:05'),
(1783, '141.94.199.35', '2022-10-18 05:00:05', '2022-10-18 05:00:05'),
(1784, '128.127.210.71', '2022-10-18 05:23:18', '2022-10-18 05:23:18'),
(1785, '141.94.199.35', '2022-10-18 05:30:05', '2022-10-18 05:30:05'),
(1786, '141.94.199.35', '2022-10-18 06:00:05', '2022-10-18 06:00:05'),
(1787, '141.94.199.35', '2022-10-18 06:30:05', '2022-10-18 06:30:05'),
(1788, '141.94.199.35', '2022-10-18 07:00:05', '2022-10-18 07:00:05'),
(1789, '141.94.199.35', '2022-10-18 07:30:05', '2022-10-18 07:30:05'),
(1790, '141.94.199.35', '2022-10-18 08:00:05', '2022-10-18 08:00:05'),
(1791, '141.94.199.35', '2022-10-18 08:30:05', '2022-10-18 08:30:05'),
(1792, '141.94.199.35', '2022-10-18 09:00:05', '2022-10-18 09:00:05'),
(1793, '151.255.254.110', '2022-10-18 09:18:37', '2022-10-18 09:18:37'),
(1794, '141.94.199.35', '2022-10-18 09:30:05', '2022-10-18 09:30:05'),
(1795, '141.94.199.35', '2022-10-18 10:00:04', '2022-10-18 10:00:04'),
(1796, '205.210.31.47', '2022-10-18 10:03:34', '2022-10-18 10:03:34'),
(1797, '141.94.199.35', '2022-10-18 10:30:04', '2022-10-18 10:30:04'),
(1798, '151.255.254.110', '2022-10-18 10:46:52', '2022-10-18 10:46:52'),
(1799, '151.255.254.110', '2022-10-18 10:50:59', '2022-10-18 10:50:59'),
(1800, '141.94.199.35', '2022-10-18 11:00:04', '2022-10-18 11:00:04'),
(1801, '141.94.199.35', '2022-10-18 11:30:05', '2022-10-18 11:30:05'),
(1802, '141.94.199.35', '2022-10-18 12:00:05', '2022-10-18 12:00:05'),
(1803, '141.94.199.35', '2022-10-18 12:30:05', '2022-10-18 12:30:05'),
(1804, '141.94.199.35', '2022-10-18 13:00:05', '2022-10-18 13:00:05'),
(1805, '141.94.199.35', '2022-10-18 13:30:05', '2022-10-18 13:30:05'),
(1806, '18.234.178.84', '2022-10-18 13:43:01', '2022-10-18 13:43:01'),
(1807, '141.94.199.35', '2022-10-18 14:00:05', '2022-10-18 14:00:05'),
(1808, '141.94.199.35', '2022-10-18 14:30:05', '2022-10-18 14:30:05'),
(1809, '141.94.199.35', '2022-10-18 15:00:05', '2022-10-18 15:00:05'),
(1810, '141.94.199.35', '2022-10-18 15:30:05', '2022-10-18 15:30:05'),
(1811, '141.94.199.35', '2022-10-18 16:00:05', '2022-10-18 16:00:05'),
(1812, '141.94.199.35', '2022-10-18 16:30:04', '2022-10-18 16:30:04'),
(1813, '141.94.199.35', '2022-10-18 17:00:05', '2022-10-18 17:00:05'),
(1814, '141.94.199.35', '2022-10-18 17:30:05', '2022-10-18 17:30:05'),
(1815, '141.94.199.35', '2022-10-18 18:00:05', '2022-10-18 18:00:05'),
(1816, '141.94.199.35', '2022-10-18 18:30:05', '2022-10-18 18:30:05'),
(1817, '141.94.199.35', '2022-10-18 19:00:04', '2022-10-18 19:00:04'),
(1818, '141.94.199.35', '2022-10-18 19:30:05', '2022-10-18 19:30:05'),
(1819, '141.94.199.35', '2022-10-18 20:00:05', '2022-10-18 20:00:05'),
(1820, '176.18.48.172', '2022-10-18 20:12:06', '2022-10-18 20:12:06'),
(1821, '141.94.199.35', '2022-10-18 20:30:05', '2022-10-18 20:30:05'),
(1822, '141.94.199.35', '2022-10-18 21:00:03', '2022-10-18 21:00:03'),
(1823, '141.94.199.35', '2022-10-18 21:30:03', '2022-10-18 21:30:03'),
(1824, '141.94.199.35', '2022-10-18 22:00:04', '2022-10-18 22:00:04'),
(1825, '46.52.60.15', '2022-10-18 22:10:57', '2022-10-18 22:10:57'),
(1826, '141.94.199.35', '2022-10-18 22:30:04', '2022-10-18 22:30:04'),
(1827, '141.94.199.35', '2022-10-18 23:00:04', '2022-10-18 23:00:04'),
(1828, '141.94.199.35', '2022-10-18 23:30:04', '2022-10-18 23:30:04'),
(1829, '141.94.199.35', '2022-10-19 00:00:04', '2022-10-19 00:00:04'),
(1830, '141.94.199.35', '2022-10-19 00:30:04', '2022-10-19 00:30:04'),
(1831, '141.94.199.35', '2022-10-19 01:00:04', '2022-10-19 01:00:04'),
(1832, '141.94.199.35', '2022-10-19 01:30:04', '2022-10-19 01:30:04'),
(1833, '141.94.199.35', '2022-10-19 02:00:04', '2022-10-19 02:00:04'),
(1834, '141.94.199.35', '2022-10-19 02:30:04', '2022-10-19 02:30:04'),
(1835, '141.94.199.35', '2022-10-19 03:00:04', '2022-10-19 03:00:04'),
(1836, '141.94.199.35', '2022-10-19 03:30:04', '2022-10-19 03:30:04'),
(1837, '141.94.199.35', '2022-10-19 04:00:04', '2022-10-19 04:00:04'),
(1838, '141.94.199.35', '2022-10-19 04:30:04', '2022-10-19 04:30:04'),
(1839, '141.94.199.35', '2022-10-19 05:00:04', '2022-10-19 05:00:04'),
(1840, '141.94.199.35', '2022-10-19 05:30:04', '2022-10-19 05:30:04'),
(1841, '141.94.199.35', '2022-10-19 06:00:05', '2022-10-19 06:00:05'),
(1842, '141.94.199.35', '2022-10-19 06:30:04', '2022-10-19 06:30:04'),
(1843, '141.94.199.35', '2022-10-19 07:00:04', '2022-10-19 07:00:04'),
(1844, '141.94.199.35', '2022-10-19 07:30:04', '2022-10-19 07:30:04'),
(1845, '151.255.254.110', '2022-10-19 07:46:49', '2022-10-19 07:46:49'),
(1846, '141.94.199.35', '2022-10-19 08:00:04', '2022-10-19 08:00:04'),
(1847, '141.94.199.35', '2022-10-19 08:30:04', '2022-10-19 08:30:04'),
(1848, '54.166.233.28', '2022-10-19 08:32:14', '2022-10-19 08:32:14'),
(1849, '141.94.199.35', '2022-10-19 09:00:04', '2022-10-19 09:00:04'),
(1850, '141.94.199.35', '2022-10-19 09:30:04', '2022-10-19 09:30:04'),
(1851, '141.94.199.35', '2022-10-19 10:00:04', '2022-10-19 10:00:04'),
(1852, '141.94.199.35', '2022-10-19 10:30:04', '2022-10-19 10:30:04'),
(1853, '141.94.199.35', '2022-10-19 11:00:04', '2022-10-19 11:00:04'),
(1854, '141.94.199.35', '2022-10-19 11:30:04', '2022-10-19 11:30:04'),
(1855, '141.94.199.35', '2022-10-19 12:00:04', '2022-10-19 12:00:04'),
(1856, '141.94.199.35', '2022-10-19 12:30:04', '2022-10-19 12:30:04'),
(1857, '141.94.199.35', '2022-10-19 13:00:04', '2022-10-19 13:00:04'),
(1858, '141.94.199.35', '2022-10-19 13:30:04', '2022-10-19 13:30:04'),
(1859, '141.94.199.35', '2022-10-19 14:00:04', '2022-10-19 14:00:04'),
(1860, '141.94.199.35', '2022-10-19 14:30:05', '2022-10-19 14:30:05'),
(1861, '141.94.199.35', '2022-10-19 15:00:04', '2022-10-19 15:00:04'),
(1862, '3.84.243.19', '2022-10-19 15:00:35', '2022-10-19 15:00:35'),
(1863, '141.94.199.35', '2022-10-19 15:30:04', '2022-10-19 15:30:04'),
(1864, '141.94.199.35', '2022-10-19 16:00:04', '2022-10-19 16:00:04'),
(1865, '141.94.199.35', '2022-10-19 16:30:04', '2022-10-19 16:30:04'),
(1866, '141.94.199.35', '2022-10-19 17:00:04', '2022-10-19 17:00:04'),
(1867, '141.94.199.35', '2022-10-19 17:30:04', '2022-10-19 17:30:04'),
(1868, '141.94.199.35', '2022-10-19 18:00:04', '2022-10-19 18:00:04'),
(1869, '141.94.199.35', '2022-10-19 18:30:04', '2022-10-19 18:30:04'),
(1870, '141.94.199.35', '2022-10-19 19:00:04', '2022-10-19 19:00:04'),
(1871, '141.94.199.35', '2022-10-19 19:30:04', '2022-10-19 19:30:04'),
(1872, '141.94.199.35', '2022-10-19 20:00:05', '2022-10-19 20:00:05'),
(1873, '141.94.199.35', '2022-10-19 20:30:04', '2022-10-19 20:30:04'),
(1874, '141.94.199.35', '2022-10-19 21:00:03', '2022-10-19 21:00:03'),
(1875, '141.94.199.35', '2022-10-19 21:30:04', '2022-10-19 21:30:04'),
(1876, '141.94.199.35', '2022-10-19 22:00:03', '2022-10-19 22:00:03'),
(1877, '141.94.199.35', '2022-10-19 22:30:02', '2022-10-19 22:30:02'),
(1878, '141.94.199.35', '2022-10-19 23:00:03', '2022-10-19 23:00:03'),
(1879, '141.94.199.35', '2022-10-19 23:30:03', '2022-10-19 23:30:03'),
(1880, '141.94.199.35', '2022-10-20 00:00:03', '2022-10-20 00:00:03'),
(1881, '141.94.199.35', '2022-10-20 00:30:03', '2022-10-20 00:30:03'),
(1882, '141.94.199.35', '2022-10-20 01:00:03', '2022-10-20 01:00:03'),
(1883, '141.94.199.35', '2022-10-20 01:30:03', '2022-10-20 01:30:03'),
(1884, '141.94.199.35', '2022-10-20 02:00:03', '2022-10-20 02:00:03'),
(1885, '141.94.199.35', '2022-10-20 02:30:03', '2022-10-20 02:30:03'),
(1886, '141.94.199.35', '2022-10-20 03:00:03', '2022-10-20 03:00:03'),
(1887, '141.94.199.35', '2022-10-20 03:30:03', '2022-10-20 03:30:03'),
(1888, '141.94.199.35', '2022-10-20 04:00:03', '2022-10-20 04:00:03'),
(1889, '141.94.199.35', '2022-10-20 04:30:03', '2022-10-20 04:30:03'),
(1890, '141.94.199.35', '2022-10-20 05:00:04', '2022-10-20 05:00:04'),
(1891, '141.94.199.35', '2022-10-20 05:30:03', '2022-10-20 05:30:03'),
(1892, '141.94.199.35', '2022-10-20 06:00:03', '2022-10-20 06:00:03'),
(1893, '141.94.199.35', '2022-10-20 06:30:03', '2022-10-20 06:30:03'),
(1894, '141.94.199.35', '2022-10-20 07:00:03', '2022-10-20 07:00:03'),
(1895, '54.198.80.69', '2022-10-20 07:25:07', '2022-10-20 07:25:07'),
(1896, '141.94.199.35', '2022-10-20 07:30:03', '2022-10-20 07:30:03'),
(1897, '141.94.199.35', '2022-10-20 08:00:03', '2022-10-20 08:00:03'),
(1898, '141.94.199.35', '2022-10-20 08:30:03', '2022-10-20 08:30:03'),
(1899, '141.94.199.35', '2022-10-20 09:00:03', '2022-10-20 09:00:03'),
(1900, '141.94.199.35', '2022-10-20 09:30:03', '2022-10-20 09:30:03'),
(1901, '141.94.199.35', '2022-10-20 10:00:03', '2022-10-20 10:00:03'),
(1902, '141.94.199.35', '2022-10-20 10:30:03', '2022-10-20 10:30:03'),
(1903, '151.255.166.169', '2022-10-20 10:58:43', '2022-10-20 10:58:43'),
(1904, '141.94.199.35', '2022-10-20 11:00:03', '2022-10-20 11:00:03'),
(1905, '141.94.199.35', '2022-10-20 11:30:03', '2022-10-20 11:30:03'),
(1906, '3.89.152.195', '2022-10-20 11:36:58', '2022-10-20 11:36:58'),
(1907, '141.94.199.35', '2022-10-20 12:00:03', '2022-10-20 12:00:03'),
(1908, '141.94.199.35', '2022-10-20 12:30:03', '2022-10-20 12:30:03'),
(1909, '141.94.199.35', '2022-10-20 13:00:03', '2022-10-20 13:00:03'),
(1910, '141.94.199.35', '2022-10-20 13:30:02', '2022-10-20 13:30:02'),
(1911, '141.94.199.35', '2022-10-20 14:00:02', '2022-10-20 14:00:02'),
(1912, '141.94.199.35', '2022-10-20 14:30:02', '2022-10-20 14:30:02'),
(1913, '141.94.199.35', '2022-10-20 15:00:03', '2022-10-20 15:00:03'),
(1914, '141.94.199.35', '2022-10-20 15:30:03', '2022-10-20 15:30:03'),
(1915, '141.94.199.35', '2022-10-20 16:00:02', '2022-10-20 16:00:02'),
(1916, '141.94.199.35', '2022-10-20 16:30:02', '2022-10-20 16:30:02'),
(1917, '3.89.251.33', '2022-10-20 16:35:03', '2022-10-20 16:35:03'),
(1918, '141.94.199.35', '2022-10-20 17:00:02', '2022-10-20 17:00:02'),
(1919, '141.94.199.35', '2022-10-20 17:30:02', '2022-10-20 17:30:02'),
(1920, '141.94.199.35', '2022-10-20 18:00:02', '2022-10-20 18:00:02'),
(1921, '141.94.199.35', '2022-10-20 18:30:02', '2022-10-20 18:30:02'),
(1922, '141.94.199.35', '2022-10-20 19:00:03', '2022-10-20 19:00:03'),
(1923, '141.94.199.35', '2022-10-20 19:30:02', '2022-10-20 19:30:02'),
(1924, '141.94.199.35', '2022-10-20 20:00:02', '2022-10-20 20:00:02'),
(1925, '141.94.199.35', '2022-10-20 20:30:03', '2022-10-20 20:30:03'),
(1926, '141.94.199.35', '2022-10-20 21:00:06', '2022-10-20 21:00:06'),
(1927, '141.94.199.35', '2022-10-20 21:30:06', '2022-10-20 21:30:06'),
(1928, '141.94.199.35', '2022-10-20 22:00:06', '2022-10-20 22:00:06'),
(1929, '141.94.199.35', '2022-10-20 22:30:06', '2022-10-20 22:30:06'),
(1930, '141.94.199.35', '2022-10-20 23:00:06', '2022-10-20 23:00:06'),
(1931, '46.52.60.15', '2022-10-20 23:17:29', '2022-10-20 23:17:29'),
(1932, '141.94.199.35', '2022-10-20 23:30:06', '2022-10-20 23:30:06'),
(1933, '141.94.199.35', '2022-10-21 00:00:06', '2022-10-21 00:00:06'),
(1934, '141.94.199.35', '2022-10-21 00:30:05', '2022-10-21 00:30:05'),
(1935, '141.94.199.35', '2022-10-21 01:00:05', '2022-10-21 01:00:05'),
(1936, '141.94.199.35', '2022-10-21 01:30:06', '2022-10-21 01:30:06'),
(1937, '141.94.199.35', '2022-10-21 02:00:06', '2022-10-21 02:00:06'),
(1938, '141.94.199.35', '2022-10-21 02:30:06', '2022-10-21 02:30:06'),
(1939, '141.94.199.35', '2022-10-21 03:00:05', '2022-10-21 03:00:05'),
(1940, '141.94.199.35', '2022-10-21 03:30:06', '2022-10-21 03:30:06'),
(1941, '141.94.199.35', '2022-10-21 04:00:06', '2022-10-21 04:00:06'),
(1942, '141.94.199.35', '2022-10-21 04:30:06', '2022-10-21 04:30:06'),
(1943, '141.94.199.35', '2022-10-21 05:00:05', '2022-10-21 05:00:05'),
(1944, '141.94.199.35', '2022-10-21 05:30:05', '2022-10-21 05:30:05'),
(1945, '141.94.199.35', '2022-10-21 06:00:06', '2022-10-21 06:00:06'),
(1946, '141.94.199.35', '2022-10-21 06:30:06', '2022-10-21 06:30:06'),
(1947, '141.94.199.35', '2022-10-21 07:00:06', '2022-10-21 07:00:06'),
(1948, '141.94.199.35', '2022-10-21 07:30:06', '2022-10-21 07:30:06'),
(1949, '141.94.199.35', '2022-10-21 08:00:06', '2022-10-21 08:00:06'),
(1950, '141.94.199.35', '2022-10-21 08:30:06', '2022-10-21 08:30:06'),
(1951, '141.94.199.35', '2022-10-21 09:00:06', '2022-10-21 09:00:06'),
(1952, '141.94.199.35', '2022-10-21 09:30:06', '2022-10-21 09:30:06'),
(1953, '141.94.199.35', '2022-10-21 10:00:06', '2022-10-21 10:00:06'),
(1954, '141.94.199.35', '2022-10-21 10:30:05', '2022-10-21 10:30:05'),
(1955, '141.94.199.35', '2022-10-21 11:00:06', '2022-10-21 11:00:06'),
(1956, '141.94.199.35', '2022-10-21 11:30:05', '2022-10-21 11:30:05'),
(1957, '141.94.199.35', '2022-10-21 12:00:08', '2022-10-21 12:00:08'),
(1958, '141.94.199.35', '2022-10-21 12:30:08', '2022-10-21 12:30:08'),
(1959, '198.235.24.135', '2022-10-21 12:52:35', '2022-10-21 12:52:35'),
(1960, '141.94.199.35', '2022-10-21 13:00:08', '2022-10-21 13:00:08'),
(1961, '141.94.199.35', '2022-10-21 13:30:08', '2022-10-21 13:30:08'),
(1962, '141.94.199.35', '2022-10-21 14:00:07', '2022-10-21 14:00:07'),
(1963, '141.94.199.35', '2022-10-21 14:30:08', '2022-10-21 14:30:08'),
(1964, '141.94.199.35', '2022-10-21 15:00:08', '2022-10-21 15:00:08'),
(1965, '141.94.199.35', '2022-10-21 15:30:13', '2022-10-21 15:30:13'),
(1966, '141.94.199.35', '2022-10-21 16:00:12', '2022-10-21 16:00:12'),
(1967, '141.94.199.35', '2022-10-21 16:30:07', '2022-10-21 16:30:07'),
(1968, '141.94.199.35', '2022-10-21 17:00:08', '2022-10-21 17:00:08'),
(1969, '141.94.199.35', '2022-10-21 17:30:08', '2022-10-21 17:30:08'),
(1970, '141.94.199.35', '2022-10-21 18:00:08', '2022-10-21 18:00:08'),
(1971, '141.94.199.35', '2022-10-21 18:30:08', '2022-10-21 18:30:08'),
(1972, '141.94.199.35', '2022-10-21 19:00:08', '2022-10-21 19:00:08'),
(1973, '141.94.199.35', '2022-10-21 19:30:07', '2022-10-21 19:30:07'),
(1974, '141.94.199.35', '2022-10-21 20:00:07', '2022-10-21 20:00:07'),
(1975, '141.94.199.35', '2022-10-21 20:30:07', '2022-10-21 20:30:07'),
(1976, '141.94.199.35', '2022-10-21 21:00:11', '2022-10-21 21:00:11'),
(1977, '141.94.199.35', '2022-10-21 21:30:11', '2022-10-21 21:30:11'),
(1978, '141.94.199.35', '2022-10-21 22:00:16', '2022-10-21 22:00:16'),
(1979, '141.94.199.35', '2022-10-21 22:30:11', '2022-10-21 22:30:11'),
(1980, '141.94.199.35', '2022-10-21 23:00:09', '2022-10-21 23:00:09'),
(1981, '141.94.199.35', '2022-10-21 23:30:11', '2022-10-21 23:30:11'),
(1982, '141.94.199.35', '2022-10-22 00:00:16', '2022-10-22 00:00:16'),
(1983, '141.94.199.35', '2022-10-22 00:30:09', '2022-10-22 00:30:09'),
(1984, '141.94.199.35', '2022-10-22 01:00:19', '2022-10-22 01:00:19'),
(1985, '141.94.199.35', '2022-10-22 01:30:21', '2022-10-22 01:30:21'),
(1986, '198.235.24.25', '2022-10-22 01:44:07', '2022-10-22 01:44:07'),
(1987, '141.94.199.35', '2022-10-22 02:00:11', '2022-10-22 02:00:11'),
(1988, '141.94.199.35', '2022-10-22 02:30:09', '2022-10-22 02:30:09'),
(1989, '141.94.199.35', '2022-10-22 03:00:11', '2022-10-22 03:00:11'),
(1990, '141.94.199.35', '2022-10-22 03:30:09', '2022-10-22 03:30:09'),
(1991, '141.94.199.35', '2022-10-22 04:00:11', '2022-10-22 04:00:11'),
(1992, '141.94.199.35', '2022-10-22 04:30:11', '2022-10-22 04:30:11'),
(1993, '141.94.199.35', '2022-10-22 05:00:14', '2022-10-22 05:00:14'),
(1994, '141.94.199.35', '2022-10-22 05:30:11', '2022-10-22 05:30:11'),
(1995, '198.235.24.10', '2022-10-22 05:41:59', '2022-10-22 05:41:59'),
(1996, '141.94.199.35', '2022-10-22 06:00:09', '2022-10-22 06:00:09'),
(1997, '141.94.199.35', '2022-10-22 06:30:16', '2022-10-22 06:30:16'),
(1998, '141.94.199.35', '2022-10-22 07:00:16', '2022-10-22 07:00:16'),
(1999, '141.94.199.35', '2022-10-22 07:30:12', '2022-10-22 07:30:12'),
(2000, '141.94.199.35', '2022-10-22 08:00:12', '2022-10-22 08:00:12'),
(2001, '141.94.199.35', '2022-10-22 08:30:10', '2022-10-22 08:30:10'),
(2002, '93.169.168.121', '2022-10-22 08:48:33', '2022-10-22 08:48:33'),
(2003, '141.94.199.35', '2022-10-22 09:00:11', '2022-10-22 09:00:11'),
(2004, '205.210.31.59', '2022-10-22 09:24:50', '2022-10-22 09:24:50'),
(2005, '141.94.199.35', '2022-10-22 09:30:10', '2022-10-22 09:30:10'),
(2006, '141.94.199.35', '2022-10-22 10:00:08', '2022-10-22 10:00:08'),
(2007, '141.94.199.35', '2022-10-22 10:30:08', '2022-10-22 10:30:08'),
(2008, '141.94.199.35', '2022-10-22 11:00:07', '2022-10-22 11:00:07'),
(2009, '75.101.182.137', '2022-10-22 11:06:57', '2022-10-22 11:06:57'),
(2010, '141.94.199.35', '2022-10-22 11:30:08', '2022-10-22 11:30:08'),
(2011, '141.94.199.35', '2022-10-22 12:00:08', '2022-10-22 12:00:08'),
(2012, '141.94.199.35', '2022-10-22 12:30:07', '2022-10-22 12:30:07'),
(2013, '3.91.98.221', '2022-10-22 12:32:18', '2022-10-22 12:32:18'),
(2014, '141.94.199.35', '2022-10-22 13:00:08', '2022-10-22 13:00:08'),
(2015, '141.94.199.35', '2022-10-22 13:30:08', '2022-10-22 13:30:08'),
(2016, '141.94.199.35', '2022-10-22 14:00:08', '2022-10-22 14:00:08'),
(2017, '141.94.199.35', '2022-10-22 14:30:08', '2022-10-22 14:30:08'),
(2018, '44.203.101.172', '2022-10-22 14:39:41', '2022-10-22 14:39:41'),
(2019, '141.94.199.35', '2022-10-22 15:00:08', '2022-10-22 15:00:08'),
(2020, '141.94.199.35', '2022-10-22 15:30:08', '2022-10-22 15:30:08'),
(2021, '141.94.199.35', '2022-10-22 16:00:07', '2022-10-22 16:00:07'),
(2022, '141.94.199.35', '2022-10-22 16:30:08', '2022-10-22 16:30:08'),
(2023, '141.94.199.35', '2022-10-22 17:00:08', '2022-10-22 17:00:08'),
(2024, '141.94.199.35', '2022-10-22 17:30:08', '2022-10-22 17:30:08'),
(2025, '141.94.199.35', '2022-10-22 18:00:08', '2022-10-22 18:00:08'),
(2026, '141.94.199.35', '2022-10-22 18:30:08', '2022-10-22 18:30:08'),
(2027, '141.94.199.35', '2022-10-22 19:00:08', '2022-10-22 19:00:08'),
(2028, '141.94.199.35', '2022-10-22 19:30:07', '2022-10-22 19:30:07'),
(2029, '141.94.199.35', '2022-10-22 20:00:07', '2022-10-22 20:00:07'),
(2030, '141.94.199.35', '2022-10-22 20:30:08', '2022-10-22 20:30:08'),
(2031, '141.94.199.35', '2022-10-22 21:00:06', '2022-10-22 21:00:06'),
(2032, '141.94.199.35', '2022-10-22 21:30:06', '2022-10-22 21:30:06'),
(2033, '141.94.199.35', '2022-10-22 22:00:06', '2022-10-22 22:00:06'),
(2034, '141.94.199.35', '2022-10-22 22:30:06', '2022-10-22 22:30:06'),
(2035, '141.94.199.35', '2022-10-22 23:00:06', '2022-10-22 23:00:06'),
(2036, '141.94.199.35', '2022-10-22 23:30:06', '2022-10-22 23:30:06'),
(2037, '141.94.199.35', '2022-10-23 00:00:07', '2022-10-23 00:00:07'),
(2038, '141.94.199.35', '2022-10-23 00:30:06', '2022-10-23 00:30:06'),
(2039, '141.94.199.35', '2022-10-23 01:00:07', '2022-10-23 01:00:07'),
(2040, '141.94.199.35', '2022-10-23 01:30:06', '2022-10-23 01:30:06'),
(2041, '141.94.199.35', '2022-10-23 02:00:06', '2022-10-23 02:00:06'),
(2042, '141.94.199.35', '2022-10-23 02:30:06', '2022-10-23 02:30:06'),
(2043, '141.94.199.35', '2022-10-23 03:00:06', '2022-10-23 03:00:06'),
(2044, '141.94.199.35', '2022-10-23 03:30:07', '2022-10-23 03:30:07'),
(2045, '141.94.199.35', '2022-10-23 04:00:07', '2022-10-23 04:00:07'),
(2046, '141.94.199.35', '2022-10-23 04:30:06', '2022-10-23 04:30:06'),
(2047, '141.94.199.35', '2022-10-23 05:00:06', '2022-10-23 05:00:06'),
(2048, '141.94.199.35', '2022-10-23 05:30:07', '2022-10-23 05:30:07'),
(2049, '141.94.199.35', '2022-10-23 06:00:07', '2022-10-23 06:00:07'),
(2050, '141.94.199.35', '2022-10-23 06:30:06', '2022-10-23 06:30:06'),
(2051, '3.83.149.198', '2022-10-23 06:57:16', '2022-10-23 06:57:16'),
(2052, '141.94.199.35', '2022-10-23 07:00:07', '2022-10-23 07:00:07'),
(2053, '141.94.199.35', '2022-10-23 07:30:06', '2022-10-23 07:30:06'),
(2054, '141.94.199.35', '2022-10-23 08:00:17', '2022-10-23 08:00:17'),
(2055, '141.94.199.35', '2022-10-23 08:30:12', '2022-10-23 08:30:12'),
(2056, '18.205.157.43', '2022-10-23 08:52:49', '2022-10-23 08:52:49'),
(2057, '141.94.199.35', '2022-10-23 09:00:06', '2022-10-23 09:00:06'),
(2058, '141.94.199.35', '2022-10-23 09:30:06', '2022-10-23 09:30:06'),
(2059, '141.94.199.35', '2022-10-23 10:00:07', '2022-10-23 10:00:07'),
(2060, '141.94.199.35', '2022-10-23 10:30:07', '2022-10-23 10:30:07'),
(2061, '141.94.199.35', '2022-10-23 11:00:07', '2022-10-23 11:00:07'),
(2062, '3.238.53.52', '2022-10-23 11:15:01', '2022-10-23 11:15:01'),
(2063, '141.94.199.35', '2022-10-23 11:30:07', '2022-10-23 11:30:07'),
(2064, '141.94.199.35', '2022-10-23 12:00:06', '2022-10-23 12:00:06'),
(2065, '141.94.199.35', '2022-10-23 12:30:07', '2022-10-23 12:30:07'),
(2066, '34.207.245.202', '2022-10-23 12:34:12', '2022-10-23 12:34:12'),
(2067, '141.94.199.35', '2022-10-23 13:00:07', '2022-10-23 13:00:07'),
(2068, '141.94.199.35', '2022-10-23 13:30:06', '2022-10-23 13:30:06'),
(2069, '141.94.199.35', '2022-10-23 14:00:06', '2022-10-23 14:00:06'),
(2070, '141.94.199.35', '2022-10-23 14:30:06', '2022-10-23 14:30:06'),
(2071, '141.94.199.35', '2022-10-23 15:00:06', '2022-10-23 15:00:06'),
(2072, '141.94.199.35', '2022-10-23 15:30:06', '2022-10-23 15:30:06'),
(2073, '51.211.59.141', '2022-10-23 15:57:21', '2022-10-23 15:57:21'),
(2074, '141.94.199.35', '2022-10-23 16:00:06', '2022-10-23 16:00:06'),
(2075, '141.94.199.35', '2022-10-23 16:30:06', '2022-10-23 16:30:06'),
(2076, '141.94.199.35', '2022-10-23 17:00:06', '2022-10-23 17:00:06'),
(2077, '141.94.199.35', '2022-10-23 17:30:06', '2022-10-23 17:30:06'),
(2078, '162.142.125.7', '2022-10-23 17:39:34', '2022-10-23 17:39:34'),
(2079, '162.142.125.7', '2022-10-23 17:39:34', '2022-10-23 17:39:34'),
(2080, '141.94.199.35', '2022-10-23 18:00:07', '2022-10-23 18:00:07'),
(2081, '141.94.199.35', '2022-10-23 18:30:07', '2022-10-23 18:30:07'),
(2082, '141.94.199.35', '2022-10-23 19:00:07', '2022-10-23 19:00:07'),
(2083, '141.94.199.35', '2022-10-23 19:30:07', '2022-10-23 19:30:07'),
(2084, '141.94.199.35', '2022-10-23 20:00:07', '2022-10-23 20:00:07'),
(2085, '141.94.199.35', '2022-10-23 20:30:07', '2022-10-23 20:30:07'),
(2086, '141.94.199.35', '2022-10-23 21:00:04', '2022-10-23 21:00:04'),
(2087, '141.94.199.35', '2022-10-23 21:30:04', '2022-10-23 21:30:04'),
(2088, '141.94.199.35', '2022-10-23 22:00:04', '2022-10-23 22:00:04'),
(2089, '141.94.199.35', '2022-10-23 22:30:04', '2022-10-23 22:30:04'),
(2090, '141.94.199.35', '2022-10-23 23:00:04', '2022-10-23 23:00:04'),
(2091, '141.94.199.35', '2022-10-23 23:30:04', '2022-10-23 23:30:04'),
(2092, '141.94.199.35', '2022-10-24 00:00:04', '2022-10-24 00:00:04'),
(2093, '141.94.199.35', '2022-10-24 00:30:03', '2022-10-24 00:30:03'),
(2094, '141.94.199.35', '2022-10-24 01:00:04', '2022-10-24 01:00:04'),
(2095, '141.94.199.35', '2022-10-24 01:30:04', '2022-10-24 01:30:04'),
(2096, '141.94.199.35', '2022-10-24 02:00:03', '2022-10-24 02:00:03'),
(2097, '141.94.199.35', '2022-10-24 02:30:03', '2022-10-24 02:30:03'),
(2098, '141.94.199.35', '2022-10-24 03:00:04', '2022-10-24 03:00:04'),
(2099, '141.94.199.35', '2022-10-24 03:30:03', '2022-10-24 03:30:03'),
(2100, '141.94.199.35', '2022-10-24 04:00:04', '2022-10-24 04:00:04'),
(2101, '141.94.199.35', '2022-10-24 04:30:04', '2022-10-24 04:30:04'),
(2102, '141.94.199.35', '2022-10-24 05:00:04', '2022-10-24 05:00:04'),
(2103, '141.94.199.35', '2022-10-24 05:30:04', '2022-10-24 05:30:04'),
(2104, '141.94.199.35', '2022-10-24 06:00:04', '2022-10-24 06:00:04'),
(2105, '141.94.199.35', '2022-10-24 06:30:04', '2022-10-24 06:30:04'),
(2106, '141.94.199.35', '2022-10-24 07:00:04', '2022-10-24 07:00:04'),
(2107, '141.94.199.35', '2022-10-24 07:30:04', '2022-10-24 07:30:04'),
(2108, '141.94.199.35', '2022-10-24 08:00:04', '2022-10-24 08:00:04'),
(2109, '141.94.199.35', '2022-10-24 08:30:04', '2022-10-24 08:30:04'),
(2110, '141.94.199.35', '2022-10-24 09:00:04', '2022-10-24 09:00:04'),
(2111, '141.94.199.35', '2022-10-24 09:30:04', '2022-10-24 09:30:04'),
(2112, '141.94.199.35', '2022-10-24 10:00:03', '2022-10-24 10:00:03'),
(2113, '141.94.199.35', '2022-10-24 10:30:04', '2022-10-24 10:30:04'),
(2114, '141.94.199.35', '2022-10-24 11:00:03', '2022-10-24 11:00:03'),
(2115, '141.94.199.35', '2022-10-24 11:30:04', '2022-10-24 11:30:04'),
(2116, '141.94.199.35', '2022-10-24 12:00:04', '2022-10-24 12:00:04'),
(2117, '141.94.199.35', '2022-10-24 12:30:04', '2022-10-24 12:30:04'),
(2118, '141.94.199.35', '2022-10-24 13:00:04', '2022-10-24 13:00:04'),
(2119, '141.94.199.35', '2022-10-24 13:30:04', '2022-10-24 13:30:04'),
(2120, '141.94.199.35', '2022-10-24 14:00:04', '2022-10-24 14:00:04'),
(2121, '54.166.233.28', '2022-10-24 14:27:32', '2022-10-24 14:27:32'),
(2122, '141.94.199.35', '2022-10-24 14:30:04', '2022-10-24 14:30:04'),
(2123, '141.94.199.35', '2022-10-24 15:00:03', '2022-10-24 15:00:03'),
(2124, '141.94.199.35', '2022-10-24 15:30:03', '2022-10-24 15:30:03'),
(2125, '141.94.199.35', '2022-10-24 16:00:04', '2022-10-24 16:00:04'),
(2126, '178.86.77.111', '2022-10-24 16:20:00', '2022-10-24 16:20:00'),
(2127, '141.94.199.35', '2022-10-24 16:30:04', '2022-10-24 16:30:04'),
(2128, '141.94.199.35', '2022-10-24 17:00:03', '2022-10-24 17:00:03'),
(2129, '141.94.199.35', '2022-10-24 17:30:03', '2022-10-24 17:30:03'),
(2130, '141.94.199.35', '2022-10-24 18:00:04', '2022-10-24 18:00:04'),
(2131, '141.94.199.35', '2022-10-24 18:30:04', '2022-10-24 18:30:04'),
(2132, '141.94.199.35', '2022-10-24 19:00:03', '2022-10-24 19:00:03'),
(2133, '141.94.199.35', '2022-10-24 19:30:04', '2022-10-24 19:30:04'),
(2134, '141.94.199.35', '2022-10-24 20:00:03', '2022-10-24 20:00:03'),
(2135, '141.94.199.35', '2022-10-24 20:30:03', '2022-10-24 20:30:03'),
(2136, '141.94.199.35', '2022-10-24 21:00:03', '2022-10-24 21:00:03'),
(2137, '141.94.199.35', '2022-10-24 21:30:03', '2022-10-24 21:30:03'),
(2138, '141.94.199.35', '2022-10-24 22:00:03', '2022-10-24 22:00:03'),
(2139, '141.94.199.35', '2022-10-24 22:30:03', '2022-10-24 22:30:03'),
(2140, '141.94.199.35', '2022-10-24 23:00:03', '2022-10-24 23:00:03'),
(2141, '172.105.91.149', '2022-10-24 23:14:42', '2022-10-24 23:14:42'),
(2142, '157.230.99.82', '2022-10-24 23:14:42', '2022-10-24 23:14:42'),
(2143, '172.105.91.149', '2022-10-24 23:14:42', '2022-10-24 23:14:42'),
(2144, '134.209.227.71', '2022-10-24 23:14:43', '2022-10-24 23:14:43'),
(2145, '172.105.91.149', '2022-10-24 23:14:43', '2022-10-24 23:14:43'),
(2146, '172.105.91.149', '2022-10-24 23:14:43', '2022-10-24 23:14:43'),
(2147, '157.230.99.82', '2022-10-24 23:14:44', '2022-10-24 23:14:44'),
(2148, '157.230.99.82', '2022-10-24 23:14:44', '2022-10-24 23:14:44'),
(2149, '39.110.218.101', '2022-10-24 23:14:45', '2022-10-24 23:14:45'),
(2150, '134.209.227.71', '2022-10-24 23:14:45', '2022-10-24 23:14:45'),
(2151, '39.110.218.101', '2022-10-24 23:14:56', '2022-10-24 23:14:56'),
(2152, '79.104.53.14', '2022-10-24 23:28:08', '2022-10-24 23:28:08'),
(2153, '141.94.199.35', '2022-10-24 23:30:03', '2022-10-24 23:30:03'),
(2154, '205.169.39.53', '2022-10-24 23:57:00', '2022-10-24 23:57:00'),
(2155, '141.94.199.35', '2022-10-25 00:00:03', '2022-10-25 00:00:03'),
(2156, '141.94.199.35', '2022-10-25 00:30:03', '2022-10-25 00:30:03'),
(2157, '141.94.199.35', '2022-10-25 01:00:03', '2022-10-25 01:00:03'),
(2158, '133.242.174.119', '2022-10-25 01:13:35', '2022-10-25 01:13:35'),
(2159, '133.242.140.127', '2022-10-25 01:13:37', '2022-10-25 01:13:37'),
(2160, '133.242.174.119', '2022-10-25 01:13:47', '2022-10-25 01:13:47'),
(2161, '133.242.140.127', '2022-10-25 01:13:48', '2022-10-25 01:13:48'),
(2162, '141.94.199.35', '2022-10-25 01:30:03', '2022-10-25 01:30:03'),
(2163, '141.94.199.35', '2022-10-25 02:00:03', '2022-10-25 02:00:03'),
(2164, '141.94.199.35', '2022-10-25 02:30:03', '2022-10-25 02:30:03'),
(2165, '141.94.199.35', '2022-10-25 03:00:03', '2022-10-25 03:00:03'),
(2166, '141.94.199.35', '2022-10-25 03:30:03', '2022-10-25 03:30:03'),
(2167, '65.154.226.109', '2022-10-25 03:34:47', '2022-10-25 03:34:47'),
(2168, '176.113.42.67', '2022-10-25 03:48:07', '2022-10-25 03:48:07'),
(2169, '141.94.199.35', '2022-10-25 04:00:03', '2022-10-25 04:00:03'),
(2170, '141.94.199.35', '2022-10-25 04:30:03', '2022-10-25 04:30:03'),
(2171, '176.53.222.192', '2022-10-25 04:47:24', '2022-10-25 04:47:24'),
(2172, '141.94.199.35', '2022-10-25 05:00:03', '2022-10-25 05:00:03'),
(2173, '141.94.199.35', '2022-10-25 05:30:03', '2022-10-25 05:30:03'),
(2174, '141.94.199.35', '2022-10-25 06:00:03', '2022-10-25 06:00:03'),
(2175, '141.94.199.35', '2022-10-25 06:30:03', '2022-10-25 06:30:03'),
(2176, '141.94.199.35', '2022-10-25 07:00:03', '2022-10-25 07:00:03'),
(2177, '141.94.199.35', '2022-10-25 07:30:03', '2022-10-25 07:30:03'),
(2178, '141.94.199.35', '2022-10-25 08:00:03', '2022-10-25 08:00:03'),
(2179, '141.94.199.35', '2022-10-25 08:30:03', '2022-10-25 08:30:03'),
(2180, '141.94.199.35', '2022-10-25 09:00:03', '2022-10-25 09:00:03'),
(2181, '141.94.199.35', '2022-10-25 09:30:03', '2022-10-25 09:30:03'),
(2182, '141.94.199.35', '2022-10-25 10:00:03', '2022-10-25 10:00:03'),
(2183, '141.94.199.35', '2022-10-25 10:30:03', '2022-10-25 10:30:03'),
(2184, '141.94.199.35', '2022-10-25 11:00:03', '2022-10-25 11:00:03'),
(2185, '54.210.133.43', '2022-10-25 11:04:43', '2022-10-25 11:04:43');
INSERT INTO `website_visitors` (`id`, `ip`, `created_at`, `updated_at`) VALUES
(2186, '141.94.199.35', '2022-10-25 11:30:03', '2022-10-25 11:30:03'),
(2187, '141.94.199.35', '2022-10-25 12:00:03', '2022-10-25 12:00:03'),
(2188, '141.94.199.35', '2022-10-25 12:30:03', '2022-10-25 12:30:03'),
(2189, '141.94.199.35', '2022-10-25 13:00:03', '2022-10-25 13:00:03'),
(2190, '141.94.199.35', '2022-10-25 13:30:03', '2022-10-25 13:30:03'),
(2191, '141.94.199.35', '2022-10-25 14:00:03', '2022-10-25 14:00:03'),
(2192, '141.94.199.35', '2022-10-25 14:30:03', '2022-10-25 14:30:03'),
(2193, '141.94.199.35', '2022-10-25 15:00:03', '2022-10-25 15:00:03'),
(2194, '141.94.199.35', '2022-10-25 15:30:03', '2022-10-25 15:30:03'),
(2195, '141.94.199.35', '2022-10-25 16:00:03', '2022-10-25 16:00:03'),
(2196, '141.94.199.35', '2022-10-25 16:30:03', '2022-10-25 16:30:03'),
(2197, '141.94.199.35', '2022-10-25 17:00:03', '2022-10-25 17:00:03'),
(2198, '141.94.199.35', '2022-10-25 17:30:03', '2022-10-25 17:30:03'),
(2199, '141.94.199.35', '2022-10-25 18:00:03', '2022-10-25 18:00:03'),
(2200, '141.94.199.35', '2022-10-25 18:30:03', '2022-10-25 18:30:03'),
(2201, '141.94.199.35', '2022-10-25 19:00:02', '2022-10-25 19:00:02'),
(2202, '141.94.199.35', '2022-10-25 19:30:03', '2022-10-25 19:30:03'),
(2203, '141.94.199.35', '2022-10-25 20:00:03', '2022-10-25 20:00:03'),
(2204, '141.94.199.35', '2022-10-25 20:30:03', '2022-10-25 20:30:03'),
(2205, '141.94.199.35', '2022-10-25 21:00:04', '2022-10-25 21:00:04'),
(2206, '141.94.199.35', '2022-10-25 21:30:04', '2022-10-25 21:30:04'),
(2207, '141.94.199.35', '2022-10-25 22:00:04', '2022-10-25 22:00:04'),
(2208, '141.94.199.35', '2022-10-25 22:30:04', '2022-10-25 22:30:04'),
(2209, '141.94.199.35', '2022-10-25 23:00:04', '2022-10-25 23:00:04'),
(2210, '141.94.199.35', '2022-10-25 23:30:04', '2022-10-25 23:30:04'),
(2211, '141.94.199.35', '2022-10-26 00:00:05', '2022-10-26 00:00:05'),
(2212, '141.94.199.35', '2022-10-26 00:30:04', '2022-10-26 00:30:04'),
(2213, '141.94.199.35', '2022-10-26 01:00:05', '2022-10-26 01:00:05'),
(2214, '141.94.199.35', '2022-10-26 01:30:04', '2022-10-26 01:30:04'),
(2215, '141.94.199.35', '2022-10-26 02:00:04', '2022-10-26 02:00:04'),
(2216, '141.94.199.35', '2022-10-26 02:30:05', '2022-10-26 02:30:05'),
(2217, '141.94.199.35', '2022-10-26 03:00:04', '2022-10-26 03:00:04'),
(2218, '141.94.199.35', '2022-10-26 03:30:04', '2022-10-26 03:30:04'),
(2219, '141.94.199.35', '2022-10-26 04:00:05', '2022-10-26 04:00:05'),
(2220, '176.53.218.215', '2022-10-26 04:14:09', '2022-10-26 04:14:09'),
(2221, '141.94.199.35', '2022-10-26 04:30:04', '2022-10-26 04:30:04'),
(2222, '141.94.199.35', '2022-10-26 05:00:05', '2022-10-26 05:00:05'),
(2223, '176.53.219.250', '2022-10-26 05:13:39', '2022-10-26 05:13:39'),
(2224, '141.94.199.35', '2022-10-26 05:30:05', '2022-10-26 05:30:05'),
(2225, '141.94.199.35', '2022-10-26 06:00:05', '2022-10-26 06:00:05'),
(2226, '141.94.199.35', '2022-10-26 06:30:04', '2022-10-26 06:30:04'),
(2227, '141.94.199.35', '2022-10-26 07:00:05', '2022-10-26 07:00:05'),
(2228, '141.94.199.35', '2022-10-26 07:30:04', '2022-10-26 07:30:04'),
(2229, '141.94.199.35', '2022-10-26 08:00:05', '2022-10-26 08:00:05'),
(2230, '141.94.199.35', '2022-10-26 08:30:05', '2022-10-26 08:30:05'),
(2231, '141.94.199.35', '2022-10-26 09:00:05', '2022-10-26 09:00:05'),
(2232, '141.94.199.35', '2022-10-26 09:30:05', '2022-10-26 09:30:05'),
(2233, '93.169.168.121', '2022-10-26 09:44:40', '2022-10-26 09:44:40'),
(2234, '93.169.168.121', '2022-10-26 09:44:49', '2022-10-26 09:44:49'),
(2235, '141.94.199.35', '2022-10-26 10:00:05', '2022-10-26 10:00:05'),
(2236, '141.94.199.35', '2022-10-26 10:30:05', '2022-10-26 10:30:05'),
(2237, '141.94.199.35', '2022-10-26 11:00:04', '2022-10-26 11:00:04'),
(2238, '141.94.199.35', '2022-10-26 11:30:04', '2022-10-26 11:30:04'),
(2239, '141.94.199.35', '2022-10-26 12:00:04', '2022-10-26 12:00:04'),
(2240, '141.94.199.35', '2022-10-26 12:30:04', '2022-10-26 12:30:04'),
(2241, '141.94.199.35', '2022-10-26 13:00:04', '2022-10-26 13:00:04'),
(2242, '141.94.199.35', '2022-10-26 13:30:04', '2022-10-26 13:30:04'),
(2243, '141.94.199.35', '2022-10-26 14:00:04', '2022-10-26 14:00:04'),
(2244, '141.94.199.35', '2022-10-26 14:30:04', '2022-10-26 14:30:04'),
(2245, '141.94.199.35', '2022-10-26 15:00:04', '2022-10-26 15:00:04'),
(2246, '141.94.199.35', '2022-10-26 15:30:05', '2022-10-26 15:30:05'),
(2247, '141.94.199.35', '2022-10-26 16:00:04', '2022-10-26 16:00:04'),
(2248, '141.94.199.35', '2022-10-26 16:30:05', '2022-10-26 16:30:05'),
(2249, '141.94.199.35', '2022-10-26 17:00:04', '2022-10-26 17:00:04'),
(2250, '141.94.199.35', '2022-10-26 17:30:04', '2022-10-26 17:30:04'),
(2251, '141.94.199.35', '2022-10-26 18:00:05', '2022-10-26 18:00:05'),
(2252, '141.94.199.35', '2022-10-26 18:30:05', '2022-10-26 18:30:05'),
(2253, '141.94.199.35', '2022-10-26 19:00:05', '2022-10-26 19:00:05'),
(2254, '141.94.199.35', '2022-10-26 19:30:04', '2022-10-26 19:30:04'),
(2255, '141.94.199.35', '2022-10-26 20:00:04', '2022-10-26 20:00:04'),
(2256, '141.94.199.35', '2022-10-26 20:30:05', '2022-10-26 20:30:05'),
(2257, '141.94.199.35', '2022-10-26 21:00:07', '2022-10-26 21:00:07'),
(2258, '141.94.199.35', '2022-10-26 21:30:06', '2022-10-26 21:30:06'),
(2259, '141.94.199.35', '2022-10-26 22:00:07', '2022-10-26 22:00:07'),
(2260, '141.94.199.35', '2022-10-26 22:30:06', '2022-10-26 22:30:06'),
(2261, '141.94.199.35', '2022-10-26 23:00:07', '2022-10-26 23:00:07'),
(2262, '141.94.199.35', '2022-10-31 12:01:27', '2022-10-31 12:01:27'),
(2263, '141.94.199.35', '2022-10-31 12:30:06', '2022-10-31 12:30:06'),
(2264, '141.94.199.35', '2022-10-31 13:00:06', '2022-10-31 13:00:06'),
(2265, '5.109.248.68', '2022-10-31 13:00:33', '2022-10-31 13:00:33'),
(2266, '141.94.199.35', '2022-10-31 13:30:06', '2022-10-31 13:30:06'),
(2267, '141.94.199.35', '2022-10-31 14:00:06', '2022-10-31 14:00:06'),
(2268, '3.93.164.200', '2022-10-31 14:20:12', '2022-10-31 14:20:12'),
(2269, '141.94.199.35', '2022-10-31 14:30:05', '2022-10-31 14:30:05'),
(2270, '141.94.199.35', '2022-10-31 15:00:06', '2022-10-31 15:00:06'),
(2271, '141.94.199.35', '2022-10-31 15:30:05', '2022-10-31 15:30:05'),
(2272, '141.94.199.35', '2022-10-31 16:00:05', '2022-10-31 16:00:05'),
(2273, '141.94.199.35', '2022-10-31 16:30:05', '2022-10-31 16:30:05'),
(2274, '141.94.199.35', '2022-10-31 17:00:06', '2022-10-31 17:00:06'),
(2275, '167.94.138.63', '2022-10-31 17:28:56', '2022-10-31 17:28:56'),
(2276, '167.94.138.63', '2022-10-31 17:28:57', '2022-10-31 17:28:57'),
(2277, '141.94.199.35', '2022-10-31 17:30:05', '2022-10-31 17:30:05'),
(2278, '141.94.199.35', '2022-10-31 18:00:06', '2022-10-31 18:00:06'),
(2279, '141.94.199.35', '2022-10-31 18:30:05', '2022-10-31 18:30:05'),
(2280, '141.94.199.35', '2022-10-31 19:00:06', '2022-10-31 19:00:06'),
(2281, '141.94.199.35', '2022-10-31 19:30:06', '2022-10-31 19:30:06'),
(2282, '141.94.199.35', '2022-10-31 20:00:06', '2022-10-31 20:00:06'),
(2283, '141.94.199.35', '2022-10-31 20:30:06', '2022-10-31 20:30:06'),
(2284, '141.94.199.35', '2022-10-31 21:00:04', '2022-10-31 21:00:04'),
(2285, '141.94.199.35', '2022-10-31 21:30:04', '2022-10-31 21:30:04'),
(2286, '141.94.199.35', '2022-10-31 22:00:04', '2022-10-31 22:00:04'),
(2287, '141.94.199.35', '2022-10-31 22:30:04', '2022-10-31 22:30:04'),
(2288, '141.94.199.35', '2022-10-31 23:00:04', '2022-10-31 23:00:04'),
(2289, '141.94.199.35', '2022-10-31 23:30:04', '2022-10-31 23:30:04'),
(2290, '141.94.199.35', '2022-11-01 00:00:04', '2022-11-01 00:00:04'),
(2291, '141.94.199.35', '2022-11-01 00:30:04', '2022-11-01 00:30:04'),
(2292, '141.94.199.35', '2022-11-01 01:00:04', '2022-11-01 01:00:04'),
(2293, '141.94.199.35', '2022-11-01 01:30:04', '2022-11-01 01:30:04'),
(2294, '141.94.199.35', '2022-11-01 02:00:04', '2022-11-01 02:00:04'),
(2295, '141.94.199.35', '2022-11-01 02:30:04', '2022-11-01 02:30:04'),
(2296, '141.94.199.35', '2022-11-01 03:00:04', '2022-11-01 03:00:04'),
(2297, '141.94.199.35', '2022-11-01 03:30:04', '2022-11-01 03:30:04'),
(2298, '141.94.199.35', '2022-11-01 04:00:04', '2022-11-01 04:00:04'),
(2299, '141.94.199.35', '2022-11-01 04:30:04', '2022-11-01 04:30:04'),
(2300, '173.252.95.10', '2022-11-01 04:52:14', '2022-11-01 04:52:14'),
(2301, '141.94.199.35', '2022-11-01 05:00:04', '2022-11-01 05:00:04'),
(2302, '141.94.199.35', '2022-11-01 05:30:04', '2022-11-01 05:30:04'),
(2303, '141.94.199.35', '2022-11-01 06:00:04', '2022-11-01 06:00:04'),
(2304, '141.94.199.35', '2022-11-01 06:30:04', '2022-11-01 06:30:04'),
(2305, '141.94.199.35', '2022-11-01 07:00:04', '2022-11-01 07:00:04'),
(2306, '141.94.199.35', '2022-11-01 07:30:04', '2022-11-01 07:30:04'),
(2307, '141.94.199.35', '2022-11-01 08:00:04', '2022-11-01 08:00:04'),
(2308, '141.94.199.35', '2022-11-01 08:30:04', '2022-11-01 08:30:04'),
(2309, '141.94.199.35', '2022-11-01 09:00:04', '2022-11-01 09:00:04'),
(2310, '93.169.168.121', '2022-11-01 09:15:41', '2022-11-01 09:15:41'),
(2311, '141.94.199.35', '2022-11-01 09:30:04', '2022-11-01 09:30:04'),
(2312, '141.94.199.35', '2022-11-01 10:00:04', '2022-11-01 10:00:04'),
(2313, '93.169.168.121', '2022-11-01 10:25:59', '2022-11-01 10:25:59'),
(2314, '141.94.199.35', '2022-11-01 10:30:04', '2022-11-01 10:30:04'),
(2315, '141.94.199.35', '2022-11-01 11:00:04', '2022-11-01 11:00:04'),
(2316, '141.94.199.35', '2022-11-01 11:30:04', '2022-11-01 11:30:04'),
(2317, '18.212.65.115', '2022-11-01 11:46:42', '2022-11-01 11:46:42'),
(2318, '141.94.199.35', '2022-11-01 12:00:04', '2022-11-01 12:00:04'),
(2319, '141.94.199.35', '2022-11-01 12:30:04', '2022-11-01 12:30:04'),
(2320, '141.94.199.35', '2022-11-01 13:00:04', '2022-11-01 13:00:04'),
(2321, '141.94.199.35', '2022-11-01 13:30:04', '2022-11-01 13:30:04'),
(2322, '54.165.62.22', '2022-11-01 13:44:55', '2022-11-01 13:44:55'),
(2323, '141.94.199.35', '2022-11-01 14:00:04', '2022-11-01 14:00:04'),
(2324, '141.94.199.35', '2022-11-01 14:30:04', '2022-11-01 14:30:04'),
(2325, '141.94.199.35', '2022-11-01 15:00:04', '2022-11-01 15:00:04'),
(2326, '141.94.199.35', '2022-11-01 15:30:04', '2022-11-01 15:30:04'),
(2327, '141.94.199.35', '2022-11-01 16:00:04', '2022-11-01 16:00:04'),
(2328, '205.210.31.181', '2022-11-01 16:19:19', '2022-11-01 16:19:19'),
(2329, '141.94.199.35', '2022-11-01 16:30:04', '2022-11-01 16:30:04'),
(2330, '141.94.199.35', '2022-11-01 17:00:04', '2022-11-01 17:00:04'),
(2331, '205.210.31.17', '2022-11-01 17:01:26', '2022-11-01 17:01:26'),
(2332, '141.94.199.35', '2022-11-01 17:30:04', '2022-11-01 17:30:04'),
(2333, '141.94.199.35', '2022-11-01 18:00:04', '2022-11-01 18:00:04'),
(2334, '141.94.199.35', '2022-11-01 18:30:04', '2022-11-01 18:30:04'),
(2335, '141.94.199.35', '2022-11-01 19:00:04', '2022-11-01 19:00:04'),
(2336, '141.94.199.35', '2022-11-01 19:30:04', '2022-11-01 19:30:04'),
(2337, '141.94.199.35', '2022-11-01 20:00:04', '2022-11-01 20:00:04'),
(2338, '141.94.199.35', '2022-11-01 20:30:04', '2022-11-01 20:30:04'),
(2339, '205.210.31.154', '2022-11-01 20:32:32', '2022-11-01 20:32:32'),
(2340, '141.94.199.35', '2022-11-01 21:00:08', '2022-11-01 21:00:08'),
(2341, '141.94.199.35', '2022-11-01 21:30:08', '2022-11-01 21:30:08'),
(2342, '141.94.199.35', '2022-11-01 22:00:08', '2022-11-01 22:00:08'),
(2343, '141.94.199.35', '2022-11-01 22:30:07', '2022-11-01 22:30:07'),
(2344, '141.94.199.35', '2022-11-01 23:00:07', '2022-11-01 23:00:07'),
(2345, '141.94.199.35', '2022-11-01 23:30:07', '2022-11-01 23:30:07'),
(2346, '141.94.199.35', '2022-11-02 00:00:08', '2022-11-02 00:00:08'),
(2347, '141.94.199.35', '2022-11-02 00:30:07', '2022-11-02 00:30:07'),
(2348, '141.94.199.35', '2022-11-02 01:00:08', '2022-11-02 01:00:08'),
(2349, '141.94.199.35', '2022-11-02 01:30:07', '2022-11-02 01:30:07'),
(2350, '141.94.199.35', '2022-11-02 02:00:08', '2022-11-02 02:00:08'),
(2351, '141.94.199.35', '2022-11-02 02:30:08', '2022-11-02 02:30:08'),
(2352, '141.94.199.35', '2022-11-02 03:00:08', '2022-11-02 03:00:08'),
(2353, '141.94.199.35', '2022-11-02 03:30:08', '2022-11-02 03:30:08'),
(2354, '141.94.199.35', '2022-11-02 04:00:07', '2022-11-02 04:00:07'),
(2355, '141.94.199.35', '2022-11-02 04:30:08', '2022-11-02 04:30:08'),
(2356, '141.94.199.35', '2022-11-02 05:00:08', '2022-11-02 05:00:08'),
(2357, '141.94.199.35', '2022-11-02 05:30:08', '2022-11-02 05:30:08'),
(2358, '141.94.199.35', '2022-11-02 06:00:07', '2022-11-02 06:00:07'),
(2359, '141.94.199.35', '2022-11-02 06:30:07', '2022-11-02 06:30:07'),
(2360, '141.94.199.35', '2022-11-02 11:30:06', '2022-11-02 11:30:06'),
(2361, '141.94.199.35', '2022-11-02 12:00:06', '2022-11-02 12:00:06'),
(2362, '197.61.155.177', '2022-11-02 12:09:54', '2022-11-02 12:09:54'),
(2363, '141.94.199.35', '2022-11-02 12:30:42', '2022-11-02 12:30:42'),
(2364, '141.94.199.35', '2022-11-02 13:00:22', '2022-11-02 13:00:22'),
(2365, '141.94.199.35', '2022-11-02 13:30:06', '2022-11-02 13:30:06'),
(2366, '141.94.199.35', '2022-11-02 14:00:08', '2022-11-02 14:00:08'),
(2367, '141.94.199.35', '2022-11-02 14:30:08', '2022-11-02 14:30:08'),
(2368, '75.101.182.137', '2022-11-02 14:38:59', '2022-11-02 14:38:59'),
(2369, '141.94.199.35', '2022-11-02 15:00:07', '2022-11-02 15:00:07'),
(2370, '141.94.199.35', '2022-11-02 15:30:07', '2022-11-02 15:30:07'),
(2371, '141.94.199.35', '2022-11-02 16:00:07', '2022-11-02 16:00:07'),
(2372, '141.94.199.35', '2022-11-02 16:30:08', '2022-11-02 16:30:08'),
(2373, '141.94.199.35', '2022-11-02 17:00:07', '2022-11-02 17:00:07'),
(2374, '141.94.199.35', '2022-11-02 17:30:07', '2022-11-02 17:30:07'),
(2375, '141.94.199.35', '2022-11-02 18:00:07', '2022-11-02 18:00:07'),
(2376, '141.94.199.35', '2022-11-02 18:30:07', '2022-11-02 18:30:07'),
(2377, '141.94.199.35', '2022-11-02 19:00:07', '2022-11-02 19:00:07'),
(2378, '141.94.199.35', '2022-11-02 19:30:07', '2022-11-02 19:30:07'),
(2379, '141.94.199.35', '2022-11-02 20:00:08', '2022-11-02 20:00:08'),
(2380, '141.94.199.35', '2022-11-02 20:30:07', '2022-11-02 20:30:07'),
(2381, '141.94.199.35', '2022-11-02 21:00:02', '2022-11-02 21:00:02'),
(2382, '141.94.199.35', '2022-11-02 21:30:02', '2022-11-02 21:30:02'),
(2383, '141.94.199.35', '2022-11-02 22:00:02', '2022-11-02 22:00:02'),
(2384, '141.94.199.35', '2022-11-02 22:30:01', '2022-11-02 22:30:01'),
(2385, '141.94.199.35', '2022-11-02 23:00:02', '2022-11-02 23:00:02'),
(2386, '141.94.199.35', '2022-11-02 23:30:02', '2022-11-02 23:30:02'),
(2387, '141.94.199.35', '2022-11-03 00:00:02', '2022-11-03 00:00:02'),
(2388, '141.94.199.35', '2022-11-03 00:30:02', '2022-11-03 00:30:02'),
(2389, '141.94.199.35', '2022-11-03 01:00:02', '2022-11-03 01:00:02'),
(2390, '141.94.199.35', '2022-11-03 01:30:01', '2022-11-03 01:30:01'),
(2391, '141.94.199.35', '2022-11-03 02:00:02', '2022-11-03 02:00:02'),
(2392, '141.94.199.35', '2022-11-03 02:30:02', '2022-11-03 02:30:02'),
(2393, '141.94.199.35', '2022-11-03 03:00:02', '2022-11-03 03:00:02'),
(2394, '141.94.199.35', '2022-11-03 03:30:01', '2022-11-03 03:30:01'),
(2395, '141.94.199.35', '2022-11-03 04:00:02', '2022-11-03 04:00:02'),
(2396, '141.94.199.35', '2022-11-03 04:30:02', '2022-11-03 04:30:02'),
(2397, '141.94.199.35', '2022-11-03 05:00:02', '2022-11-03 05:00:02'),
(2398, '141.94.199.35', '2022-11-03 05:30:02', '2022-11-03 05:30:02'),
(2399, '141.94.199.35', '2022-11-03 06:00:02', '2022-11-03 06:00:02'),
(2400, '141.94.199.35', '2022-11-03 06:30:02', '2022-11-03 06:30:02'),
(2401, '141.94.199.35', '2022-11-03 07:00:02', '2022-11-03 07:00:02'),
(2402, '141.94.199.35', '2022-11-03 07:30:02', '2022-11-03 07:30:02'),
(2403, '141.94.199.35', '2022-11-03 08:00:02', '2022-11-03 08:00:02'),
(2404, '141.94.199.35', '2022-11-03 08:30:02', '2022-11-03 08:30:02'),
(2405, '141.94.199.35', '2022-11-03 09:00:02', '2022-11-03 09:00:02'),
(2406, '141.94.199.35', '2022-11-03 09:30:02', '2022-11-03 09:30:02'),
(2407, '141.94.199.35', '2022-11-03 10:00:02', '2022-11-03 10:00:02'),
(2408, '44.203.245.179', '2022-11-03 10:28:06', '2022-11-03 10:28:06'),
(2409, '141.94.199.35', '2022-11-03 10:30:02', '2022-11-03 10:30:02'),
(2410, '141.94.199.35', '2022-11-03 11:00:02', '2022-11-03 11:00:02'),
(2411, '141.94.199.35', '2022-11-03 11:30:02', '2022-11-03 11:30:02'),
(2412, '141.94.199.35', '2022-11-03 12:00:02', '2022-11-03 12:00:02'),
(2413, '141.94.199.35', '2022-11-03 12:30:02', '2022-11-03 12:30:02'),
(2414, '141.94.199.35', '2022-11-03 13:00:02', '2022-11-03 13:00:02'),
(2415, '141.94.199.35', '2022-11-03 13:30:02', '2022-11-03 13:30:02'),
(2416, '141.94.199.35', '2022-11-03 14:00:02', '2022-11-03 14:00:02'),
(2417, '141.94.199.35', '2022-11-03 14:30:02', '2022-11-03 14:30:02'),
(2418, '141.94.199.35', '2022-11-03 15:00:01', '2022-11-03 15:00:01'),
(2419, '141.94.199.35', '2022-11-03 15:30:02', '2022-11-03 15:30:02'),
(2420, '141.94.199.35', '2022-11-03 16:00:01', '2022-11-03 16:00:01'),
(2421, '141.94.199.35', '2022-11-03 16:30:02', '2022-11-03 16:30:02'),
(2422, '141.94.199.35', '2022-11-03 17:00:02', '2022-11-03 17:00:02'),
(2423, '141.94.199.35', '2022-11-03 17:30:01', '2022-11-03 17:30:01'),
(2424, '141.94.199.35', '2022-11-03 18:00:02', '2022-11-03 18:00:02'),
(2425, '141.94.199.35', '2022-11-03 18:30:02', '2022-11-03 18:30:02'),
(2426, '141.94.199.35', '2022-11-03 19:00:02', '2022-11-03 19:00:02'),
(2427, '141.94.199.35', '2022-11-03 19:30:02', '2022-11-03 19:30:02'),
(2428, '141.94.199.35', '2022-11-03 20:00:02', '2022-11-03 20:00:02'),
(2429, '141.94.199.35', '2022-11-03 20:30:02', '2022-11-03 20:30:02'),
(2430, '141.94.199.35', '2022-11-03 21:00:03', '2022-11-03 21:00:03'),
(2431, '141.94.199.35', '2022-11-03 21:30:02', '2022-11-03 21:30:02'),
(2432, '141.94.199.35', '2022-11-03 22:00:03', '2022-11-03 22:00:03'),
(2433, '141.94.199.35', '2022-11-03 22:30:02', '2022-11-03 22:30:02'),
(2434, '205.210.31.18', '2022-11-03 22:35:26', '2022-11-03 22:35:26'),
(2435, '141.94.199.35', '2022-11-03 23:00:02', '2022-11-03 23:00:02'),
(2436, '141.94.199.35', '2022-11-03 23:30:02', '2022-11-03 23:30:02'),
(2437, '141.94.199.35', '2022-11-04 00:00:02', '2022-11-04 00:00:02'),
(2438, '141.94.199.35', '2022-11-04 00:30:02', '2022-11-04 00:30:02'),
(2439, '141.94.199.35', '2022-11-04 01:00:02', '2022-11-04 01:00:02'),
(2440, '141.94.199.35', '2022-11-04 01:30:02', '2022-11-04 01:30:02'),
(2441, '141.94.199.35', '2022-11-04 02:00:03', '2022-11-04 02:00:03'),
(2442, '141.94.199.35', '2022-11-04 02:30:03', '2022-11-04 02:30:03'),
(2443, '141.94.199.35', '2022-11-04 03:00:02', '2022-11-04 03:00:02'),
(2444, '205.210.31.47', '2022-11-04 03:08:08', '2022-11-04 03:08:08'),
(2445, '141.94.199.35', '2022-11-04 03:30:02', '2022-11-04 03:30:02'),
(2446, '141.94.199.35', '2022-11-04 04:00:03', '2022-11-04 04:00:03'),
(2447, '141.94.199.35', '2022-11-04 04:30:02', '2022-11-04 04:30:02'),
(2448, '141.94.199.35', '2022-11-04 05:00:03', '2022-11-04 05:00:03'),
(2449, '141.94.199.35', '2022-11-04 05:30:03', '2022-11-04 05:30:03'),
(2450, '141.94.199.35', '2022-11-04 06:00:02', '2022-11-04 06:00:02'),
(2451, '141.94.199.35', '2022-11-04 06:30:03', '2022-11-04 06:30:03'),
(2452, '141.94.199.35', '2022-11-04 07:00:02', '2022-11-04 07:00:02'),
(2453, '141.94.199.35', '2022-11-04 07:30:03', '2022-11-04 07:30:03'),
(2454, '141.94.199.35', '2022-11-04 08:00:03', '2022-11-04 08:00:03'),
(2455, '141.94.199.35', '2022-11-04 08:30:02', '2022-11-04 08:30:02'),
(2456, '141.94.199.35', '2022-11-04 09:00:03', '2022-11-04 09:00:03'),
(2457, '141.94.199.35', '2022-11-04 09:30:02', '2022-11-04 09:30:02'),
(2458, '141.94.199.35', '2022-11-04 10:00:03', '2022-11-04 10:00:03'),
(2459, '141.94.199.35', '2022-11-04 10:30:02', '2022-11-04 10:30:02'),
(2460, '141.94.199.35', '2022-11-04 11:00:03', '2022-11-04 11:00:03'),
(2461, '141.94.199.35', '2022-11-04 11:30:03', '2022-11-04 11:30:03'),
(2462, '141.94.199.35', '2022-11-04 12:00:03', '2022-11-04 12:00:03'),
(2463, '141.94.199.35', '2022-11-04 12:30:02', '2022-11-04 12:30:02'),
(2464, '141.94.199.35', '2022-11-04 13:00:03', '2022-11-04 13:00:03'),
(2465, '141.94.199.35', '2022-11-04 13:30:02', '2022-11-04 13:30:02'),
(2466, '141.94.199.35', '2022-11-04 14:00:03', '2022-11-04 14:00:03'),
(2467, '141.94.199.35', '2022-11-04 14:30:03', '2022-11-04 14:30:03'),
(2468, '141.94.199.35', '2022-11-04 15:00:02', '2022-11-04 15:00:02'),
(2469, '141.94.199.35', '2022-11-04 15:30:03', '2022-11-04 15:30:03'),
(2470, '141.94.199.35', '2022-11-04 16:00:03', '2022-11-04 16:00:03'),
(2471, '141.94.199.35', '2022-11-04 16:30:03', '2022-11-04 16:30:03'),
(2472, '141.94.199.35', '2022-11-04 17:00:02', '2022-11-04 17:00:02'),
(2473, '141.94.199.35', '2022-11-04 17:30:03', '2022-11-04 17:30:03'),
(2474, '141.94.199.35', '2022-11-04 18:00:03', '2022-11-04 18:00:03'),
(2475, '141.94.199.35', '2022-11-04 18:30:03', '2022-11-04 18:30:03'),
(2476, '141.94.199.35', '2022-11-04 19:00:03', '2022-11-04 19:00:03'),
(2477, '141.94.199.35', '2022-11-04 19:30:02', '2022-11-04 19:30:02'),
(2478, '141.94.199.35', '2022-11-04 20:00:03', '2022-11-04 20:00:03'),
(2479, '141.94.199.35', '2022-11-04 20:30:02', '2022-11-04 20:30:02'),
(2480, '141.94.199.35', '2022-11-04 21:00:08', '2022-11-04 21:00:08'),
(2481, '141.94.199.35', '2022-11-04 21:30:07', '2022-11-04 21:30:07'),
(2482, '141.94.199.35', '2022-11-04 22:00:08', '2022-11-04 22:00:08'),
(2483, '141.94.199.35', '2022-11-04 22:30:07', '2022-11-04 22:30:07'),
(2484, '141.94.199.35', '2022-11-04 23:00:08', '2022-11-04 23:00:08'),
(2485, '141.94.199.35', '2022-11-04 23:30:07', '2022-11-04 23:30:07'),
(2486, '141.94.199.35', '2022-11-05 00:00:07', '2022-11-05 00:00:07'),
(2487, '141.94.199.35', '2022-11-05 00:30:07', '2022-11-05 00:30:07'),
(2488, '141.94.199.35', '2022-11-05 01:00:07', '2022-11-05 01:00:07'),
(2489, '141.94.199.35', '2022-11-05 01:30:07', '2022-11-05 01:30:07'),
(2490, '141.94.199.35', '2022-11-05 02:00:07', '2022-11-05 02:00:07'),
(2491, '141.94.199.35', '2022-11-05 02:30:07', '2022-11-05 02:30:07'),
(2492, '141.94.199.35', '2022-11-05 03:00:08', '2022-11-05 03:00:08'),
(2493, '141.94.199.35', '2022-11-05 03:30:07', '2022-11-05 03:30:07'),
(2494, '141.94.199.35', '2022-11-05 04:00:07', '2022-11-05 04:00:07'),
(2495, '141.94.199.35', '2022-11-05 04:30:07', '2022-11-05 04:30:07'),
(2496, '141.94.199.35', '2022-11-05 08:00:18', '2022-11-05 08:00:18'),
(2497, '141.94.199.35', '2022-11-05 08:26:25', '2022-11-05 08:26:25'),
(2498, '141.94.199.35', '2022-11-05 07:01:35', '2022-11-05 07:01:35'),
(2499, '141.94.199.35', '2022-11-05 07:30:21', '2022-11-05 07:30:21'),
(2500, '141.94.199.35', '2022-11-05 08:00:16', '2022-11-05 08:00:16'),
(2501, '141.94.199.35', '2022-11-05 08:30:17', '2022-11-05 08:30:17'),
(2502, '141.94.199.35', '2022-11-05 09:00:17', '2022-11-05 09:00:17'),
(2503, '141.94.199.35', '2022-11-05 09:30:22', '2022-11-05 09:30:22'),
(2504, '141.94.199.35', '2022-11-05 10:00:18', '2022-11-05 10:00:18'),
(2505, '141.94.199.35', '2022-11-05 10:30:15', '2022-11-05 10:30:15'),
(2506, '141.94.199.35', '2022-11-05 11:00:16', '2022-11-05 11:00:16'),
(2507, '141.94.199.35', '2022-11-05 11:30:22', '2022-11-05 11:30:22'),
(2508, '141.94.199.35', '2022-11-05 12:00:17', '2022-11-05 12:00:17'),
(2509, '141.94.199.35', '2022-11-05 12:30:17', '2022-11-05 12:30:17'),
(2510, '141.94.199.35', '2022-11-05 13:00:21', '2022-11-05 13:00:21'),
(2511, '141.94.199.35', '2022-11-05 13:30:18', '2022-11-05 13:30:18'),
(2512, '141.94.199.35', '2022-11-05 14:00:21', '2022-11-05 14:00:21'),
(2513, '141.94.199.35', '2022-11-05 14:30:21', '2022-11-05 14:30:21'),
(2514, '141.94.199.35', '2022-11-05 15:00:17', '2022-11-05 15:00:17'),
(2515, '141.94.199.35', '2022-11-05 15:30:22', '2022-11-05 15:30:22'),
(2516, '141.94.199.35', '2022-11-05 17:01:15', '2022-11-05 17:01:15'),
(2517, '141.94.199.35', '2022-11-05 17:30:17', '2022-11-05 17:30:17'),
(2518, '141.94.199.35', '2022-11-05 17:34:15', '2022-11-05 17:34:15'),
(2519, '141.94.199.35', '2022-11-05 18:00:19', '2022-11-05 18:00:19'),
(2520, '141.94.199.35', '2022-11-05 18:30:18', '2022-11-05 18:30:18'),
(2521, '141.94.199.35', '2022-11-05 19:00:20', '2022-11-05 19:00:20'),
(2522, '141.94.199.35', '2022-11-05 19:30:22', '2022-11-05 19:30:22'),
(2523, '141.94.199.35', '2022-11-05 20:00:19', '2022-11-05 20:00:19'),
(2524, '141.94.199.35', '2022-11-05 20:30:23', '2022-11-05 20:30:23'),
(2525, '141.94.199.35', '2022-11-05 21:00:02', '2022-11-05 21:00:02'),
(2526, '141.94.199.35', '2022-11-05 21:30:02', '2022-11-05 21:30:02'),
(2527, '141.94.199.35', '2022-11-05 22:00:03', '2022-11-05 22:00:03'),
(2528, '141.94.199.35', '2022-11-05 22:30:02', '2022-11-05 22:30:02'),
(2529, '141.94.199.35', '2022-11-05 23:00:02', '2022-11-05 23:00:02'),
(2530, '141.94.199.35', '2022-11-05 23:32:13', '2022-11-05 23:32:13'),
(2531, '141.94.199.35', '2022-11-06 00:00:02', '2022-11-06 00:00:02'),
(2532, '141.94.199.35', '2022-11-06 00:30:07', '2022-11-06 00:30:07'),
(2533, '141.94.199.35', '2022-11-06 01:00:13', '2022-11-06 01:00:13'),
(2534, '141.94.199.35', '2022-11-06 01:30:02', '2022-11-06 01:30:02'),
(2535, '141.94.199.35', '2022-11-06 02:00:12', '2022-11-06 02:00:12'),
(2536, '141.94.199.35', '2022-11-06 02:30:02', '2022-11-06 02:30:02'),
(2537, '141.94.199.35', '2022-11-06 03:00:02', '2022-11-06 03:00:02'),
(2538, '141.94.199.35', '2022-11-06 03:30:02', '2022-11-06 03:30:02'),
(2539, '141.94.199.35', '2022-11-06 04:00:02', '2022-11-06 04:00:02'),
(2540, '141.94.199.35', '2022-11-06 04:30:06', '2022-11-06 04:30:06'),
(2541, '141.94.199.35', '2022-11-06 05:00:07', '2022-11-06 05:00:07'),
(2542, '141.94.199.35', '2022-11-06 05:30:02', '2022-11-06 05:30:02'),
(2543, '141.94.199.35', '2022-11-06 06:00:02', '2022-11-06 06:00:02'),
(2544, '141.94.199.35', '2022-11-06 06:30:02', '2022-11-06 06:30:02'),
(2545, '141.94.199.35', '2022-11-06 07:00:07', '2022-11-06 07:00:07'),
(2546, '141.94.199.35', '2022-11-06 07:30:02', '2022-11-06 07:30:02'),
(2547, '141.94.199.35', '2022-11-06 08:00:08', '2022-11-06 08:00:08'),
(2548, '141.94.199.35', '2022-11-06 08:30:07', '2022-11-06 08:30:07'),
(2549, '141.94.199.35', '2022-11-06 09:00:02', '2022-11-06 09:00:02'),
(2550, '141.94.199.35', '2022-11-06 09:30:02', '2022-11-06 09:30:02'),
(2551, '141.94.199.35', '2022-11-06 10:00:02', '2022-11-06 10:00:02'),
(2552, '141.94.199.35', '2022-11-06 10:30:02', '2022-11-06 10:30:02'),
(2553, '141.94.199.35', '2022-11-06 11:00:02', '2022-11-06 11:00:02'),
(2554, '141.94.199.35', '2022-11-06 11:30:02', '2022-11-06 11:30:02'),
(2555, '128.127.210.19', '2022-11-06 11:42:53', '2022-11-06 11:42:53'),
(2556, '141.94.199.35', '2022-11-06 12:00:07', '2022-11-06 12:00:07'),
(2557, '141.94.199.35', '2022-11-06 12:25:55', '2022-11-06 12:25:55'),
(2558, '141.94.199.35', '2022-11-06 12:30:02', '2022-11-06 12:30:02'),
(2559, '141.94.199.35', '2022-11-06 13:00:02', '2022-11-06 13:00:02'),
(2560, '141.94.199.35', '2022-11-06 13:30:02', '2022-11-06 13:30:02'),
(2561, '141.94.199.35', '2022-11-06 14:00:13', '2022-11-06 14:00:13'),
(2562, '141.94.199.35', '2022-11-06 14:30:02', '2022-11-06 14:30:02'),
(2563, '141.94.199.35', '2022-11-06 15:00:02', '2022-11-06 15:00:02'),
(2564, '54.198.80.69', '2022-11-06 15:03:20', '2022-11-06 15:03:20'),
(2565, '141.94.199.35', '2022-11-06 15:30:02', '2022-11-06 15:30:02'),
(2566, '141.94.199.35', '2022-11-06 16:00:03', '2022-11-06 16:00:03'),
(2567, '141.94.199.35', '2022-11-06 16:30:02', '2022-11-06 16:30:02'),
(2568, '141.94.199.35', '2022-11-06 17:00:02', '2022-11-06 17:00:02'),
(2569, '141.94.199.35', '2022-11-06 17:30:02', '2022-11-06 17:30:02'),
(2570, '141.94.199.35', '2022-11-06 18:00:02', '2022-11-06 18:00:02'),
(2571, '141.94.199.35', '2022-11-06 18:30:02', '2022-11-06 18:30:02'),
(2572, '141.94.199.35', '2022-11-06 19:00:02', '2022-11-06 19:00:02'),
(2573, '141.94.199.35', '2022-11-06 19:30:07', '2022-11-06 19:30:07'),
(2574, '141.94.199.35', '2022-11-06 20:00:02', '2022-11-06 20:00:02'),
(2575, '141.94.199.35', '2022-11-06 20:30:02', '2022-11-06 20:30:02'),
(2576, '141.94.199.35', '2022-11-06 21:00:13', '2022-11-06 21:00:13'),
(2577, '169.150.203.10', '2022-11-06 21:14:01', '2022-11-06 21:14:01'),
(2578, '107.150.30.245', '2022-11-06 21:28:13', '2022-11-06 21:28:13'),
(2579, '142.44.170.136', '2022-11-06 21:28:14', '2022-11-06 21:28:14'),
(2580, '102.165.41.27', '2022-11-06 21:28:20', '2022-11-06 21:28:20'),
(2581, '41.43.71.53', '2022-11-07 19:20:16', '2022-11-07 19:20:16'),
(2582, '41.43.71.53', '2022-11-07 20:10:31', '2022-11-07 20:10:31'),
(2583, '128.127.210.19', '2022-11-08 07:59:39', '2022-11-08 07:59:39'),
(2584, '197.61.45.11', '2022-11-08 07:59:39', '2022-11-08 07:59:39'),
(2585, '197.61.215.221', '2022-11-08 07:59:40', '2022-11-08 07:59:40'),
(2586, '128.127.210.19', '2022-11-08 08:07:39', '2022-11-08 08:07:39'),
(2587, '93.169.168.121', '2022-11-08 09:33:51', '2022-11-08 09:33:51'),
(2588, '197.61.215.221', '2022-11-08 09:54:54', '2022-11-08 09:54:54'),
(2589, '27.115.124.70', '2022-11-08 16:00:20', '2022-11-08 16:00:20'),
(2590, '180.163.220.68', '2022-11-08 16:01:11', '2022-11-08 16:01:11'),
(2591, '42.236.10.117', '2022-11-08 16:11:48', '2022-11-08 16:11:48'),
(2592, '95.185.137.83', '2022-11-12 06:55:42', '2022-11-12 06:55:42'),
(2593, '95.185.137.83', '2022-11-13 12:10:31', '2022-11-13 12:10:31'),
(2594, '128.127.210.19', '2022-11-14 05:54:09', '2022-11-14 05:54:09'),
(2595, '197.63.14.209', '2022-11-15 18:28:54', '2022-11-15 18:28:54'),
(2596, '197.63.14.209', '2022-11-15 18:34:32', '2022-11-15 18:34:32'),
(2597, '128.127.210.140', '2022-11-16 11:57:56', '2022-11-16 11:57:56'),
(2598, '41.233.69.145', '2022-11-16 12:45:42', '2022-11-16 12:45:42'),
(2599, '95.185.80.172', '2022-11-17 09:40:28', '2022-11-17 09:40:28'),
(2600, '128.127.210.140', '2022-11-17 10:07:17', '2022-11-17 10:07:17'),
(2601, '5.41.88.251', '2022-11-17 10:07:18', '2022-11-17 10:07:18'),
(2602, '197.61.133.228', '2022-11-17 11:41:40', '2022-11-17 11:41:40'),
(2603, '95.185.80.172', '2022-11-20 13:19:21', '2022-11-20 13:19:21'),
(2604, '197.61.89.92', '2022-11-21 09:31:31', '2022-11-21 09:31:31'),
(2605, '151.254.178.146', '2022-11-26 05:14:55', '2022-11-26 05:14:55'),
(2606, '151.254.178.146', '2022-11-27 10:42:03', '2022-11-27 10:42:03'),
(2607, '41.36.105.234', '2022-11-28 08:22:33', '2022-11-28 08:22:33'),
(2608, '151.254.178.146', '2022-11-28 09:25:25', '2022-11-28 09:25:25'),
(2609, '128.127.210.151', '2022-11-29 13:42:39', '2022-11-29 13:42:39'),
(2610, '41.232.74.166', '2022-11-29 19:32:10', '2022-11-29 19:32:10'),
(2611, '41.36.105.234', '2022-11-30 12:27:34', '2022-11-30 12:27:34'),
(2612, '104.249.46.107', '2022-11-30 12:44:00', '2022-11-30 12:44:00'),
(2613, '151.254.178.146', '2022-12-04 09:35:50', '2022-12-04 09:35:50'),
(2614, '128.127.210.151', '2022-12-04 10:49:41', '2022-12-04 10:49:41'),
(2615, '105.33.64.136', '2022-12-05 08:03:42', '2022-12-05 08:03:42'),
(2616, '149.154.161.203', '2022-12-05 08:04:37', '2022-12-05 08:04:37'),
(2617, '154.181.58.160', '2022-12-05 08:12:22', '2022-12-05 08:12:22'),
(2618, '154.181.58.160', '2022-12-05 08:16:03', '2022-12-05 08:16:03'),
(2619, '128.127.210.151', '2022-12-05 10:21:14', '2022-12-05 10:21:14'),
(2620, '151.254.178.146', '2022-12-05 11:01:03', '2022-12-05 11:01:03'),
(2621, '34.245.118.214', '2022-12-06 22:54:34', '2022-12-06 22:54:34'),
(2622, '87.76.101.68', '2022-12-13 13:03:49', '2022-12-13 13:03:49'),
(2623, '64.137.228.124', '2022-12-13 13:05:34', '2022-12-13 13:05:34'),
(2624, '51.36.91.215', '2022-12-13 18:27:12', '2022-12-13 18:27:12'),
(2625, '31.166.121.6', '2022-12-14 03:37:18', '2022-12-14 03:37:18'),
(2626, '87.76.112.148', '2022-12-14 10:20:34', '2022-12-14 10:20:34'),
(2627, '104.131.161.43', '2022-12-15 03:57:33', '2022-12-15 03:57:33'),
(2628, '167.99.118.205', '2022-12-15 04:59:13', '2022-12-15 04:59:13'),
(2629, '93.112.209.74', '2022-12-15 14:26:11', '2022-12-15 14:26:11'),
(2630, '47.88.90.156', '2022-12-17 13:58:33', '2022-12-17 13:58:33'),
(2631, '51.39.218.93', '2022-12-22 20:18:15', '2022-12-22 20:18:15'),
(2632, '93.168.243.99', '2022-12-26 07:18:15', '2022-12-26 07:18:15'),
(2633, '93.168.243.99', '2022-12-26 11:59:36', '2022-12-26 11:59:36'),
(2634, '93.169.249.180', '2022-12-26 12:51:20', '2022-12-26 12:51:20'),
(2635, '47.254.85.182', '2022-12-27 07:33:49', '2022-12-27 07:33:49'),
(2636, '47.88.87.97', '2022-12-27 07:33:49', '2022-12-27 07:33:49'),
(2637, '176.18.33.54', '2022-12-27 12:34:28', '2022-12-27 12:34:28'),
(2638, '51.36.123.227', '2022-12-27 13:45:50', '2022-12-27 13:45:50'),
(2639, '93.168.226.151', '2022-12-28 11:19:20', '2022-12-28 11:19:20'),
(2640, '163.172.180.25', '2022-12-28 21:04:27', '2022-12-28 21:04:27'),
(2641, '176.18.33.54', '2022-12-29 21:42:24', '2022-12-29 21:42:24'),
(2642, '176.18.33.54', '2022-12-30 11:11:30', '2022-12-30 11:11:30'),
(2643, '64.65.90.140', '2023-01-01 11:35:14', '2023-01-01 11:35:14'),
(2644, '65.154.226.166', '2023-01-06 21:16:31', '2023-01-06 21:16:31'),
(2645, '157.245.12.157', '2023-01-09 02:15:03', '2023-01-09 02:15:03'),
(2646, '143.198.20.46', '2023-01-09 03:44:04', '2023-01-09 03:44:04'),
(2647, '51.15.251.143', '2023-01-11 06:53:22', '2023-01-11 06:53:22'),
(2648, '34.247.190.22', '2023-01-12 10:16:17', '2023-01-12 10:16:17'),
(2649, '151.255.238.6', '2023-01-18 09:52:08', '2023-01-18 09:52:08'),
(2650, '85.196.15.82', '2023-01-18 09:52:31', '2023-01-18 09:52:31'),
(2651, '51.36.241.72', '2023-01-18 14:08:03', '2023-01-18 14:08:03'),
(2652, '31.167.74.225', '2023-01-19 12:31:14', '2023-01-19 12:31:14'),
(2653, '62.149.111.73', '2023-01-19 15:51:00', '2023-01-19 15:51:00'),
(2654, '18.159.208.141', '2023-01-19 16:51:42', '2023-01-19 16:51:42'),
(2655, '95.187.92.215', '2023-01-21 07:43:34', '2023-01-21 07:43:34'),
(2656, '95.187.92.215', '2023-01-21 07:43:34', '2023-01-21 07:43:34'),
(2657, '51.158.66.83', '2023-01-28 02:35:48', '2023-01-28 02:35:48'),
(2658, '2.90.249.115', '2023-01-30 09:43:26', '2023-01-30 09:43:26'),
(2659, '2.90.249.115', '2023-01-31 08:49:22', '2023-01-31 08:49:22'),
(2660, '2.90.249.115', '2023-01-31 09:55:19', '2023-01-31 09:55:19'),
(2661, '2.90.249.115', '2023-01-31 09:58:02', '2023-01-31 09:58:02'),
(2662, '51.158.66.83', '2023-02-01 09:56:05', '2023-02-01 09:56:05'),
(2663, '54.78.64.108', '2023-02-02 16:44:39', '2023-02-02 16:44:39'),
(2664, '5.111.140.1', '2023-02-05 12:36:21', '2023-02-05 12:36:21'),
(2665, '151.255.134.197', '2023-02-05 17:56:11', '2023-02-05 17:56:11'),
(2666, '151.255.134.197', '2023-02-05 18:57:57', '2023-02-05 18:57:57'),
(2667, '95.187.50.87', '2023-02-06 02:10:44', '2023-02-06 02:10:44'),
(2668, '2.90.249.115', '2023-02-07 11:34:52', '2023-02-07 11:34:52'),
(2669, '2.90.249.115', '2023-02-07 11:41:12', '2023-02-07 11:41:12'),
(2670, '93.169.160.112', '2023-02-07 11:43:39', '2023-02-07 11:43:39'),
(2671, '196.132.43.195', '2023-02-07 11:53:37', '2023-02-07 11:53:37'),
(2672, '34.242.49.160', '2023-02-07 13:23:31', '2023-02-07 13:23:31'),
(2673, '54.216.230.125', '2023-02-07 14:37:08', '2023-02-07 14:37:08'),
(2674, '51.36.238.186', '2023-02-07 16:05:41', '2023-02-07 16:05:41'),
(2675, '2.90.249.115', '2023-02-11 04:46:46', '2023-02-11 04:46:46'),
(2676, '2.90.249.115', '2023-02-11 06:55:17', '2023-02-11 06:55:17'),
(2677, '2.90.249.115', '2023-02-11 09:30:22', '2023-02-11 09:30:22'),
(2678, '2.90.249.115', '2023-02-11 09:30:22', '2023-02-11 09:30:22'),
(2679, '2.90.249.115', '2023-02-11 09:30:32', '2023-02-11 09:30:32'),
(2680, '2.90.249.115', '2023-02-11 10:23:13', '2023-02-11 10:23:13'),
(2681, '2.90.249.115', '2023-02-12 10:06:37', '2023-02-12 10:06:37'),
(2682, '2.90.249.115', '2023-02-12 10:49:52', '2023-02-12 10:49:52'),
(2683, '2.90.249.115', '2023-02-12 10:50:10', '2023-02-12 10:50:10'),
(2684, '2.90.249.115', '2023-02-12 10:50:16', '2023-02-12 10:50:16'),
(2685, '64.137.234.247', '2023-02-13 08:48:32', '2023-02-13 08:48:32'),
(2686, '64.137.234.247', '2023-02-16 10:13:30', '2023-02-16 10:13:30'),
(2687, '151.255.211.112', '2023-02-16 11:54:41', '2023-02-16 11:54:41'),
(2688, '51.15.247.214', '2023-02-17 17:31:42', '2023-02-17 17:31:42'),
(2689, '64.137.234.247', '2023-02-20 11:40:19', '2023-02-20 11:40:19'),
(2690, '212.138.160.2', '2023-02-20 12:39:52', '2023-02-20 12:39:52'),
(2691, '5.110.31.121', '2023-02-20 21:38:05', '2023-02-20 21:38:05'),
(2692, '5.110.31.121', '2023-02-21 05:54:17', '2023-02-21 05:54:17'),
(2693, '185.213.174.190', '2023-02-21 13:09:33', '2023-02-21 13:09:33'),
(2694, '5.110.31.121', '2023-02-21 15:30:14', '2023-02-21 15:30:14'),
(2695, '5.110.31.121', '2023-02-21 15:30:28', '2023-02-21 15:30:28'),
(2696, '175.110.175.6', '2023-02-21 15:35:05', '2023-02-21 15:35:05'),
(2697, '5.110.31.121', '2023-02-22 07:24:19', '2023-02-22 07:24:19'),
(2698, '5.110.31.121', '2023-02-22 07:24:19', '2023-02-22 07:24:19'),
(2699, '95.187.181.68', '2023-02-22 08:11:25', '2023-02-22 08:11:25'),
(2700, '64.137.234.247', '2023-02-23 07:16:23', '2023-02-23 07:16:23'),
(2701, '64.137.234.247', '2023-02-23 07:16:23', '2023-02-23 07:16:23'),
(2702, '163.172.180.25', '2023-02-24 16:41:32', '2023-02-24 16:41:32'),
(2703, '153.94.66.194', '2023-02-25 23:58:39', '2023-02-25 23:58:39'),
(2704, '64.137.234.247', '2023-02-26 09:47:18', '2023-02-26 09:47:18'),
(2705, '82.167.159.151', '2023-02-26 10:14:34', '2023-02-26 10:14:34'),
(2706, '87.76.107.226', '2023-02-26 10:26:33', '2023-02-26 10:26:33'),
(2707, '82.167.159.151', '2023-02-28 06:44:44', '2023-02-28 06:44:44'),
(2708, '149.154.161.196', '2023-02-28 06:44:57', '2023-02-28 06:44:57'),
(2709, '188.48.108.252', '2023-02-28 06:54:58', '2023-02-28 06:54:58'),
(2710, '64.137.234.247', '2023-02-28 10:40:29', '2023-02-28 10:40:29'),
(2711, '64.137.234.247', '2023-03-01 10:17:41', '2023-03-01 10:17:41'),
(2712, '82.167.159.151', '2023-03-01 11:50:32', '2023-03-01 11:50:32'),
(2713, '3.252.102.132', '2023-03-03 01:52:03', '2023-03-03 01:52:03'),
(2714, '3.249.5.253', '2023-03-03 05:44:30', '2023-03-03 05:44:30'),
(2715, '64.137.234.247', '2023-03-05 11:29:46', '2023-03-05 11:29:46'),
(2716, '64.137.234.247', '2023-03-06 06:20:43', '2023-03-06 06:20:43'),
(2717, '64.137.234.247', '2023-03-06 07:51:21', '2023-03-06 07:51:21'),
(2718, '64.137.234.247', '2023-03-06 07:51:27', '2023-03-06 07:51:27'),
(2719, '5.109.188.40', '2023-03-06 14:39:19', '2023-03-06 14:39:19'),
(2720, '46.52.43.29', '2023-03-06 20:56:45', '2023-03-06 20:56:45'),
(2721, '46.52.43.29', '2023-03-06 21:01:16', '2023-03-06 21:01:16'),
(2722, '82.167.155.119', '2023-03-07 05:57:08', '2023-03-07 05:57:08'),
(2723, '34.245.67.131', '2023-03-07 16:32:51', '2023-03-07 16:32:51'),
(2724, '34.250.142.24', '2023-03-07 16:38:24', '2023-03-07 16:38:24'),
(2725, '5.109.77.223', '2023-03-08 07:08:26', '2023-03-08 07:08:26'),
(2726, '47.254.74.59', '2023-03-09 12:53:34', '2023-03-09 12:53:34'),
(2727, '18.212.8.41', '2023-03-09 20:34:11', '2023-03-09 20:34:11'),
(2728, '54.166.140.132', '2023-03-09 22:45:52', '2023-03-09 22:45:52'),
(2729, '50.17.42.211', '2023-03-09 22:46:14', '2023-03-09 22:46:14'),
(2730, '135.181.86.190', '2023-03-10 00:54:09', '2023-03-10 00:54:09'),
(2731, '5.110.148.144', '2023-03-10 14:57:48', '2023-03-10 14:57:48'),
(2732, '2.90.238.218', '2023-03-11 06:30:29', '2023-03-11 06:30:29'),
(2733, '2.90.238.218', '2023-03-11 10:08:08', '2023-03-11 10:08:08'),
(2734, '2.90.238.218', '2023-03-12 07:40:19', '2023-03-12 07:40:19'),
(2735, '2.90.238.218', '2023-03-12 09:45:38', '2023-03-12 09:45:38'),
(2736, '2.90.238.218', '2023-03-12 09:59:21', '2023-03-12 09:59:21'),
(2737, '64.137.251.211', '2023-03-12 12:20:59', '2023-03-12 12:20:59'),
(2738, '151.255.203.172', '2023-03-13 09:43:02', '2023-03-13 09:43:02'),
(2739, '197.43.131.154', '2023-03-15 10:28:06', '2023-03-15 10:28:06'),
(2740, '197.43.131.154', '2023-03-15 10:28:06', '2023-03-15 10:28:06'),
(2741, '82.167.157.247', '2023-03-15 11:32:33', '2023-03-15 11:32:33'),
(2742, '163.172.180.25', '2023-03-15 21:32:25', '2023-03-15 21:32:25'),
(2743, '151.255.203.172', '2023-03-16 06:11:35', '2023-03-16 06:11:35'),
(2744, '151.255.203.172', '2023-03-16 10:02:37', '2023-03-16 10:02:37'),
(2745, '46.52.102.161', '2023-03-17 01:58:40', '2023-03-17 01:58:40'),
(2746, '151.255.203.172', '2023-03-19 07:12:04', '2023-03-19 07:12:04'),
(2747, '151.255.203.172', '2023-03-19 11:46:44', '2023-03-19 11:46:44'),
(2748, '82.167.153.215', '2023-03-20 12:13:23', '2023-03-20 12:13:23'),
(2749, '156.206.109.27', '2023-03-20 12:25:06', '2023-03-20 12:25:06'),
(2750, '151.255.203.172', '2023-03-20 14:15:46', '2023-03-20 14:15:46'),
(2751, '151.255.203.172', '2023-03-21 09:52:53', '2023-03-21 09:52:53'),
(2752, '151.255.203.172', '2023-03-21 10:07:52', '2023-03-21 10:07:52'),
(2753, '151.255.203.172', '2023-03-21 10:48:33', '2023-03-21 10:48:33'),
(2754, '151.255.203.172', '2023-03-21 13:37:34', '2023-03-21 13:37:34'),
(2755, '2.90.196.245', '2023-03-21 17:27:36', '2023-03-21 17:27:36'),
(2756, '2.90.137.94', '2023-03-21 17:28:19', '2023-03-21 17:28:19'),
(2757, '151.255.203.172', '2023-03-22 08:32:27', '2023-03-22 08:32:27'),
(2758, '82.167.153.215', '2023-03-22 11:36:09', '2023-03-22 11:36:09'),
(2759, '168.149.91.163', '2023-03-23 08:32:53', '2023-03-23 08:32:53'),
(2760, '168.149.91.163', '2023-03-23 08:34:27', '2023-03-23 08:34:27'),
(2761, '5.41.94.220', '2023-03-23 08:47:16', '2023-03-23 08:47:16'),
(2762, '5.41.94.220', '2023-03-23 12:15:07', '2023-03-23 12:15:07'),
(2763, '141.164.132.38', '2023-03-24 00:21:45', '2023-03-24 00:21:45'),
(2764, '141.164.132.38', '2023-03-24 00:26:02', '2023-03-24 00:26:02'),
(2765, '141.164.132.38', '2023-03-24 00:26:05', '2023-03-24 00:26:05'),
(2766, '5.41.94.220', '2023-03-25 09:24:53', '2023-03-25 09:24:53'),
(2767, '5.41.100.61', '2023-03-26 08:54:41', '2023-03-26 08:54:41'),
(2768, '197.43.33.180', '2023-03-26 10:40:26', '2023-03-26 10:40:26'),
(2769, '66.249.93.138', '2023-03-26 11:02:30', '2023-03-26 11:02:30'),
(2770, '156.206.242.95', '2023-03-26 11:18:11', '2023-03-26 11:18:11'),
(2771, '82.167.153.215', '2023-03-26 11:25:35', '2023-03-26 11:25:35'),
(2772, '5.41.100.61', '2023-03-26 12:36:14', '2023-03-26 12:36:14');

--
-- Indexes for dumped tables
--

--
-- Indexes for table `articles`
--
ALTER TABLE `articles`
  ADD PRIMARY KEY (`id`);

--
-- Indexes for table `article_descriptions`
--
ALTER TABLE `article_descriptions`
  ADD PRIMARY KEY (`id`),
  ADD KEY `article_descriptions_language_id_foreign` (`language_id`),
  ADD KEY `article_descriptions_article_id_language_id_index` (`article_id`,`language_id`);

--
-- Indexes for table `article_photos`
--
ALTER TABLE `article_photos`
  ADD PRIMARY KEY (`id`),
  ADD KEY `article_photos_article_id_index` (`article_id`);

--
-- Indexes for table `banks`
--
ALTER TABLE `banks`
  ADD PRIMARY KEY (`id`);

--
-- Indexes for table `bank_descriptions`
--
ALTER TABLE `bank_descriptions`
  ADD PRIMARY KEY (`id`),
  ADD KEY `bank_descriptions_language_id_foreign` (`language_id`),
  ADD KEY `bank_descriptions_bank_id_language_id_index` (`bank_id`,`language_id`);

--
-- Indexes for table `countries`
--
ALTER TABLE `countries`
  ADD PRIMARY KEY (`id`);

--
-- Indexes for table `country_descriptions`
--
ALTER TABLE `country_descriptions`
  ADD PRIMARY KEY (`id`),
  ADD KEY `country_descriptions_country_id_language_id_index` (`country_id`,`language_id`);

--
-- Indexes for table `failed_jobs`
--
ALTER TABLE `failed_jobs`
  ADD PRIMARY KEY (`id`);

--
-- Indexes for table `gucs`
--
ALTER TABLE `gucs`
  ADD PRIMARY KEY (`id`);

--
-- Indexes for table `guc_descriptions`
--
ALTER TABLE `guc_descriptions`
  ADD PRIMARY KEY (`id`),
  ADD KEY `guc_descriptions_language_id_foreign` (`language_id`),
  ADD KEY `guc_descriptions_guc_id_language_id_index` (`guc_id`,`language_id`);

--
-- Indexes for table `jobs`
--
ALTER TABLE `jobs`
  ADD PRIMARY KEY (`id`),
  ADD KEY `jobs_queue_index` (`queue`);

--
-- Indexes for table `job_applications`
--
ALTER TABLE `job_applications`
  ADD PRIMARY KEY (`id`);

--
-- Indexes for table `landings`
--
ALTER TABLE `landings`
  ADD PRIMARY KEY (`id`);

--
-- Indexes for table `languages`
--
ALTER TABLE `languages`
  ADD PRIMARY KEY (`id`),
  ADD UNIQUE KEY `languages_local_unique` (`local`),
  ADD KEY `languages_status_index` (`status`),
  ADD KEY `languages_admin_status_index` (`admin_status`);

--
-- Indexes for table `mail_lists`
--
ALTER TABLE `mail_lists`
  ADD PRIMARY KEY (`id`),
  ADD KEY `mail_lists_id_index` (`id`);

--
-- Indexes for table `migrations`
--
ALTER TABLE `migrations`
  ADD PRIMARY KEY (`id`);

--
-- Indexes for table `modules`
--
ALTER TABLE `modules`
  ADD PRIMARY KEY (`id`);

--
-- Indexes for table `newsletters`
--
ALTER TABLE `newsletters`
  ADD PRIMARY KEY (`id`),
  ADD KEY `newsletters_id_index` (`id`);

--
-- Indexes for table `notifications`
--
ALTER TABLE `notifications`
  ADD PRIMARY KEY (`id`),
  ADD KEY `notifications_notifiable_type_notifiable_id_index` (`notifiable_type`,`notifiable_id`);

--
-- Indexes for table `occasions`
--
ALTER TABLE `occasions`
  ADD PRIMARY KEY (`id`);

--
-- Indexes for table `occasion_descriptions`
--
ALTER TABLE `occasion_descriptions`
  ADD PRIMARY KEY (`id`),
  ADD KEY `occasion_descriptions_occasion_id_index` (`occasion_id`),
  ADD KEY `occasion_descriptions_language_id_index` (`language_id`);

--
-- Indexes for table `pages`
--
ALTER TABLE `pages`
  ADD PRIMARY KEY (`id`);

--
-- Indexes for table `page_descriptions`
--
ALTER TABLE `page_descriptions`
  ADD PRIMARY KEY (`id`),
  ADD KEY `page_descriptions_page_id_index` (`page_id`),
  ADD KEY `page_descriptions_language_id_index` (`language_id`);

--
-- Indexes for table `photo_galleries`
--
ALTER TABLE `photo_galleries`
  ADD PRIMARY KEY (`id`);

--
-- Indexes for table `photo_gallery_descriptions`
--
ALTER TABLE `photo_gallery_descriptions`
  ADD PRIMARY KEY (`id`),
  ADD KEY `photo_gallery_descriptions_photo_gallery_id_language_id_index` (`photo_gallery_id`,`language_id`);

--
-- Indexes for table `products`
--
ALTER TABLE `products`
  ADD PRIMARY KEY (`id`);

--
-- Indexes for table `product_descriptions`
--
ALTER TABLE `product_descriptions`
  ADD PRIMARY KEY (`id`),
  ADD KEY `product_descriptions_product_id_index` (`product_id`),
  ADD KEY `product_descriptions_language_id_index` (`language_id`);

--
-- Indexes for table `services`
--
ALTER TABLE `services`
  ADD PRIMARY KEY (`id`);

--
-- Indexes for table `service_descriptions`
--
ALTER TABLE `service_descriptions`
  ADD PRIMARY KEY (`id`),
  ADD KEY `service_descriptions_service_id_index` (`service_id`),
  ADD KEY `service_descriptions_language_id_index` (`language_id`);

--
-- Indexes for table `sliders`
--
ALTER TABLE `sliders`
  ADD PRIMARY KEY (`id`);

--
-- Indexes for table `slider_descriptions`
--
ALTER TABLE `slider_descriptions`
  ADD PRIMARY KEY (`id`),
  ADD KEY `slider_descriptions_slider_id_language_id_index` (`slider_id`,`language_id`);

--
-- Indexes for table `suppliers`
--
ALTER TABLE `suppliers`
  ADD PRIMARY KEY (`id`);

--
-- Indexes for table `supplier_descriptions`
--
ALTER TABLE `supplier_descriptions`
  ADD PRIMARY KEY (`id`),
  ADD KEY `supplier_descriptions_language_id_foreign` (`language_id`),
  ADD KEY `supplier_descriptions_supplier_id_language_id_index` (`supplier_id`,`language_id`);

--
-- Indexes for table `testimonials`
--
ALTER TABLE `testimonials`
  ADD PRIMARY KEY (`id`);

--
-- Indexes for table `testimonial_descriptions`
--
ALTER TABLE `testimonial_descriptions`
  ADD PRIMARY KEY (`id`),
  ADD KEY `testimonial_descriptions_language_id_foreign` (`language_id`),
  ADD KEY `testimonial_descriptions_testimonial_id_language_id_index` (`testimonial_id`,`language_id`);

--
-- Indexes for table `user_modules`
--
ALTER TABLE `user_modules`
  ADD PRIMARY KEY (`id`),
  ADD KEY `user_modules_module_id_foreign` (`module_id`),
  ADD KEY `user_modules_user_id_module_id_index` (`user_id`,`module_id`);

--
-- Indexes for table `visitor_messages`
--
ALTER TABLE `visitor_messages`
  ADD PRIMARY KEY (`id`);

--
-- Indexes for table `visitor_message_replies`
--
ALTER TABLE `visitor_message_replies`
  ADD PRIMARY KEY (`id`),
  ADD KEY `visitor_message_replies_user_id_visitor_message_id_index` (`user_id`,`visitor_message_id`);

--
-- Indexes for table `website_visitors`
--
ALTER TABLE `website_visitors`
  ADD PRIMARY KEY (`id`);

--
-- AUTO_INCREMENT for dumped tables
--

--
-- AUTO_INCREMENT for table `articles`
--
ALTER TABLE `articles`
  MODIFY `id` bigint UNSIGNED NOT NULL AUTO_INCREMENT, AUTO_INCREMENT=6;

--
-- AUTO_INCREMENT for table `article_descriptions`
--
ALTER TABLE `article_descriptions`
  MODIFY `id` bigint UNSIGNED NOT NULL AUTO_INCREMENT, AUTO_INCREMENT=63;

--
-- AUTO_INCREMENT for table `article_photos`
--
ALTER TABLE `article_photos`
  MODIFY `id` bigint UNSIGNED NOT NULL AUTO_INCREMENT;

--
-- AUTO_INCREMENT for table `banks`
--
ALTER TABLE `banks`
  MODIFY `id` bigint UNSIGNED NOT NULL AUTO_INCREMENT, AUTO_INCREMENT=9;

--
-- AUTO_INCREMENT for table `bank_descriptions`
--
ALTER TABLE `bank_descriptions`
  MODIFY `id` bigint UNSIGNED NOT NULL AUTO_INCREMENT;

--
-- AUTO_INCREMENT for table `countries`
--
ALTER TABLE `countries`
  MODIFY `id` bigint UNSIGNED NOT NULL AUTO_INCREMENT, AUTO_INCREMENT=242;

--
-- AUTO_INCREMENT for table `country_descriptions`
--
ALTER TABLE `country_descriptions`
  MODIFY `id` bigint UNSIGNED NOT NULL AUTO_INCREMENT, AUTO_INCREMENT=485;

--
-- AUTO_INCREMENT for table `failed_jobs`
--
ALTER TABLE `failed_jobs`
  MODIFY `id` bigint UNSIGNED NOT NULL AUTO_INCREMENT;

--
-- AUTO_INCREMENT for table `gucs`
--
ALTER TABLE `gucs`
  MODIFY `id` bigint UNSIGNED NOT NULL AUTO_INCREMENT, AUTO_INCREMENT=19;

--
-- AUTO_INCREMENT for table `guc_descriptions`
--
ALTER TABLE `guc_descriptions`
  MODIFY `id` bigint UNSIGNED NOT NULL AUTO_INCREMENT, AUTO_INCREMENT=39;

--
-- AUTO_INCREMENT for table `jobs`
--
ALTER TABLE `jobs`
  MODIFY `id` bigint UNSIGNED NOT NULL AUTO_INCREMENT;

--
-- AUTO_INCREMENT for table `job_applications`
--
ALTER TABLE `job_applications`
  MODIFY `id` bigint UNSIGNED NOT NULL AUTO_INCREMENT, AUTO_INCREMENT=14;

--
-- AUTO_INCREMENT for table `landings`
--
ALTER TABLE `landings`
  MODIFY `id` bigint UNSIGNED NOT NULL AUTO_INCREMENT;

--
-- AUTO_INCREMENT for table `languages`
--
ALTER TABLE `languages`
  MODIFY `id` bigint UNSIGNED NOT NULL AUTO_INCREMENT, AUTO_INCREMENT=3;

--
-- AUTO_INCREMENT for table `mail_lists`
--
ALTER TABLE `mail_lists`
  MODIFY `id` bigint UNSIGNED NOT NULL AUTO_INCREMENT;

--
-- AUTO_INCREMENT for table `migrations`
--
ALTER TABLE `migrations`
  MODIFY `id` int UNSIGNED NOT NULL AUTO_INCREMENT, AUTO_INCREMENT=42;

--
-- AUTO_INCREMENT for table `modules`
--
ALTER TABLE `modules`
  MODIFY `id` bigint UNSIGNED NOT NULL AUTO_INCREMENT, AUTO_INCREMENT=18;

--
-- AUTO_INCREMENT for table `newsletters`
--
ALTER TABLE `newsletters`
  MODIFY `id` bigint UNSIGNED NOT NULL AUTO_INCREMENT, AUTO_INCREMENT=3;

--
-- AUTO_INCREMENT for table `occasions`
--
ALTER TABLE `occasions`
  MODIFY `id` bigint UNSIGNED NOT NULL AUTO_INCREMENT, AUTO_INCREMENT=22;

--
-- AUTO_INCREMENT for table `occasion_descriptions`
--
ALTER TABLE `occasion_descriptions`
  MODIFY `id` bigint UNSIGNED NOT NULL AUTO_INCREMENT, AUTO_INCREMENT=41;

--
-- AUTO_INCREMENT for table `pages`
--
ALTER TABLE `pages`
  MODIFY `id` bigint UNSIGNED NOT NULL AUTO_INCREMENT, AUTO_INCREMENT=8;

--
-- AUTO_INCREMENT for table `page_descriptions`
--
ALTER TABLE `page_descriptions`
  MODIFY `id` bigint UNSIGNED NOT NULL AUTO_INCREMENT, AUTO_INCREMENT=127;

--
-- AUTO_INCREMENT for table `photo_galleries`
--
ALTER TABLE `photo_galleries`
  MODIFY `id` bigint UNSIGNED NOT NULL AUTO_INCREMENT, AUTO_INCREMENT=33;

--
-- AUTO_INCREMENT for table `photo_gallery_descriptions`
--
ALTER TABLE `photo_gallery_descriptions`
  MODIFY `id` bigint UNSIGNED NOT NULL AUTO_INCREMENT, AUTO_INCREMENT=103;

--
-- AUTO_INCREMENT for table `products`
--
ALTER TABLE `products`
  MODIFY `id` bigint UNSIGNED NOT NULL AUTO_INCREMENT, AUTO_INCREMENT=12;

--
-- AUTO_INCREMENT for table `product_descriptions`
--
ALTER TABLE `product_descriptions`
  MODIFY `id` bigint UNSIGNED NOT NULL AUTO_INCREMENT, AUTO_INCREMENT=199;

--
-- AUTO_INCREMENT for table `services`
--
ALTER TABLE `services`
  MODIFY `id` bigint UNSIGNED NOT NULL AUTO_INCREMENT, AUTO_INCREMENT=8;

--
-- AUTO_INCREMENT for table `service_descriptions`
--
ALTER TABLE `service_descriptions`
  MODIFY `id` bigint UNSIGNED NOT NULL AUTO_INCREMENT, AUTO_INCREMENT=35;

--
-- AUTO_INCREMENT for table `sliders`
--
ALTER TABLE `sliders`
  MODIFY `id` bigint UNSIGNED NOT NULL AUTO_INCREMENT, AUTO_INCREMENT=7;

--
-- AUTO_INCREMENT for table `slider_descriptions`
--
ALTER TABLE `slider_descriptions`
  MODIFY `id` bigint UNSIGNED NOT NULL AUTO_INCREMENT, AUTO_INCREMENT=43;

--
-- AUTO_INCREMENT for table `suppliers`
--
ALTER TABLE `suppliers`
  MODIFY `id` bigint UNSIGNED NOT NULL AUTO_INCREMENT, AUTO_INCREMENT=12;

--
-- AUTO_INCREMENT for table `supplier_descriptions`
--
ALTER TABLE `supplier_descriptions`
  MODIFY `id` bigint UNSIGNED NOT NULL AUTO_INCREMENT, AUTO_INCREMENT=41;

--
-- AUTO_INCREMENT for table `testimonials`
--
ALTER TABLE `testimonials`
  MODIFY `id` bigint UNSIGNED NOT NULL AUTO_INCREMENT, AUTO_INCREMENT=12;

--
-- AUTO_INCREMENT for table `testimonial_descriptions`
--
ALTER TABLE `testimonial_descriptions`
  MODIFY `id` bigint UNSIGNED NOT NULL AUTO_INCREMENT, AUTO_INCREMENT=109;

--
-- AUTO_INCREMENT for table `user_modules`
--
ALTER TABLE `user_modules`
  MODIFY `id` bigint UNSIGNED NOT NULL AUTO_INCREMENT, AUTO_INCREMENT=18;

--
-- AUTO_INCREMENT for table `visitor_messages`
--
ALTER TABLE `visitor_messages`
  MODIFY `id` bigint UNSIGNED NOT NULL AUTO_INCREMENT, AUTO_INCREMENT=15;

--
-- AUTO_INCREMENT for table `visitor_message_replies`
--
ALTER TABLE `visitor_message_replies`
  MODIFY `id` bigint UNSIGNED NOT NULL AUTO_INCREMENT;

--
-- AUTO_INCREMENT for table `website_visitors`
--
ALTER TABLE `website_visitors`
  MODIFY `id` bigint UNSIGNED NOT NULL AUTO_INCREMENT, AUTO_INCREMENT=2773;

--
-- Constraints for dumped tables
--

--
-- Constraints for table `article_descriptions`
--
ALTER TABLE `article_descriptions`
  ADD CONSTRAINT `article_descriptions_article_id_foreign` FOREIGN KEY (`article_id`) REFERENCES `articles` (`id`) ON DELETE CASCADE ON UPDATE CASCADE,
  ADD CONSTRAINT `article_descriptions_language_id_foreign` FOREIGN KEY (`language_id`) REFERENCES `languages` (`id`) ON DELETE CASCADE ON UPDATE CASCADE;

--
-- Constraints for table `article_photos`
--
ALTER TABLE `article_photos`
  ADD CONSTRAINT `article_photos_article_id_foreign` FOREIGN KEY (`article_id`) REFERENCES `articles` (`id`) ON DELETE CASCADE ON UPDATE CASCADE;

--
-- Constraints for table `bank_descriptions`
--
ALTER TABLE `bank_descriptions`
  ADD CONSTRAINT `bank_descriptions_bank_id_foreign` FOREIGN KEY (`bank_id`) REFERENCES `banks` (`id`) ON DELETE CASCADE ON UPDATE CASCADE,
  ADD CONSTRAINT `bank_descriptions_language_id_foreign` FOREIGN KEY (`language_id`) REFERENCES `languages` (`id`) ON DELETE CASCADE ON UPDATE CASCADE;

--
-- Constraints for table `country_descriptions`
--
ALTER TABLE `country_descriptions`
  ADD CONSTRAINT `country_descriptions_country_id_foreign` FOREIGN KEY (`country_id`) REFERENCES `countries` (`id`) ON DELETE CASCADE;

--
-- Constraints for table `guc_descriptions`
--
ALTER TABLE `guc_descriptions`
  ADD CONSTRAINT `guc_descriptions_guc_id_foreign` FOREIGN KEY (`guc_id`) REFERENCES `gucs` (`id`) ON DELETE CASCADE ON UPDATE CASCADE,
  ADD CONSTRAINT `guc_descriptions_language_id_foreign` FOREIGN KEY (`language_id`) REFERENCES `languages` (`id`) ON DELETE CASCADE ON UPDATE CASCADE;

--
-- Constraints for table `occasion_descriptions`
--
ALTER TABLE `occasion_descriptions`
  ADD CONSTRAINT `occasion_descriptions_occasion_id_foreign` FOREIGN KEY (`occasion_id`) REFERENCES `occasions` (`id`) ON DELETE CASCADE ON UPDATE CASCADE;

--
-- Constraints for table `page_descriptions`
--
ALTER TABLE `page_descriptions`
  ADD CONSTRAINT `page_descriptions_page_id_foreign` FOREIGN KEY (`page_id`) REFERENCES `pages` (`id`) ON DELETE CASCADE;

--
-- Constraints for table `photo_gallery_descriptions`
--
ALTER TABLE `photo_gallery_descriptions`
  ADD CONSTRAINT `photo_gallery_descriptions_photo_gallery_id_foreign` FOREIGN KEY (`photo_gallery_id`) REFERENCES `photo_galleries` (`id`) ON DELETE CASCADE;

--
-- Constraints for table `product_descriptions`
--
ALTER TABLE `product_descriptions`
  ADD CONSTRAINT `product_descriptions_product_id_foreign` FOREIGN KEY (`product_id`) REFERENCES `products` (`id`) ON DELETE CASCADE ON UPDATE CASCADE;

--
-- Constraints for table `service_descriptions`
--
ALTER TABLE `service_descriptions`
  ADD CONSTRAINT `service_descriptions_service_id_foreign` FOREIGN KEY (`service_id`) REFERENCES `services` (`id`) ON DELETE CASCADE ON UPDATE CASCADE;

--
-- Constraints for table `slider_descriptions`
--
ALTER TABLE `slider_descriptions`
  ADD CONSTRAINT `slider_descriptions_slider_id_foreign` FOREIGN KEY (`slider_id`) REFERENCES `sliders` (`id`) ON DELETE CASCADE;

--
-- Constraints for table `supplier_descriptions`
--
ALTER TABLE `supplier_descriptions`
  ADD CONSTRAINT `supplier_descriptions_language_id_foreign` FOREIGN KEY (`language_id`) REFERENCES `languages` (`id`) ON DELETE CASCADE ON UPDATE CASCADE,
  ADD CONSTRAINT `supplier_descriptions_supplier_id_foreign` FOREIGN KEY (`supplier_id`) REFERENCES `suppliers` (`id`) ON DELETE CASCADE ON UPDATE CASCADE;

--
-- Constraints for table `testimonial_descriptions`
--
ALTER TABLE `testimonial_descriptions`
  ADD CONSTRAINT `testimonial_descriptions_language_id_foreign` FOREIGN KEY (`language_id`) REFERENCES `languages` (`id`) ON DELETE CASCADE ON UPDATE CASCADE,
  ADD CONSTRAINT `testimonial_descriptions_testimonial_id_foreign` FOREIGN KEY (`testimonial_id`) REFERENCES `testimonials` (`id`) ON DELETE CASCADE ON UPDATE CASCADE;

--
-- Constraints for table `user_modules`
--
ALTER TABLE `user_modules`
  ADD CONSTRAINT `user_modules_module_id_foreign` FOREIGN KEY (`module_id`) REFERENCES `modules` (`id`) ON DELETE CASCADE,
  ADD CONSTRAINT `user_modules_user_id_foreign` FOREIGN KEY (`user_id`) REFERENCES `users` (`id`) ON DELETE CASCADE;
COMMIT;

